{"id":107305,"date":"2023-10-28T10:52:13","date_gmt":"2023-10-28T08:52:13","guid":{"rendered":"https:\/\/madelinefashion.pl\/?post_type=product&#038;p=107305"},"modified":"2026-01-15T12:43:00","modified_gmt":"2026-01-15T11:43:00","slug":"plaszcz-w-krate-wiazany-classy-bezowy","status":"publish","type":"product","link":"https:\/\/madelinefashion.pl\/en\/product\/plaszcz-w-krate-wiazany-classy-bezowy\/","title":{"rendered":"Classy Beige Checked Tied Coat"},"content":{"rendered":"<h3 style=\"text-align: center;\">Classy Beige Checked Tied Coat<\/h3>\n<p style=\"text-align: center;\">This longer coat with a multicolored check pattern will perfectly complement your look on colder days. It features an oversized cut with a button closure, a collar, and functional front pockets.<br \/>\nSuitable for sizes SML XL<\/p>\n<p style=\"text-align: center;\">\u2013<\/p>\n<h3 style=\"text-align: center;\">Dimensions:<\/h3>\n<p style=\"text-align: center;\"><strong><br \/>\n<\/strong>Width from armpit to armpit: 56-63 cm<br \/>\nWaist width: 51-57 cm (can be adjusted with a belt)<br \/>\nSleeve length from the shoulder: 64 cm<br \/>\nSleeve length from armpit: 45 cm<br \/>\nOverall length: 100 cm<\/p>\n<p style=\"text-align: center;\">Dimensions may slightly differ from the given +\/- 2cm. <strong>All dimensions are measured flat - x2 dimension\u00a0<\/strong><\/p>\n<p style=\"text-align: center;\"><strong><span style=\"font-size: 10pt;\">\u00a0<\/span><\/strong><\/p>\n<table class=\"table\" width=\"618\">\n<tbody>\n<tr>\n<td width=\"302\">Model name<\/td>\n<td width=\"302\">Classy Checked Tied Coat<\/td>\n<\/tr>\n<tr>\n<td width=\"302\">Color<\/td>\n<td width=\"302\">Without<\/td>\n<\/tr>\n<tr>\n<td width=\"302\">Sizes<\/td>\n<td width=\"302\">Universal SML XL<\/td>\n<\/tr>\n<tr>\n<td width=\"302\">Fashion<\/td>\n<td width=\"302\">Matched<\/td>\n<\/tr>\n<tr>\n<td width=\"302\">Hood<\/td>\n<td width=\"302\">Without the hood<\/td>\n<\/tr>\n<tr>\n<td width=\"302\">Composition<\/td>\n<td width=\"302\">100% Polyester<\/td>\n<\/tr>\n<\/tbody>\n<\/table>\n<p style=\"text-align: center;\">The model has\u00a0<strong>169<\/strong>\u00a0cm tall, wears a size every day\u00a0<strong>S.<\/strong><\/p>\n<p style=\"text-align: center;\">Bust width 91 cm<\/p>\n<p style=\"text-align: center;\">Waist width 71 cm<\/p>\n<p style=\"text-align: center;\">Hip width 96 cm<\/p>","protected":false},"excerpt":{"rendered":"<p>P\u0142aszcz W Krat\u0119 Wi\u0105zany Classy Be\u017cowy P\u0142aszcz o d\u0142u\u017cszym fasonie w kilkukolorowy kraciasty wz\u00f3r doskonale uzupe\u0142ni looki na ch\u0142odniejsze dni. To model o oversizowym kroju z zapi\u0119ciem na guzik. Posiada ko\u0142nierz, z przodu znajduj\u0105 si\u0119 funkcjonalne kieszenie. Odpowiedni dla rozmiar\u00f3w S M L XL &#8211; Wymiary: Szeroko\u015b\u0107 od pachy do pachy: 56-63 cm Szeroko\u015b\u0107 w<\/p>\n<div class=\"klb-readmore post-buttons\"><a class=\"button black outline size-sm\" href=\"https:\/\/madelinefashion.pl\/en\/product\/plaszcz-w-krate-wiazany-classy-bezowy\/\">Read More <i class=\"klbth-icon-right-arrow\"><\/i><\/a><\/div>","protected":false},"featured_media":107299,"template":"","meta":[],"product_brand":[],"product_cat":[117,118,120,395,279],"product_tag":[],"class_list":{"0":"post-107305","1":"product","2":"type-product","3":"status-publish","4":"has-post-thumbnail","6":"product_cat-kurtki","7":"product_cat-plaszcze","8":"product_cat-plaszcze-dlugie","9":"product_cat-nowosci","10":"product_cat-plaszcze-wiosenne","11":"pa_rozmiar-s","12":"pa_rozmiar-m","13":"pa_rozmiar-l","15":"first","16":"outofstock","17":"sale","18":"purchasable","19":"product-type-simple"},"_links":{"self":[{"href":"https:\/\/madelinefashion.pl\/en\/wp-json\/wp\/v2\/product\/107305","targetHints":{"allow":["GET"]}}],"collection":[{"href":"https:\/\/madelinefashion.pl\/en\/wp-json\/wp\/v2\/product"}],"about":[{"href":"https:\/\/madelinefashion.pl\/en\/wp-json\/wp\/v2\/types\/product"}],"wp:featuredmedia":[{"embeddable":true,"href":"https:\/\/madelinefashion.pl\/en\/wp-json\/wp\/v2\/media\/107299"}],"wp:attachment":[{"href":"https:\/\/madelinefashion.pl\/en\/wp-json\/wp\/v2\/media?parent=107305"}],"wp:term":[{"taxonomy":"product_brand","embeddable":true,"href":"https:\/\/madelinefashion.pl\/en\/wp-json\/wp\/v2\/product_brand?post=107305"},{"taxonomy":"product_cat","embeddable":true,"href":"https:\/\/madelinefashion.pl\/en\/wp-json\/wp\/v2\/product_cat?post=107305"},{"taxonomy":"product_tag","embeddable":true,"href":"https:\/\/madelinefashion.pl\/en\/wp-json\/wp\/v2\/product_tag?post=107305"}],"curies":[{"name":"wp","href":"https:\/\/api.w.org\/{rel}","templated":true}]}}

<p>Płaszcz W Kratę Wiązany Classy Beżowy Płaszcz o dłuższym fasonie w kilkukolorowy kraciasty wzór doskonale uzupełni looki na chłodniejsze dni. To model o oversizowym kroju z zapięciem na guzik. Posiada kołnierz, z przodu znajdują się funkcjonalne kieszenie. Odpowiedni dla rozmiarów S M L XL &#8211; Wymiary: Szerokość od pachy do pachy: 56-63 cm Szerokość w</p>
<div class="klb-readmore post-buttons"><a class="button black outline size-sm" href="https://madelinefashion.pl/en/product/plaszcz-w-krate-wiazany-classy-bezowy/">Read More <i class="klbth-icon-right-arrow"></i></a></div>
