{"id":107593,"date":"2023-10-30T12:42:00","date_gmt":"2023-10-30T11:42:00","guid":{"rendered":"https:\/\/madelinefashion.pl\/?post_type=product&#038;p=107593"},"modified":"2026-03-01T12:58:00","modified_gmt":"2026-03-01T11:58:00","slug":"szal-lv-bialy","status":"publish","type":"product","link":"https:\/\/madelinefashion.pl\/en\/product\/szal-lv-bialy\/","title":{"rendered":"LV White Scarf"},"content":{"rendered":"<h3 style=\"text-align: center;\">LV White Scarf<\/h3>\n<div class=\"_1voj4 _z9prt _1xzdi _ai5yc _5d6n2 _15lj1\" style=\"text-align: center;\">\n<div class=\"_2d49e_5pK0q\">\n<p><strong>Elegant women&#039;s scarf<\/strong> in a fashionable design, irreplaceable during cold autumn and winter days. <strong>LV scarf<\/strong>\u00a0available in various color variants. <strong>Perfect<\/strong> goes well with various stylizations! Set made of\u00a0<strong>high-quality<\/strong> material. Soft, non-irritating and pleasant to the touch. The whole provides a sense of comfort and excellent\u00a0<strong>protection against cold<\/strong>\u00a0during unfavorable weather conditions.<\/p>\n<\/div>\n<\/div>\n<div class=\"_1voj4 _z9prt _1xzdi _ai5yc _5d6n2 _15lj1\" style=\"text-align: center;\">\n<div class=\"_4lbi0 _6kfrx _ur8qq _u5o1q _1xm8p _1agsg\">\n<div class=\"_18vat _10a7o _1yhvf _7ccvy\"><\/div>\n<\/div>\n<\/div>\n<h3 style=\"text-align: center;\">Dimensions :<\/h3>\n<p style=\"text-align: center;\"><b>Length: <\/b>174 cm<\/p>\n<p style=\"text-align: center;\"><strong>Width:<\/strong> 73.5 cm<\/p>\n<p>&nbsp;<\/p>\n<table class=\"aligncenter\" width=\"611\">\n<tbody>\n<tr>\n<td width=\"302\">Model<\/td>\n<td width=\"302\">LV scarf<\/td>\n<\/tr>\n<tr>\n<td width=\"302\">Color<\/td>\n<td width=\"302\">White<\/td>\n<\/tr>\n<tr>\n<td width=\"302\">Collection<\/td>\n<td width=\"302\">Spring \/ Fall \/ Winter<\/td>\n<\/tr>\n<tr>\n<td width=\"302\">Sizes<\/td>\n<td width=\"302\">Universal<\/td>\n<\/tr>\n<tr>\n<td width=\"302\">Production<\/td>\n<td width=\"302\">Poland<\/td>\n<\/tr>\n<\/tbody>\n<\/table>","protected":false},"excerpt":{"rendered":"<p>Szal LV Bia\u0142y Elegancki damski szal w modnym wzornictwie, niezast\u0105piony podczas ch\u0142odnych jesienno-zimowych dni. Szal LV\u00a0dost\u0119pny w r\u00f3\u017cnych wariantach kolorystycznych. Znakomicie komponuje si\u0119 z przer\u00f3\u017cnymi stylizacjami! Komplet wykonany z\u00a0wysokiej jako\u015bci materia\u0142u. Mi\u0119kki, niegryz\u0105cy i przyjemny w dotyku. Ca\u0142o\u015b\u0107 zapewnia poczucie komfortu i znakomit\u0105\u00a0ochron\u0119 przed ch\u0142odem\u00a0podczas niesprzyjaj\u0105cych warunk\u00f3w atmosferycznych. Wymiary : D\u0142ugo\u015b\u0107: 174 cm Szeroko\u015b\u0107: 73,5<\/p>\n<div class=\"klb-readmore post-buttons\"><a class=\"button black outline size-sm\" href=\"https:\/\/madelinefashion.pl\/en\/product\/szal-lv-bialy\/\">Read More <i class=\"klbth-icon-right-arrow\"><\/i><\/a><\/div>","protected":false},"featured_media":107542,"template":"","meta":[],"product_brand":[],"product_cat":[114,86],"product_tag":[],"class_list":{"0":"post-107593","1":"product","2":"type-product","3":"status-publish","4":"has-post-thumbnail","6":"product_cat-chustki-szaliki","7":"product_cat-czapki-dodatki","9":"first","10":"outofstock","11":"sale","12":"purchasable","13":"product-type-simple"},"_links":{"self":[{"href":"https:\/\/madelinefashion.pl\/en\/wp-json\/wp\/v2\/product\/107593","targetHints":{"allow":["GET"]}}],"collection":[{"href":"https:\/\/madelinefashion.pl\/en\/wp-json\/wp\/v2\/product"}],"about":[{"href":"https:\/\/madelinefashion.pl\/en\/wp-json\/wp\/v2\/types\/product"}],"wp:featuredmedia":[{"embeddable":true,"href":"https:\/\/madelinefashion.pl\/en\/wp-json\/wp\/v2\/media\/107542"}],"wp:attachment":[{"href":"https:\/\/madelinefashion.pl\/en\/wp-json\/wp\/v2\/media?parent=107593"}],"wp:term":[{"taxonomy":"product_brand","embeddable":true,"href":"https:\/\/madelinefashion.pl\/en\/wp-json\/wp\/v2\/product_brand?post=107593"},{"taxonomy":"product_cat","embeddable":true,"href":"https:\/\/madelinefashion.pl\/en\/wp-json\/wp\/v2\/product_cat?post=107593"},{"taxonomy":"product_tag","embeddable":true,"href":"https:\/\/madelinefashion.pl\/en\/wp-json\/wp\/v2\/product_tag?post=107593"}],"curies":[{"name":"wp","href":"https:\/\/api.w.org\/{rel}","templated":true}]}}

<p>Szal LV Biały Elegancki damski szal w modnym wzornictwie, niezastąpiony podczas chłodnych jesienno-zimowych dni. Szal LV dostępny w różnych wariantach kolorystycznych. Znakomicie komponuje się z przeróżnymi stylizacjami! Komplet wykonany z wysokiej jakości materiału. Miękki, niegryzący i przyjemny w dotyku. Całość zapewnia poczucie komfortu i znakomitą ochronę przed chłodem podczas niesprzyjających warunków atmosferycznych. Wymiary : Długość: 174 cm Szerokość: 73,5</p>
<div class="klb-readmore post-buttons"><a class="button black outline size-sm" href="https://madelinefashion.pl/en/product/szal-lv-bialy/">Read More <i class="klbth-icon-right-arrow"></i></a></div>
