{"id":111028,"date":"2023-11-24T11:59:31","date_gmt":"2023-11-24T10:59:31","guid":{"rendered":"https:\/\/madelinefashion.pl\/?post_type=product&#038;p=111028"},"modified":"2026-03-07T13:46:33","modified_gmt":"2026-03-07T12:46:33","slug":"sukienka-cekinowa-z-rekawem-meris-czarno-srebrna","status":"publish","type":"product","link":"https:\/\/madelinefashion.pl\/en\/product\/sukienka-cekinowa-z-rekawem-meris-czarno-srebrna\/","title":{"rendered":"Sukienka Cekinowa Z R\u0119kawem Meris Czarno Srebrna"},"content":{"rendered":"<h3 style=\"text-align: center;\">Sukienka Cekinowa Z R\u0119kawem Meris Czarno Srebrna<\/h3>\n<p style=\"text-align: center;\">Beautiful sequin dress, fitted to the body. Put it on for a special occasion and make sure that no one will pass by you indifferently. The cut of the dress is characterized by<strong> overlapping, envelope neckline <\/strong>It will look great on any figure type. The dress is fitted, with a classic pencil cut. The hemline features a decorative divider, making it unique. Pair with your favorite heels for a truly unique look. The dress is lined.\u00a0 <strong>The size is UNIVERSAL\u00a0<\/strong>\u00a0recommended for ladies wearing XS, S, M, L\u00a0<strong>,<\/strong>\u00a0but we recommend\u00a0<strong>accurate measurement\u00a0<\/strong>according to the dimension table below. Available in our e-shop in several color variants, so do not hesitate and choose the one that is perfect for you.<\/p>\n<h3 style=\"text-align: center;\">Dress dimensions<\/h3>\n<ul style=\"text-align: center;\">\n<li>total length 85 cm<\/li>\n<li>width from armpit to armpit: 43-53 cm<\/li>\n<li>waist width: 38-46 cm<\/li>\n<li>sleeve length from the shoulder: 62 cm<\/li>\n<li>sleeve length from armpit 46 cm<\/li>\n<li><\/li>\n<\/ul>\n<p style=\"text-align: center;\">Dimensions may slightly differ from the given +\/- 2cm. All dimensions given are measured flat. <strong>X2 dimension<\/strong><\/p>\n<p style=\"text-align: center;\"><strong>\u00a0<\/strong><\/p>\n<table style=\"height: 175px;\" width=\"690\">\n<tbody>\n<tr>\n<td width=\"302\">Model name<\/td>\n<td width=\"302\">Meris Sequined Sleeve Dress<\/td>\n<\/tr>\n<tr>\n<td width=\"302\">Color<\/td>\n<td width=\"302\">Czarny\/Srebrny<\/td>\n<\/tr>\n<tr>\n<td width=\"302\">Collection<\/td>\n<td width=\"302\">Fall \/ Winter \/ Spring<\/td>\n<\/tr>\n<tr>\n<td width=\"302\">Sizes<\/td>\n<td width=\"302\">Universal<\/td>\n<\/tr>\n<tr>\n<td width=\"302\">Fashion<\/td>\n<td width=\"302\">Fitted \/ Flexible<\/td>\n<\/tr>\n<tr>\n<td width=\"302\">Material<\/td>\n<td width=\"302\">100 % Polyester<\/td>\n<\/tr>\n<\/tbody>\n<\/table>\n<section class=\"page-product-box\">\n<div class=\"rte\">\n<p style=\"text-align: center;\">The model has\u00a0<strong>169<\/strong>\u00a0cm tall, wears a size every day\u00a0<strong>S.<\/strong><\/p>\n<p style=\"text-align: center;\">Bust width 91 cm<\/p>\n<p style=\"text-align: center;\">Waist width 71 cm<\/p>\n<p style=\"text-align: center;\">Hip width 96 cm<\/p>\n<p style=\"text-align: center;\">\n<\/div>\n<\/section>","protected":false},"excerpt":{"rendered":"<p>Sukienka Cekinowa Z R\u0119kawem Meris Czarno Srebrna Pi\u0119kna cekinowa sukienka, dopasowana do cia\u0142a. Za\u0142\u00f3\u017c j\u0105 na wyj\u0105tkow\u0105 okazj\u0119 i spraw, \u017ce nikt nie przejdzie obok Ciebie oboj\u0119tnie. Kr\u00f3j sukienki , kt\u00f3ry charakteryzuje przek\u0142adany, kopertowy dekolt zaprezentuje si\u0119 doskonale na ka\u017cdym typie sylwetki. Sukienka jest dopasowana, o klasycznych o\u0142\u00f3wkowym fasonie. D\u00f3\u0142 sukienki posiada ozdobn\u0105 przek\u0142adk\u0119 dzi\u0119ki<\/p>\n<div class=\"klb-readmore post-buttons\"><a class=\"button black outline size-sm\" href=\"https:\/\/madelinefashion.pl\/en\/product\/sukienka-cekinowa-z-rekawem-meris-czarno-srebrna\/\">Read More <i class=\"klbth-icon-right-arrow\"><\/i><\/a><\/div>","protected":false},"featured_media":111019,"template":"","meta":[],"product_brand":[],"product_cat":[124,395,558],"product_tag":[213,504,262],"class_list":{"0":"post-111028","1":"product","2":"type-product","3":"status-publish","4":"has-post-thumbnail","6":"product_cat-sukienki-okolicznosciowe","7":"product_cat-nowosci","8":"product_cat-sukienki-cekinowe","9":"product_tag-sukienka-czarna","10":"product_tag-party-time","11":"product_tag-sukienki-krotkie","13":"first","14":"outofstock","15":"sale","16":"purchasable","17":"product-type-simple"},"_links":{"self":[{"href":"https:\/\/madelinefashion.pl\/en\/wp-json\/wp\/v2\/product\/111028","targetHints":{"allow":["GET"]}}],"collection":[{"href":"https:\/\/madelinefashion.pl\/en\/wp-json\/wp\/v2\/product"}],"about":[{"href":"https:\/\/madelinefashion.pl\/en\/wp-json\/wp\/v2\/types\/product"}],"wp:featuredmedia":[{"embeddable":true,"href":"https:\/\/madelinefashion.pl\/en\/wp-json\/wp\/v2\/media\/111019"}],"wp:attachment":[{"href":"https:\/\/madelinefashion.pl\/en\/wp-json\/wp\/v2\/media?parent=111028"}],"wp:term":[{"taxonomy":"product_brand","embeddable":true,"href":"https:\/\/madelinefashion.pl\/en\/wp-json\/wp\/v2\/product_brand?post=111028"},{"taxonomy":"product_cat","embeddable":true,"href":"https:\/\/madelinefashion.pl\/en\/wp-json\/wp\/v2\/product_cat?post=111028"},{"taxonomy":"product_tag","embeddable":true,"href":"https:\/\/madelinefashion.pl\/en\/wp-json\/wp\/v2\/product_tag?post=111028"}],"curies":[{"name":"wp","href":"https:\/\/api.w.org\/{rel}","templated":true}]}}

Sukienka Cekinowa Z Rękawem Meris Czarno Srebrna

<h3 style="text-align: center;">Sukienka Cekinowa Z Rękawem Meris Czarno Srebrna</h3>
<p style="text-align: center;">Beautiful sequin dress, fitted to the body. Put it on for a special occasion and make sure that no one will pass by you indifferently. The cut of the dress is characterized by<strong> overlapping, envelope neckline </strong>It will look great on any figure type. The dress is fitted, with a classic pencil cut. The hemline features a decorative divider, making it unique. Pair with your favorite heels for a truly unique look. The dress is lined.  <strong>The size is UNIVERSAL </strong> recommended for ladies wearing XS, S, M, L <strong>,</strong> but we recommend <strong>accurate measurement </strong>according to the dimension table below. Available in our e-shop in several color variants, so do not hesitate and choose the one that is perfect for you.</p>
<h3 style="text-align: center;">Dress dimensions</h3>
<ul style="text-align: center;">
<li>total length 85 cm</li>
<li>width from armpit to armpit: 43-53 cm</li>
<li>waist width: 38-46 cm</li>
<li>sleeve length from the shoulder: 62 cm</li>
<li>sleeve length from armpit 46 cm</li>
<li></li>
</ul>
<p style="text-align: center;">Dimensions may slightly differ from the given +/- 2cm. All dimensions given are measured flat. <strong>X2 dimension</strong></p>
<p style="text-align: center;"><strong> </strong></p>
<table style="height: 175px;" width="690">
<tbody>
<tr>
<td width="302">Model name</td>
<td width="302">Meris Sequined Sleeve Dress</td>
</tr>
<tr>
<td width="302">Color</td>
<td width="302">Czarny/Srebrny</td>
</tr>
<tr>
<td width="302">Collection</td>
<td width="302">Fall / Winter / Spring</td>
</tr>
<tr>
<td width="302">Sizes</td>
<td width="302">Universal</td>
</tr>
<tr>
<td width="302">Fashion</td>
<td width="302">Fitted / Flexible</td>
</tr>
<tr>
<td width="302">Material</td>
<td width="302">100 % Polyester</td>
</tr>
</tbody>
</table>
<section class="page-product-box">
<div class="rte">
<p style="text-align: center;">The model has <strong>169</strong> cm tall, wears a size every day <strong>S.</strong></p>
<p style="text-align: center;">Bust width 91 cm</p>
<p style="text-align: center;">Waist width 71 cm</p>
<p style="text-align: center;">Hip width 96 cm</p>
<p style="text-align: center;">
</div>
</section>

<p>Sukienka Cekinowa Z Rękawem Meris Czarno Srebrna Piękna cekinowa sukienka, dopasowana do ciała. Załóż ją na wyjątkową okazję i spraw, że nikt nie przejdzie obok Ciebie obojętnie. Krój sukienki , który charakteryzuje przekładany, kopertowy dekolt zaprezentuje się doskonale na każdym typie sylwetki. Sukienka jest dopasowana, o klasycznych ołówkowym fasonie. Dół sukienki posiada ozdobną przekładkę dzięki</p>
<div class="klb-readmore post-buttons"><a class="button black outline size-sm" href="https://madelinefashion.pl/en/product/sukienka-cekinowa-z-rekawem-meris-czarno-srebrna/">Read More <i class="klbth-icon-right-arrow"></i></a></div>
