{"id":1376,"date":"2019-12-06T15:50:49","date_gmt":"2019-12-06T14:50:49","guid":{"rendered":"http:\/\/serwer2078743.home.pl\/?post_type=product&#038;p=1376"},"modified":"2026-03-26T12:40:51","modified_gmt":"2026-03-26T11:40:51","slug":"sweter-bialy-lv","status":"publish","type":"product","link":"https:\/\/madelinefashion.pl\/en\/product\/sweter-bialy-lv\/","title":{"rendered":"White LV sweater"},"content":{"rendered":"<h3 style=\"text-align: center;\">White LV sweater<\/h3>\n<p style=\"text-align: center;\">One size fits all recommended for people wearing S to XL<\/p>\n<p style=\"text-align: center;\"><strong>Dimensions<\/strong><\/p>\n<ul style=\"text-align: center;\">\n<li>\n<p align=\"CENTER\"><span style=\"color: #333333; font-size: 9pt;\"><span style=\"font-family: Arial, serif;\">overall length: 67 cm\u00a0<\/span><\/span><\/p>\n<\/li>\n<li>\n<p align=\"CENTER\"><span style=\"color: #333333; font-size: 9pt;\"><span style=\"font-family: Arial, serif;\">width from armpit to armpit: 49 cm -58 cm<\/span><\/span><\/p>\n<\/li>\n<li>\n<p align=\"CENTER\"><span style=\"color: #333333; font-size: 9pt;\"><span style=\"font-family: Arial, serif;\">sleeve length from the shoulder: 60 cm<\/span><\/span><\/p>\n<\/li>\n<li>\n<p align=\"CENTER\"><span style=\"color: #333333; font-size: 9pt;\"><span style=\"font-family: Arial, serif;\">sleeve length from armpit: 47 cm<\/span><\/span><\/p>\n<\/li>\n<li>\n<p align=\"CENTER\"><span style=\"color: #333333; font-size: 9pt;\"><span style=\"font-family: Arial, serif;\">recommended maximum bust circumference: 110 cm<\/span><\/span><\/p>\n<\/li>\n<\/ul>\n<h5 align=\"CENTER\">Dimensions may slightly differ from the given +\/- 2cm. All dimensions given are measured flat.<\/h5>\n<p>&nbsp;<\/p>\n<table width=\"621\">\n<tbody>\n<tr>\n<td width=\"302\">Model name<\/td>\n<td width=\"302\">LV sweater<\/td>\n<\/tr>\n<tr>\n<td width=\"302\">Color<\/td>\n<td width=\"302\">White<\/td>\n<\/tr>\n<tr>\n<td width=\"302\">Collection<\/td>\n<td width=\"302\">Autumn winter<\/td>\n<\/tr>\n<tr>\n<td width=\"302\">Sizes<\/td>\n<td width=\"302\">Universal<\/td>\n<\/tr>\n<tr>\n<td width=\"302\">Hood<\/td>\n<td width=\"302\">Without the hood<\/td>\n<\/tr>\n<tr>\n<td width=\"302\">Cleavage<\/td>\n<td width=\"302\">Lack<\/td>\n<\/tr>\n<\/tbody>\n<\/table>\n<p style=\"text-align: center;\">The model in the photos<strong> 165 cm<\/strong>, casual wears a size <strong>S.<\/strong><\/p>","protected":false},"excerpt":{"rendered":"<p>Sweter Bia\u0142y LV Rozmiar uniwersalny zalecany dla os\u00f3b nosz\u0105cych od s\u00a0do xl Wymiary d\u0142ugo\u015b\u0107 ca\u0142kowita : 67 cm\u00a0 szeroko\u015b\u0107 od pachy do pachy: 49 cm\u00a0 -58 cm d\u0142ugo\u015b\u0107 r\u0119kawa od ramienia: 60 cm d\u0142ugo\u015b\u0107 r\u0119kawa od pachy: 47 cm zalecany max obw\u00f3d w biu\u015bcie: 110 cm Wymiary mog\u0105 si\u0119 nieznacznie r\u00f3\u017cni\u0107 od podanych +\/-2cm. Wszystkie<\/p>\n<div class=\"klb-readmore post-buttons\"><a class=\"button black outline size-sm\" href=\"https:\/\/madelinefashion.pl\/en\/product\/sweter-bialy-lv\/\">Read More <i class=\"klbth-icon-right-arrow\"><\/i><\/a><\/div>","protected":false},"featured_media":20096,"template":"","meta":[],"product_brand":[],"product_cat":[78,380],"product_tag":[],"class_list":{"0":"post-1376","1":"product","2":"type-product","3":"status-publish","4":"has-post-thumbnail","6":"product_cat-swetry-damskie","7":"product_cat-wyprzedaz","9":"first","10":"instock","11":"sale","12":"purchasable","13":"product-type-simple"},"_links":{"self":[{"href":"https:\/\/madelinefashion.pl\/en\/wp-json\/wp\/v2\/product\/1376","targetHints":{"allow":["GET"]}}],"collection":[{"href":"https:\/\/madelinefashion.pl\/en\/wp-json\/wp\/v2\/product"}],"about":[{"href":"https:\/\/madelinefashion.pl\/en\/wp-json\/wp\/v2\/types\/product"}],"wp:featuredmedia":[{"embeddable":true,"href":"https:\/\/madelinefashion.pl\/en\/wp-json\/wp\/v2\/media\/20096"}],"wp:attachment":[{"href":"https:\/\/madelinefashion.pl\/en\/wp-json\/wp\/v2\/media?parent=1376"}],"wp:term":[{"taxonomy":"product_brand","embeddable":true,"href":"https:\/\/madelinefashion.pl\/en\/wp-json\/wp\/v2\/product_brand?post=1376"},{"taxonomy":"product_cat","embeddable":true,"href":"https:\/\/madelinefashion.pl\/en\/wp-json\/wp\/v2\/product_cat?post=1376"},{"taxonomy":"product_tag","embeddable":true,"href":"https:\/\/madelinefashion.pl\/en\/wp-json\/wp\/v2\/product_tag?post=1376"}],"curies":[{"name":"wp","href":"https:\/\/api.w.org\/{rel}","templated":true}]}}

<p>Sweter Biały LV Rozmiar uniwersalny zalecany dla osób noszących od s do xl Wymiary długość całkowita : 67 cm  szerokość od pachy do pachy: 49 cm  -58 cm długość rękawa od ramienia: 60 cm długość rękawa od pachy: 47 cm zalecany max obwód w biuście: 110 cm Wymiary mogą się nieznacznie różnić od podanych +/-2cm. Wszystkie</p>
<div class="klb-readmore post-buttons"><a class="button black outline size-sm" href="https://madelinefashion.pl/en/product/sweter-bialy-lv/">Read More <i class="klbth-icon-right-arrow"></i></a></div>
