{"id":1380,"date":"2019-12-06T16:09:10","date_gmt":"2019-12-06T15:09:10","guid":{"rendered":"http:\/\/serwer2078743.home.pl\/?post_type=product&#038;p=1380"},"modified":"2026-02-20T14:59:14","modified_gmt":"2026-02-20T13:59:14","slug":"sweter-paris-czarno-czerwony","status":"publish","type":"product","link":"https:\/\/madelinefashion.pl\/en\/product\/sweter-paris-czarno-czerwony\/","title":{"rendered":"Paris Black &amp; Red Sweater"},"content":{"rendered":"<h3 style=\"text-align: center;\">Black and Red Paris Sweater<\/h3>\n<p style=\"text-align: center;\">One size fits all, recommended for SML XL<\/p>\n<p style=\"text-align: center;\"><strong>Dimensions<\/strong><\/p>\n<ul>\n<li>\n<p style=\"text-align: center;\" align=\"CENTER\"><span style=\"color: #333333; font-size: 10pt;\"><span style=\"font-family: Arial, serif;\">overall length: 62 cm\u00a0<\/span><\/span><\/p>\n<\/li>\n<li style=\"text-align: center;\">\n<p align=\"CENTER\"><span style=\"color: #333333; font-size: 10pt;\"><span style=\"font-family: Arial, serif;\">width from armpit to armpit: 52-58<\/span><\/span><\/p>\n<\/li>\n<li style=\"text-align: center;\">\n<p align=\"CENTER\"><span style=\"color: #333333; font-size: 10pt;\"><span style=\"font-family: Arial, serif;\">sleeve length from the shoulder: 60 cm<\/span><\/span><\/p>\n<\/li>\n<li style=\"text-align: center;\">\n<p align=\"CENTER\"><span style=\"color: #333333; font-size: 10pt;\"><span style=\"font-family: Arial, serif;\">sleeve length from armpit: 47 cm<\/span><\/span><\/p>\n<\/li>\n<li>\n<p style=\"text-align: center;\" align=\"CENTER\"><span style=\"color: #333333; font-size: 10pt;\"><span style=\"font-family: Arial, serif;\">recommended maximum bust circumference: 116 cm<\/span><\/span><\/p>\n<\/li>\n<\/ul>\n<h6 align=\"CENTER\">Dimensions may slightly differ from the given +\/- 2cm. All dimensions given are measured flat.<\/h6>\n<p style=\"text-align: center;\"><strong>\u00a0<\/strong><\/p>\n<p>&nbsp;<\/p>\n<table>\n<tbody>\n<tr>\n<td width=\"302\">Model name<\/td>\n<td width=\"302\">Paris sweater<\/td>\n<\/tr>\n<tr>\n<td width=\"302\">Color<\/td>\n<td width=\"302\">Black - Red<\/td>\n<\/tr>\n<tr>\n<td width=\"302\">Collection<\/td>\n<td width=\"302\">Autumn winter<\/td>\n<\/tr>\n<tr>\n<td width=\"302\">Sizes<\/td>\n<td width=\"302\">Universal<\/td>\n<\/tr>\n<tr>\n<td width=\"302\">Hood<\/td>\n<td width=\"302\">Without the hood<\/td>\n<\/tr>\n<tr>\n<td width=\"302\">Cleavage<\/td>\n<td width=\"302\">Lack<\/td>\n<\/tr>\n<\/tbody>\n<\/table>\n<p>&nbsp;<\/p>\n<p style=\"text-align: center;\">Recommended for people wearing from <strong>s<\/strong>\u00a0down <strong>xl\u00a0<\/strong><\/p>\n<p style=\"text-align: center;\">The model in the photos<strong> 168 cm<\/strong>, casual wears a size <strong>S.<\/strong><\/p>","protected":false},"excerpt":{"rendered":"<p>Sweter Czarno &#8211;\u00a0Czerwony\u00a0Paris Rozmiar uniwersalny zalecany dla S M L XL Wymiary d\u0142ugo\u015b\u0107 ca\u0142kowita : 62 cm\u00a0 szeroko\u015b\u0107 od pachy do pachy: 52-58 d\u0142ugo\u015b\u0107 r\u0119kawa od ramienia: 60 cm d\u0142ugo\u015b\u0107 r\u0119kawa od pachy: 47 cm zalecany max obw\u00f3d w biu\u015bcie: 116 cm Wymiary mog\u0105 si\u0119 nieznacznie r\u00f3\u017cni\u0107 od podanych +\/-2cm. Wszystkie podane wymiary s\u0105 mierzone<\/p>\n<div class=\"klb-readmore post-buttons\"><a class=\"button black outline size-sm\" href=\"https:\/\/madelinefashion.pl\/en\/product\/sweter-paris-czarno-czerwony\/\">Read More <i class=\"klbth-icon-right-arrow\"><\/i><\/a><\/div>","protected":false},"featured_media":75124,"template":"","meta":[],"product_brand":[],"product_cat":[78],"product_tag":[],"class_list":{"0":"post-1380","1":"product","2":"type-product","3":"status-publish","4":"has-post-thumbnail","6":"product_cat-swetry-damskie","8":"first","9":"instock","10":"purchasable","11":"product-type-simple"},"_links":{"self":[{"href":"https:\/\/madelinefashion.pl\/en\/wp-json\/wp\/v2\/product\/1380","targetHints":{"allow":["GET"]}}],"collection":[{"href":"https:\/\/madelinefashion.pl\/en\/wp-json\/wp\/v2\/product"}],"about":[{"href":"https:\/\/madelinefashion.pl\/en\/wp-json\/wp\/v2\/types\/product"}],"wp:featuredmedia":[{"embeddable":true,"href":"https:\/\/madelinefashion.pl\/en\/wp-json\/wp\/v2\/media\/75124"}],"wp:attachment":[{"href":"https:\/\/madelinefashion.pl\/en\/wp-json\/wp\/v2\/media?parent=1380"}],"wp:term":[{"taxonomy":"product_brand","embeddable":true,"href":"https:\/\/madelinefashion.pl\/en\/wp-json\/wp\/v2\/product_brand?post=1380"},{"taxonomy":"product_cat","embeddable":true,"href":"https:\/\/madelinefashion.pl\/en\/wp-json\/wp\/v2\/product_cat?post=1380"},{"taxonomy":"product_tag","embeddable":true,"href":"https:\/\/madelinefashion.pl\/en\/wp-json\/wp\/v2\/product_tag?post=1380"}],"curies":[{"name":"wp","href":"https:\/\/api.w.org\/{rel}","templated":true}]}}

<p>Sweter Czarno &#8211; Czerwony Paris Rozmiar uniwersalny zalecany dla S M L XL Wymiary długość całkowita : 62 cm  szerokość od pachy do pachy: 52-58 długość rękawa od ramienia: 60 cm długość rękawa od pachy: 47 cm zalecany max obwód w biuście: 116 cm Wymiary mogą się nieznacznie różnić od podanych +/-2cm. Wszystkie podane wymiary są mierzone</p>
<div class="klb-readmore post-buttons"><a class="button black outline size-sm" href="https://madelinefashion.pl/en/product/sweter-paris-czarno-czerwony/">Read More <i class="klbth-icon-right-arrow"></i></a></div>
