{"id":19839,"date":"2021-09-24T23:00:23","date_gmt":"2021-09-24T21:00:23","guid":{"rendered":"https:\/\/madelinefashion.pl\/?post_type=product&#038;p=19839"},"modified":"2026-02-24T16:18:20","modified_gmt":"2026-02-24T15:18:20","slug":"kurtka-futerko-czarna-sanya","status":"publish","type":"product","link":"https:\/\/madelinefashion.pl\/en\/product\/kurtka-futerko-czarna-sanya\/","title":{"rendered":"Black Sanya fur jacket"},"content":{"rendered":"<h3 style=\"text-align: center;\">Black Sanya fur jacket<\/h3>\n<div style=\"text-align: center;\">\n<p>Do you want to feel stylish and fashionable? This product is for you. <strong><span lang=\"en-us\" xml:lang=\"en-us\">The phenomenal fur jacket is something for women who love bold stylizations and elegance in one. <\/span><\/strong><span lang=\"en-us\" xml:lang=\"en-us\">Perfect cut <\/span><strong><span lang=\"en-us\" xml:lang=\"en-us\">for the upcoming fall but also for the winter. <\/span><\/strong><span lang=\"en-us\" xml:lang=\"en-us\">Fur fastened with a zipper with a practical welt on the back of the jacket, thanks to which it fits perfectly to the figure. <\/span><strong><span lang=\"en-us\" xml:lang=\"en-us\">\u00a0<\/span>Fur<\/strong> fits both<strong> everyday and more elegant stylizations<\/strong>,. Zippered, has two pockets on the front. Jacket with long sleeves and a welt <span style=\"text-align: center;\">it&#039;s resolute <\/span><strong style=\"text-align: center;\">must have<\/strong><span style=\"text-align: center;\"> in every wardrobe! <\/span><span style=\"text-align: center;\">Stand out from the crowd with ours <strong>fur <\/strong>. There is no limit to your imagination, so don&#039;t hesitate and<\/span><strong style=\"text-align: center;\"> create your own styling<\/strong><span style=\"text-align: center;\">. <strong>Fur <\/strong><\/span><span style=\"text-align: center;\">\u00a0comes in size<\/span><strong style=\"text-align: center;\"> SML XL. This model is perfect for\u00a0<strong>spring, autumn.<\/strong> <\/strong><span style=\"text-align: center;\">If you have any questions, we are here to help.<\/span><\/p>\n<\/div>\n<h3 style=\"text-align: center;\">Dimensions:<\/h3>\n<p style=\"text-align: center;\"><strong>Size S \/ 36<\/strong><\/p>\n<p style=\"text-align: center;\">LENGTH 52 CM<\/p>\n<p style=\"text-align: center;\">WIDTH FROM ARMPIT TO ARMPIT: 53-54 CM x2<\/p>\n<p style=\"text-align: center;\">SLEEVE LENGTH FROM ARMPIT: 40 CM<\/p>\n<p style=\"text-align: center;\">SLEEVE LENGTH FROM THE SHOULDER: 50 CM<\/p>\n<p style=\"text-align: center;\">WIDTH AT THE BOTTOM: 46 - 60 CM<\/p>\n<p style=\"text-align: center;\"><strong>Size M \/ 38<\/strong><\/p>\n<p style=\"text-align: center;\">LENGTH 54 CM<\/p>\n<p style=\"text-align: center;\">WIDTH FROM ARMPIT TO ARMPIT: 56-57 CM x2<\/p>\n<p style=\"text-align: center;\">SLEEVE LENGTH FROM ARMPIT: 40 CM<\/p>\n<p style=\"text-align: center;\">SLEEVE LENGTH FROM THE SHOULDER: 50 CM<\/p>\n<p style=\"text-align: center;\">WIDTH AT THE BOTTOM: 49 - 63 CM<\/p>\n<p style=\"text-align: center;\"><strong>Size L \/ 40<\/strong><\/p>\n<p style=\"text-align: center;\">LENGTH 55 CM<\/p>\n<p style=\"text-align: center;\">WIDTH FROM ARMPIT TO ARMPIT: 59-60 CM x2<\/p>\n<p style=\"text-align: center;\">SLEEVE LENGTH FROM ARMPIT: 41 CM<\/p>\n<p style=\"text-align: center;\">SLEEVE LENGTH FROM THE SHOULDER: 51 CM<\/p>\n<p style=\"text-align: center;\">WIDTH AT THE BOTTOM: 51 - 62 CM<\/p>\n<p style=\"text-align: center;\">Dimensions may slightly differ from the given +\/- 2cm. All dimensions given are measured flat.<\/p>\n<p>&nbsp;<\/p>\n<h3 style=\"text-align: center;\">Characteristics:<\/h3>\n<ul>\n<li style=\"text-align: center;\">loose<\/li>\n<li style=\"text-align: center;\">fastened with a plastic zipper<\/li>\n<li style=\"text-align: center;\">oversize cut<\/li>\n<li style=\"text-align: center;\">uninsulated<\/li>\n<li style=\"text-align: center;\">with lining<\/li>\n<li style=\"text-align: center;\">pockets<\/li>\n<\/ul>\n<p>&nbsp;<\/p>\n<p>&nbsp;<\/p>\n<p style=\"text-align: center;\">The model has\u00a0<strong>169<\/strong>\u00a0cm tall, wears a size every day\u00a0<strong>S.<\/strong><\/p>\n<p style=\"text-align: center;\">Bust width 91 cm<\/p>\n<p style=\"text-align: center;\">Waist width 71 cm<\/p>\n<p style=\"text-align: center;\">Hip width 96 cm<\/p>\n<p style=\"text-align: center;\"><span style=\"font-size: 10pt;\">\u00a0<\/span><\/p>\n<p style=\"text-align: center;\">","protected":false},"excerpt":{"rendered":"<p>Kurtka Futerko Czarna Sanya Chcesz poczu\u0107 si\u0119 stylowo i modnie?\u00a0 Ten produkt jest dla Ciebie. Fenomenalna kurtka typu futerko to co\u015b dla kobiet uwielbiaj\u0105cych odwa\u017cne stylizacje i elegancj\u0119 w jednym. Idealny fason na nadchodz\u0105c\u0105 jesie\u0144 ale te\u017c na zim\u0119. Futerko zapinane na zamek z praktycznym \u015bci\u0105gaczem z ty\u0142u kurtki przez co idealnie dopasowuje si\u0119 do<\/p>\n<div class=\"klb-readmore post-buttons\"><a class=\"button black outline size-sm\" href=\"https:\/\/madelinefashion.pl\/en\/product\/kurtka-futerko-czarna-sanya\/\">Read More <i class=\"klbth-icon-right-arrow\"><\/i><\/a><\/div>","protected":false},"featured_media":108211,"template":"","meta":[],"product_brand":[],"product_cat":[117,395],"product_tag":[],"class_list":{"0":"post-19839","1":"product","2":"type-product","3":"status-publish","4":"has-post-thumbnail","6":"product_cat-kurtki","7":"product_cat-nowosci","8":"pa_rozmiar-s","9":"pa_rozmiar-m","10":"pa_rozmiar-l","11":"pa_rozmiar-xl","13":"first","14":"instock","15":"sale","16":"purchasable","17":"product-type-variable"},"_links":{"self":[{"href":"https:\/\/madelinefashion.pl\/en\/wp-json\/wp\/v2\/product\/19839","targetHints":{"allow":["GET"]}}],"collection":[{"href":"https:\/\/madelinefashion.pl\/en\/wp-json\/wp\/v2\/product"}],"about":[{"href":"https:\/\/madelinefashion.pl\/en\/wp-json\/wp\/v2\/types\/product"}],"wp:featuredmedia":[{"embeddable":true,"href":"https:\/\/madelinefashion.pl\/en\/wp-json\/wp\/v2\/media\/108211"}],"wp:attachment":[{"href":"https:\/\/madelinefashion.pl\/en\/wp-json\/wp\/v2\/media?parent=19839"}],"wp:term":[{"taxonomy":"product_brand","embeddable":true,"href":"https:\/\/madelinefashion.pl\/en\/wp-json\/wp\/v2\/product_brand?post=19839"},{"taxonomy":"product_cat","embeddable":true,"href":"https:\/\/madelinefashion.pl\/en\/wp-json\/wp\/v2\/product_cat?post=19839"},{"taxonomy":"product_tag","embeddable":true,"href":"https:\/\/madelinefashion.pl\/en\/wp-json\/wp\/v2\/product_tag?post=19839"}],"curies":[{"name":"wp","href":"https:\/\/api.w.org\/{rel}","templated":true}]}}

<p>Kurtka Futerko Czarna Sanya Chcesz poczuć się stylowo i modnie?  Ten produkt jest dla Ciebie. Fenomenalna kurtka typu futerko to coś dla kobiet uwielbiających odważne stylizacje i elegancję w jednym. Idealny fason na nadchodzącą jesień ale też na zimę. Futerko zapinane na zamek z praktycznym ściągaczem z tyłu kurtki przez co idealnie dopasowuje się do</p>
<div class="klb-readmore post-buttons"><a class="button black outline size-sm" href="https://madelinefashion.pl/en/product/kurtka-futerko-czarna-sanya/">Read More <i class="klbth-icon-right-arrow"></i></a></div>
