{"id":20004,"date":"2021-09-25T19:33:41","date_gmt":"2021-09-25T17:33:41","guid":{"rendered":"https:\/\/madelinefashion.pl\/?post_type=product&#038;p=20004"},"modified":"2026-04-10T14:43:40","modified_gmt":"2026-04-10T12:43:40","slug":"sukienka-welurowa-ze-sciagaczami-brokatowa-czarna","status":"publish","type":"product","link":"https:\/\/madelinefashion.pl\/en\/product\/sukienka-welurowa-ze-sciagaczami-brokatowa-czarna\/","title":{"rendered":"Black Brocade Velor Dress with Cuffs"},"content":{"rendered":"<h3 style=\"text-align: center;\">Black Brocade Velor Dress with Cuffs<\/h3>\n<p style=\"text-align: center;\">Our next proposal is an elegant dress in the most fashionable cut. <strong>The perfect proposition<\/strong> for parties and more elegant outings. Dress made of delicate and pleasant material - <strong>suede<\/strong>. The fitted dress has fashionable ruffles that give charm and perfectly emphasize your figure. <strong>Wrap neckline<\/strong>\u00a0 will give an additional character to the styling. The length of the dress can be adjusted by raising or lowering it with the strings sewn on the sides. Choose your perfect color and create styling with our model. <strong>Elegant velor dress<\/strong> mini with long sleeves. One size fits all recommended from<strong> XS<\/strong> down <strong>L.\u00a0<\/strong><\/p>\n<h3 style=\"text-align: center;\"><strong><br \/>\n<\/strong>Characteristics:<\/h3>\n<p style=\"text-align: center;\"><span style=\"font-size: 13.3333px;\">flexible material<\/span><br \/>\n<span style=\"font-size: 10pt;\">fitted<br \/>\n<\/span><span style=\"font-size: 13.3333px;\">mini<br \/>\nvelor<br \/>\nenvelope neckline<br \/>\nfeminine<br \/>\nglitter<\/span><\/p>\n<h3 style=\"text-align: center;\">\u00a0Dimensions:<\/h3>\n<ul style=\"text-align: center;\">\n<li><span style=\"font-size: 10pt;\">\u00a0\u00a0\u00a0\u00a0\u00a0\u00a0\u00a0 overall length: 85 cm<\/span><\/li>\n<li><span style=\"font-size: 10pt;\">\u00a0\u00a0\u00a0\u00a0\u00a0\u00a0\u00a0 width from armpit to armpit: 42-52 cm\u00a0<\/span><\/li>\n<li><span style=\"font-size: 10pt;\">sleeve length from armpit: 41 cm<\/span><\/li>\n<li><span style=\"font-size: 10pt;\">sleeve length from the shoulder: 62 cm<\/span><\/li>\n<li><span style=\"font-size: 10pt;\">\u00a0\u00a0\u00a0\u00a0\u00a0\u00a0\u00a0 waist width 28-43 cm<\/span><\/li>\n<li><span style=\"font-size: 10pt;\">\u00a0\u00a0\u00a0\u00a0\u00a0\u00a0\u00a0 recommended maximum bust circumference: 106 cm<\/span><\/li>\n<\/ul>\n<p style=\"text-align: center;\"><span style=\"font-size: 10pt;\">\u00a0<\/span><\/p>\n<p style=\"text-align: center;\">Dimensions may vary from the given +\/- 2cm. All dimensions given are measured flat. Dimension x2<\/p>\n<p style=\"text-align: center;\"><span style=\"font-size: 10pt;\"><strong>\u00a0<\/strong>\u00a0<\/span><\/p>\n<p>&nbsp;<\/p>\n<table>\n<tbody>\n<tr>\n<td width=\"302\"><span style=\"font-size: 10pt;\">Model name<\/span><\/td>\n<td width=\"302\">Velor dress with cuffs. Brocade<\/td>\n<\/tr>\n<tr>\n<td width=\"302\"><span style=\"font-size: 10pt;\">Color<\/span><\/td>\n<td width=\"302\"><span style=\"font-size: 10pt;\">Black<\/span><\/td>\n<\/tr>\n<tr>\n<td width=\"302\"><span style=\"font-size: 10pt;\">Fashion<\/span><\/td>\n<td width=\"302\"><span style=\"font-size: 10pt;\">Matched<\/span><\/td>\n<\/tr>\n<tr>\n<td width=\"302\"><span style=\"font-size: 10pt;\">Material<\/span><\/td>\n<td width=\"302\"><span style=\"font-size: 10pt;\">95% Cotton 5% Elastane<\/span><\/td>\n<\/tr>\n<tr>\n<td width=\"302\"><span style=\"font-size: 10pt;\">Length<\/span><\/td>\n<td width=\"302\"><span style=\"font-size: 13.3333px;\">Mini<\/span><\/td>\n<\/tr>\n<\/tbody>\n<\/table>\n<p style=\"text-align: center;\">\u00a0The model has\u00a0<strong>165<\/strong>\u00a0cm tall, wears a size every day\u00a0<strong>S.<\/strong><\/p>\n<div class=\"additional-details\" style=\"text-align: center;\">\n<p style=\"text-align: center;\">\n<\/div>","protected":false},"excerpt":{"rendered":"<p>Sukienka Welurowa ze \u015aci\u0105gaczami Brokatowa Czarna Nasz\u0105 kolejn\u0105 propozycj\u0105 jest elegancka sukienka w najmodniejszym fasonie. Idealna propozycja na imprezy oraz bardziej eleganckie wyj\u015bcia. Sukienka wykonana z delikatnego oraz przyjemnego materia\u0142u- zamszu.\u00a0 Sukienka dopasowana posiada modne marszczenia, kt\u00f3re nadaj\u0105 uroku i\u00a0 doskonale podkre\u015bl\u0105 Twoj\u0105 figur\u0119. Kopertowy dekolt\u00a0 nada dodatkowego charakteru stylizacji. D\u0142ugo\u015b\u0107 sukienki mo\u017cna regulowa\u0107, podwy\u017cszaj\u0105c<\/p>\n<div class=\"klb-readmore post-buttons\"><a class=\"button black outline size-sm\" href=\"https:\/\/madelinefashion.pl\/en\/product\/sukienka-welurowa-ze-sciagaczami-brokatowa-czarna\/\">Read More <i class=\"klbth-icon-right-arrow\"><\/i><\/a><\/div>","protected":false},"featured_media":20000,"template":"","meta":[],"product_brand":[],"product_cat":[125,395,560],"product_tag":[213],"class_list":{"0":"post-20004","1":"product","2":"type-product","3":"status-publish","4":"has-post-thumbnail","6":"product_cat-sukienki","7":"product_cat-nowosci","8":"product_cat-sukienki-brokatowe","9":"product_tag-sukienka-czarna","11":"first","12":"instock","13":"purchasable","14":"product-type-simple"},"_links":{"self":[{"href":"https:\/\/madelinefashion.pl\/en\/wp-json\/wp\/v2\/product\/20004","targetHints":{"allow":["GET"]}}],"collection":[{"href":"https:\/\/madelinefashion.pl\/en\/wp-json\/wp\/v2\/product"}],"about":[{"href":"https:\/\/madelinefashion.pl\/en\/wp-json\/wp\/v2\/types\/product"}],"wp:featuredmedia":[{"embeddable":true,"href":"https:\/\/madelinefashion.pl\/en\/wp-json\/wp\/v2\/media\/20000"}],"wp:attachment":[{"href":"https:\/\/madelinefashion.pl\/en\/wp-json\/wp\/v2\/media?parent=20004"}],"wp:term":[{"taxonomy":"product_brand","embeddable":true,"href":"https:\/\/madelinefashion.pl\/en\/wp-json\/wp\/v2\/product_brand?post=20004"},{"taxonomy":"product_cat","embeddable":true,"href":"https:\/\/madelinefashion.pl\/en\/wp-json\/wp\/v2\/product_cat?post=20004"},{"taxonomy":"product_tag","embeddable":true,"href":"https:\/\/madelinefashion.pl\/en\/wp-json\/wp\/v2\/product_tag?post=20004"}],"curies":[{"name":"wp","href":"https:\/\/api.w.org\/{rel}","templated":true}]}}

<p>Sukienka Welurowa ze Ściągaczami Brokatowa Czarna Naszą kolejną propozycją jest elegancka sukienka w najmodniejszym fasonie. Idealna propozycja na imprezy oraz bardziej eleganckie wyjścia. Sukienka wykonana z delikatnego oraz przyjemnego materiału- zamszu.  Sukienka dopasowana posiada modne marszczenia, które nadają uroku i  doskonale podkreślą Twoją figurę. Kopertowy dekolt  nada dodatkowego charakteru stylizacji. Długość sukienki można regulować, podwyższając</p>
<div class="klb-readmore post-buttons"><a class="button black outline size-sm" href="https://madelinefashion.pl/en/product/sukienka-welurowa-ze-sciagaczami-brokatowa-czarna/">Read More <i class="klbth-icon-right-arrow"></i></a></div>
