{"id":20655,"date":"2021-10-01T10:15:45","date_gmt":"2021-10-01T08:15:45","guid":{"rendered":"https:\/\/madelinefashion.pl\/?post_type=product&#038;p=20655"},"modified":"2026-03-09T17:01:26","modified_gmt":"2026-03-09T16:01:26","slug":"kurtka-futerko-lana-ecru","status":"publish","type":"product","link":"https:\/\/madelinefashion.pl\/en\/product\/kurtka-futerko-lana-ecru\/","title":{"rendered":"Lana Ecru Fur Jacket"},"content":{"rendered":"<h3 style=\"text-align: center;\">Lana Ecru Fur Jacket<\/h3>\n<div style=\"text-align: center;\">\n<p>Do you want to feel stylish and fashionable? This product is for you. A fur coat that fits both everyday and more elegant styles. Zippered, has pockets and a hood. A great proposition for cold days<span style=\"text-align: center;\">. It is a definite one <\/span><strong style=\"text-align: center;\">must have<\/strong><span style=\"text-align: center;\"> in every wardrobe! <\/span><span style=\"text-align: center;\">Stand out from the crowd with ours <strong>fur<\/strong> with sleeves. There is no limit to your imagination, so don&#039;t hesitate and<\/span><strong style=\"text-align: center;\"> create your own styling<\/strong><span style=\"text-align: center;\">. <strong>Lana&#039;s fur<\/strong><\/span><span style=\"text-align: center;\">\u00a0comes in size<\/span><strong style=\"text-align: center;\"> SML XL. This model is perfect for\u00a0<strong>spring, autumn.<\/strong> <\/strong><span style=\"text-align: center;\">If you have any questions, we are here to help.<\/span><\/p>\n<\/div>\n<h3 style=\"text-align: center;\">Dimensions:<\/h3>\n<p style=\"text-align: center;\"><strong>S:<\/strong><br \/>\nLENGTH 56 CM<\/p>\n<p style=\"text-align: center;\">WIDTH FROM ARMPIT TO ARMPIT 50-52 CM<\/p>\n<p style=\"text-align: center;\">SLEEVE LENGTH FROM ARMPIT 46 CM<\/p>\n<p style=\"text-align: center;\">SLEEVE LENGTH FROM THE SHOULDER 62CM<\/p>\n<p style=\"text-align: center;\"><strong>M.<\/strong><\/p>\n<p style=\"text-align: center;\">LENGTH 58 CM<\/p>\n<p style=\"text-align: center;\">WIDTH FROM ARMPIT TO ARMPIT 52-54 CM<\/p>\n<p style=\"text-align: center;\">SLEEVE LENGTH FROM ARMPIT 46 CM<\/p>\n<p style=\"text-align: center;\">SLEEVE LENGTH FROM THE SHOULDER 62CM<\/p>\n<p style=\"text-align: center;\"><strong>L.<\/strong><\/p>\n<p style=\"text-align: center;\">LENGTH 59 CM<\/p>\n<p style=\"text-align: center;\">WIDTH FROM ARMPIT TO ARMPIT 56-59 CM<\/p>\n<p style=\"text-align: center;\">SLEEVE LENGTH FROM ARMPIT 48 CM<\/p>\n<p style=\"text-align: center;\">SLEEVE LENGTH FROM THE SHOULDER 64 CM<\/p>\n<p style=\"text-align: center;\"><strong>XL<\/strong><\/p>\n<p style=\"text-align: center;\">LENGTH 61 CM<\/p>\n<p style=\"text-align: center;\">WIDTH FROM ARMPIT TO ARMPIT 58-60 CM<\/p>\n<p style=\"text-align: center;\">SLEEVE LENGTH FROM ARMPIT 48 CM<\/p>\n<p style=\"text-align: center;\">SLEEVE LENGTH FROM THE SHOULDER 64 CM<\/p>\n<p style=\"text-align: center;\">Dimensions may slightly differ from the given +\/- 2cm. All dimensions given are measured flat.<\/p>\n<table width=\"605\">\n<tbody>\n<tr>\n<td width=\"302\">Model name<\/td>\n<td width=\"302\">Lana&#039;s fur<\/td>\n<\/tr>\n<tr>\n<td width=\"302\">Color<\/td>\n<td width=\"302\">Ecru<\/td>\n<\/tr>\n<tr>\n<td width=\"302\">Sizes<\/td>\n<td width=\"302\">SML XL<\/td>\n<\/tr>\n<tr>\n<td width=\"302\">Fashion<\/td>\n<td width=\"302\">Fitted \/ slim<\/td>\n<\/tr>\n<tr>\n<td width=\"302\">Hood<\/td>\n<td width=\"302\">Yes<\/td>\n<\/tr>\n<tr>\n<td width=\"302\">Lining<\/td>\n<td width=\"302\">Yes<\/td>\n<\/tr>\n<tr>\n<td width=\"302\">Pockets<\/td>\n<td width=\"302\">Yes<\/td>\n<\/tr>\n<\/tbody>\n<\/table>\n<p>&nbsp;<\/p>\n<p style=\"text-align: center;\">The model has\u00a0<strong>169<\/strong>\u00a0cm tall, wears a size every day\u00a0<strong>S.<\/strong><\/p>\n<p style=\"text-align: center;\">Bust width 91 cm<\/p>\n<p style=\"text-align: center;\">Waist width 71 cm<\/p>\n<p style=\"text-align: center;\">Hip width 96 cm<\/p>","protected":false},"excerpt":{"rendered":"<p>Kurtka Futerko Lana Ecru Chcesz poczu\u0107 si\u0119 stylowo i modnie?\u00a0 Ten produkt jest dla Ciebie. Futerko kt\u00f3re pasuje zar\u00f3wno do codziennych jak i bardziej eleganckich stylizacji, Zapinane na zamek, posiada kieszenie i kaptur. \u015awietna propozycja na ch\u0142odne dni. Jest to zdecydowany must have w ka\u017cdej garderobie! Wyr\u00f3\u017cniaj si\u0119 z t\u0142umu z naszym futerkiem z r\u0119kawami<\/p>\n<div class=\"klb-readmore post-buttons\"><a class=\"button black outline size-sm\" href=\"https:\/\/madelinefashion.pl\/en\/product\/kurtka-futerko-lana-ecru\/\">Read More <i class=\"klbth-icon-right-arrow\"><\/i><\/a><\/div>","protected":false},"featured_media":560148,"template":"","meta":[],"product_brand":[],"product_cat":[117],"product_tag":[],"class_list":{"0":"post-20655","1":"product","2":"type-product","3":"status-publish","4":"has-post-thumbnail","6":"product_cat-kurtki","7":"pa_rozmiar-xl","8":"pa_rozmiar-s","9":"pa_rozmiar-m","10":"pa_rozmiar-l","12":"first","13":"instock","14":"sale","15":"purchasable","16":"product-type-variable"},"_links":{"self":[{"href":"https:\/\/madelinefashion.pl\/en\/wp-json\/wp\/v2\/product\/20655","targetHints":{"allow":["GET"]}}],"collection":[{"href":"https:\/\/madelinefashion.pl\/en\/wp-json\/wp\/v2\/product"}],"about":[{"href":"https:\/\/madelinefashion.pl\/en\/wp-json\/wp\/v2\/types\/product"}],"wp:featuredmedia":[{"embeddable":true,"href":"https:\/\/madelinefashion.pl\/en\/wp-json\/wp\/v2\/media\/560148"}],"wp:attachment":[{"href":"https:\/\/madelinefashion.pl\/en\/wp-json\/wp\/v2\/media?parent=20655"}],"wp:term":[{"taxonomy":"product_brand","embeddable":true,"href":"https:\/\/madelinefashion.pl\/en\/wp-json\/wp\/v2\/product_brand?post=20655"},{"taxonomy":"product_cat","embeddable":true,"href":"https:\/\/madelinefashion.pl\/en\/wp-json\/wp\/v2\/product_cat?post=20655"},{"taxonomy":"product_tag","embeddable":true,"href":"https:\/\/madelinefashion.pl\/en\/wp-json\/wp\/v2\/product_tag?post=20655"}],"curies":[{"name":"wp","href":"https:\/\/api.w.org\/{rel}","templated":true}]}}

<p>Kurtka Futerko Lana Ecru Chcesz poczuć się stylowo i modnie?  Ten produkt jest dla Ciebie. Futerko które pasuje zarówno do codziennych jak i bardziej eleganckich stylizacji, Zapinane na zamek, posiada kieszenie i kaptur. Świetna propozycja na chłodne dni. Jest to zdecydowany must have w każdej garderobie! Wyróżniaj się z tłumu z naszym futerkiem z rękawami</p>
<div class="klb-readmore post-buttons"><a class="button black outline size-sm" href="https://madelinefashion.pl/en/product/kurtka-futerko-lana-ecru/">Read More <i class="klbth-icon-right-arrow"></i></a></div>
