{"id":2669,"date":"2020-11-17T21:35:06","date_gmt":"2020-11-17T20:35:06","guid":{"rendered":"http:\/\/serwer2078743.home.pl\/?post_type=product&#038;p=2669"},"modified":"2026-04-13T14:57:37","modified_gmt":"2026-04-13T12:57:37","slug":"kardigan-versa-kaptur-rozowy","status":"publish","type":"product","link":"https:\/\/madelinefashion.pl\/en\/product\/kardigan-versa-kaptur-rozowy\/","title":{"rendered":"Cardigan with a hood Versa Powder Pink"},"content":{"rendered":"<h3 style=\"text-align: center;\">Cardigan with a hood Versa Powder Pink<\/h3>\n<p style=\"text-align: center;\"><span style=\"font-size: 10pt;\">It looks great in combination with jeans or leggings, it can replace a jacket.<\/span><\/p>\n<p style=\"text-align: center;\"><span style=\"font-size: 10pt;\">Each of us should have such a sweater in our wardrobe.<\/span><\/p>\n<p style=\"text-align: center;\"><span style=\"font-size: 10pt;\">Classic cut, unique in a casual style.<\/span><\/p>\n<p style=\"text-align: center;\"><span style=\"font-size: 10pt;\">Superb quality at the best price!<\/span><\/p>\n<p style=\"text-align: center;\"><span style=\"font-size: 10pt;\">European product, very good quality of the material.<\/span><\/p>\n<p style=\"text-align: center;\"><span style=\"font-size: 10pt;\">Perfectly fits the figure\u00a0<\/span><\/p>\n<p style=\"text-align: center;\"><strong><span style=\"font-size: 10pt;\">Cardigan perfect for any occasion<\/span><\/strong><\/p>\n<p style=\"text-align: center;\"><span style=\"font-size: 10pt;\">Perfect for school, work, a date or meeting with friends!<\/span><\/p>\n<p style=\"text-align: center;\"><span style=\"font-size: 10pt;\"><strong>Perfect for any time and occasion!<\/strong><\/span><\/p>\n<p style=\"text-align: center;\"><strong>One size fits all recommended S-XL<\/strong><\/p>\n<h3 style=\"text-align: center;\">Dimensions:<\/h3>\n<ul style=\"text-align: center;\">\n<li>Overall length: 63 cm<\/li>\n<li>Width from armpit to 55 cm<\/li>\n<li>Waist width: 55 cm<\/li>\n<li>Sleeve length from armpit: 44 cm<\/li>\n<\/ul>\n<p style=\"text-align: center;\"><span style=\"font-size: 10pt;\">Dimensions may slightly differ from the given +\/- 2cm. All dimensions given are measured flat.<\/span><\/p>\n<p style=\"text-align: center;\"><span style=\"font-size: 10pt;\"><strong>\u00a0<\/strong>\u00a0<\/span><\/p>\n<table width=\"610\">\n<tbody>\n<tr>\n<td width=\"302\">Model name<\/td>\n<td width=\"302\">Versa Hood Premium Cardigan<\/td>\n<\/tr>\n<tr>\n<td width=\"302\">Color<\/td>\n<td width=\"302\">Pink<\/td>\n<\/tr>\n<tr>\n<td width=\"302\">Sizes<\/td>\n<td width=\"302\">Universal<\/td>\n<\/tr>\n<tr>\n<td width=\"302\">Fashion<\/td>\n<td width=\"302\">Oversize<\/td>\n<\/tr>\n<tr>\n<td width=\"302\">Hood<\/td>\n<td width=\"302\">Yes<\/td>\n<\/tr>\n<tr>\n<td width=\"302\">Warmed up<\/td>\n<td width=\"302\">Uninsulated<\/td>\n<\/tr>\n<tr>\n<td width=\"302\">Material<\/td>\n<td width=\"302\">75% acrylic, 25% polyamide<\/td>\n<\/tr>\n<\/tbody>\n<\/table>\n<div class=\"additional-details\" style=\"text-align: center;\">\n<div class=\"tabs tabs-bb clear mb-80\">\n<div class=\"tab-content\">\n<div id=\"tab-description\" class=\"tab-pane fade in woocommerce-Tabs-panel--description active\">\n<div class=\"overview-buttons\">\n<div class=\"add-to-wishlist\">\n<p>\u00a0The model has\u00a0<strong>165<\/strong>\u00a0cm tall, wears a size every day\u00a0<strong>S.<\/strong><\/p>\n<\/div>\n<\/div>\n<\/div>\n<\/div>\n<\/div>\n<section class=\"up-sells upsells products mb-80\"><\/section>\n<\/div>","protected":false},"excerpt":{"rendered":"<p>Kardigan z Kapturem Versa Pudrowy R\u00f3\u017c \u015awietnie wygl\u0105da w zestawieniu z jeansami lub legginsami, mo\u017ce zast\u0105pi\u0107 marynark\u0119. Taki sweterek powinna mie\u0107 ka\u017cda z nas w swojej szafie. Fason klasyczny, unikatowy w stylu casual. Rewelacyjna jako\u015b\u0107 w najlepszej cenie ! Produkt europejski, bardzo dobra jako\u015b\u0107 materia\u0142u. Idealnie dopasowuje si\u0119 do sylwetki\u00a0 Kardigan\u00a0idealny na ka\u017cd\u0105 okazj\u0119 Idealne<\/p>\n<div class=\"klb-readmore post-buttons\"><a class=\"button black outline size-sm\" href=\"https:\/\/madelinefashion.pl\/en\/product\/kardigan-versa-kaptur-rozowy\/\">Read More <i class=\"klbth-icon-right-arrow\"><\/i><\/a><\/div>","protected":false},"featured_media":2665,"template":"","meta":[],"product_brand":[],"product_cat":[91],"product_tag":[162],"class_list":{"0":"post-2669","1":"product","2":"type-product","3":"status-publish","4":"has-post-thumbnail","6":"product_cat-kardigany-damskie","7":"product_tag-narzutka","9":"first","10":"instock","11":"purchasable","12":"product-type-simple"},"_links":{"self":[{"href":"https:\/\/madelinefashion.pl\/en\/wp-json\/wp\/v2\/product\/2669","targetHints":{"allow":["GET"]}}],"collection":[{"href":"https:\/\/madelinefashion.pl\/en\/wp-json\/wp\/v2\/product"}],"about":[{"href":"https:\/\/madelinefashion.pl\/en\/wp-json\/wp\/v2\/types\/product"}],"wp:featuredmedia":[{"embeddable":true,"href":"https:\/\/madelinefashion.pl\/en\/wp-json\/wp\/v2\/media\/2665"}],"wp:attachment":[{"href":"https:\/\/madelinefashion.pl\/en\/wp-json\/wp\/v2\/media?parent=2669"}],"wp:term":[{"taxonomy":"product_brand","embeddable":true,"href":"https:\/\/madelinefashion.pl\/en\/wp-json\/wp\/v2\/product_brand?post=2669"},{"taxonomy":"product_cat","embeddable":true,"href":"https:\/\/madelinefashion.pl\/en\/wp-json\/wp\/v2\/product_cat?post=2669"},{"taxonomy":"product_tag","embeddable":true,"href":"https:\/\/madelinefashion.pl\/en\/wp-json\/wp\/v2\/product_tag?post=2669"}],"curies":[{"name":"wp","href":"https:\/\/api.w.org\/{rel}","templated":true}]}}

<p>Kardigan z Kapturem Versa Pudrowy Róż Świetnie wygląda w zestawieniu z jeansami lub legginsami, może zastąpić marynarkę. Taki sweterek powinna mieć każda z nas w swojej szafie. Fason klasyczny, unikatowy w stylu casual. Rewelacyjna jakość w najlepszej cenie ! Produkt europejski, bardzo dobra jakość materiału. Idealnie dopasowuje się do sylwetki  Kardigan idealny na każdą okazję Idealne</p>
<div class="klb-readmore post-buttons"><a class="button black outline size-sm" href="https://madelinefashion.pl/en/product/kardigan-versa-kaptur-rozowy/">Read More <i class="klbth-icon-right-arrow"></i></a></div>
