{"id":28406,"date":"2022-01-21T13:57:59","date_gmt":"2022-01-21T12:57:59","guid":{"rendered":"https:\/\/madelinefashion.pl\/?post_type=product&#038;p=28406"},"modified":"2026-03-10T14:00:09","modified_gmt":"2026-03-10T13:00:09","slug":"kamizelka-krotka-futrzana-jasno-szara-dlugi-wlos","status":"publish","type":"product","link":"https:\/\/madelinefashion.pl\/en\/product\/kamizelka-krotka-futrzana-jasno-szara-dlugi-wlos\/","title":{"rendered":"Short Fur Vest Light Gray - Long Hair"},"content":{"rendered":"<h3 style=\"text-align: center;\">Short Fur Vest Light Gray - Long Hair<\/h3>\n<p style=\"text-align: center;\"><strong>Fur vest <\/strong>with medium length hair it <strong>the most fashionable cut this season<\/strong>. Vest made of artificial fur. Unusually <strong>warm and pleasant to the touch<\/strong>. Vest z <strong>fur coats<\/strong> suitable for both <a href=\"https:\/\/madelinefashion.pl\/en\/spodnie\/\">pants<\/a>, <a href=\"https:\/\/madelinefashion.pl\/en\/spodnice\/\">skirts<\/a> if <a href=\"https:\/\/madelinefashion.pl\/en\/sukienki-i-kombinezony\/\">dresses<\/a>. The fur vest will also perfectly match with <a href=\"https:\/\/madelinefashion.pl\/en\/swetry\/swetry-damskie\/\"><strong>sweaters<\/strong><\/a>, <a href=\"https:\/\/madelinefashion.pl\/en\/swetry\/kardigany-damskie\/\">cardigans<\/a> and most of all, it is a perfect proposition to wear on all kinds <strong><a href=\"https:\/\/madelinefashion.pl\/en\/kurtki-i-plaszcze\/kurtki\/\">jackets<\/a><\/strong>. It will blend in perfectly with ours <strong>Ramones<\/strong> e.g. a model <strong><a href=\"https:\/\/madelinefashion.pl\/en\/ramoneska-biker-czarna\/\">Biker<\/a><\/strong>which also is <strong>best seller<\/strong>. Is it <strong>the most fashionable cut this season<\/strong> - you just need one of our vests in your wardrobe for you to create <strong>timeless stylizations<\/strong>. You will use it both for going out with friends to the city and for evening styling for a party. It is a bestseller <strong>a proposal for any occasion<\/strong>. Perfect for everyday use and for a party when you want to look great and feel great at the same time. The most fashionable hit of the season and an absolute <strong>must have in your wardrobe<\/strong>to help you create <strong>casual look<\/strong> and will complete many impressive styles for the fall and early spring ones. Decide to buy\u00a0<strong>fur maxi vest<\/strong>and you won&#039;t regret it. You will surely see how much such one thing in your wardrobe can do. Available in our <a href=\"https:\/\/madelinefashion.pl\/en\/kamizelki\/\">e-shop<\/a> in few <strong>color variants and different lengths<\/strong> so don&#039;t hesitate and choose the one that&#039;s for <strong>Perfect for you<\/strong>. If you can&#039;t decide which color, the size is <strong>for<\/strong> <strong>You the best<\/strong>contact us through <strong><a href=\"https:\/\/www.facebook.com\/madelinefashionbutik\/\" target=\"_blank\" rel=\"noopener\">Facebook<\/a><\/strong> or <a href=\"https:\/\/madelinefashion.pl\/en\/kontakt\/\">phone<\/a>. Superb quality at the best price! The hairy vest will be perfect as a fashionable accessory that you will use in your stylizations! The vests have mini hooks thanks to which you can fasten the vest.<strong> Universal size recommended<\/strong> for people wearing: <strong>S, M, L, XL<\/strong><\/p>\n<p>&nbsp;<\/p>\n<h3 style=\"text-align: center;\">Vest dimensions:<\/h3>\n<ul>\n<li style=\"text-align: center;\">Total length front - 72 cm<\/li>\n<li style=\"text-align: center;\">Total length back - 72 cm<\/li>\n<li style=\"text-align: center;\">Bust - 104 cm<\/li>\n<li style=\"text-align: center;\">Waist width - 50-52 cm<\/li>\n<li style=\"text-align: center;\">Width from armpit to armpit 50-52 cm<\/li>\n<\/ul>\n<p>&nbsp;<\/p>\n<p style=\"text-align: center;\">Dimensions may slightly differ from the given +\/- 2cm. All dimensions given are measured flat.<\/p>\n<table width=\"436\">\n<tbody>\n<tr>\n<td width=\"302\">Model name<\/td>\n<td width=\"302\">Short Fur Vest<\/td>\n<\/tr>\n<tr>\n<td width=\"302\">Color<\/td>\n<td width=\"302\">GRAY<\/td>\n<\/tr>\n<tr>\n<td width=\"302\">Collection<\/td>\n<td width=\"302\">SPRING \/ AUTUMN \/ WINTER<\/td>\n<\/tr>\n<tr>\n<td width=\"302\">Size<\/td>\n<td width=\"302\">UNIVERSAL<\/td>\n<\/tr>\n<tr>\n<td width=\"302\">Fashion<\/td>\n<td width=\"302\">Oversize<\/td>\n<\/tr>\n<tr>\n<td width=\"302\">Hood<\/td>\n<td width=\"302\">Without the hood<\/td>\n<\/tr>\n<tr>\n<td width=\"302\">Warming<\/td>\n<td width=\"302\">Lining<\/td>\n<\/tr>\n<tr>\n<td width=\"302\">Material<\/td>\n<td width=\"302\">100% polyester<\/td>\n<\/tr>\n<\/tbody>\n<\/table>\n<p>&nbsp;<\/p>\n<p>&nbsp;<\/p>\n<p style=\"text-align: center;\"><strong>MODEL 168 cm - SIZE S<\/strong><\/p>\n<p style=\"text-align: center;\">","protected":false},"excerpt":{"rendered":"<p>Kamizelka Kr\u00f3tka Futrzana Jasno Szara &#8211; D\u0142ugi W\u0142os Kamizelka Futrzana z \u015bredniej d\u0142ugo\u015bci w\u0142osem\u00a0to najmodniejszy fason w tym sezonie. Kamizelka wykonana ze sztucznego futerka. Niezwykle ciep\u0142a i przyjemna w dotyku. Kamizelka z futra nadaje si\u0119 zar\u00f3wno do spodni, sp\u00f3dnic czy sukienek. Bezr\u0119kawnik z futerka idealnie b\u0119dzie komponowa\u0107 si\u0119 r\u00f3wnie\u017c ze swetrami, kardiganami a przede wszystkim<\/p>\n<div class=\"klb-readmore post-buttons\"><a class=\"button black outline size-sm\" href=\"https:\/\/madelinefashion.pl\/en\/product\/kamizelka-krotka-futrzana-jasno-szara-dlugi-wlos\/\">Read More <i class=\"klbth-icon-right-arrow\"><\/i><\/a><\/div>","protected":false},"featured_media":28402,"template":"","meta":[],"product_brand":[],"product_cat":[79],"product_tag":[160],"class_list":{"0":"post-28406","1":"product","2":"type-product","3":"status-publish","4":"has-post-thumbnail","6":"product_cat-kamizelki","7":"product_tag-kamizelki-futrzane","9":"first","10":"instock","11":"sale","12":"purchasable","13":"product-type-simple"},"_links":{"self":[{"href":"https:\/\/madelinefashion.pl\/en\/wp-json\/wp\/v2\/product\/28406","targetHints":{"allow":["GET"]}}],"collection":[{"href":"https:\/\/madelinefashion.pl\/en\/wp-json\/wp\/v2\/product"}],"about":[{"href":"https:\/\/madelinefashion.pl\/en\/wp-json\/wp\/v2\/types\/product"}],"wp:featuredmedia":[{"embeddable":true,"href":"https:\/\/madelinefashion.pl\/en\/wp-json\/wp\/v2\/media\/28402"}],"wp:attachment":[{"href":"https:\/\/madelinefashion.pl\/en\/wp-json\/wp\/v2\/media?parent=28406"}],"wp:term":[{"taxonomy":"product_brand","embeddable":true,"href":"https:\/\/madelinefashion.pl\/en\/wp-json\/wp\/v2\/product_brand?post=28406"},{"taxonomy":"product_cat","embeddable":true,"href":"https:\/\/madelinefashion.pl\/en\/wp-json\/wp\/v2\/product_cat?post=28406"},{"taxonomy":"product_tag","embeddable":true,"href":"https:\/\/madelinefashion.pl\/en\/wp-json\/wp\/v2\/product_tag?post=28406"}],"curies":[{"name":"wp","href":"https:\/\/api.w.org\/{rel}","templated":true}]}}

<p>Kamizelka Krótka Futrzana Jasno Szara &#8211; Długi Włos Kamizelka Futrzana z średniej długości włosem to najmodniejszy fason w tym sezonie. Kamizelka wykonana ze sztucznego futerka. Niezwykle ciepła i przyjemna w dotyku. Kamizelka z futra nadaje się zarówno do spodni, spódnic czy sukienek. Bezrękawnik z futerka idealnie będzie komponować się również ze swetrami, kardiganami a przede wszystkim</p>
<div class="klb-readmore post-buttons"><a class="button black outline size-sm" href="https://madelinefashion.pl/en/product/kamizelka-krotka-futrzana-jasno-szara-dlugi-wlos/">Read More <i class="klbth-icon-right-arrow"></i></a></div>
