{"id":3453,"date":"2020-12-02T18:12:11","date_gmt":"2020-12-02T17:12:11","guid":{"rendered":"https:\/\/madelinefashion.pl\/?post_type=product&#038;p=3453"},"modified":"2026-03-26T12:40:49","modified_gmt":"2026-03-26T11:40:49","slug":"kurtka-granatowa-chain-z-futerkiem","status":"publish","type":"product","link":"https:\/\/madelinefashion.pl\/en\/product\/kurtka-granatowa-chain-z-futerkiem\/","title":{"rendered":"NAVY CHAIN JACKET WITH FUR"},"content":{"rendered":"<h3 style=\"text-align: center;\">NAVY CHAIN JACKET WITH FUR<\/h3>\n<p style=\"text-align: center;\"><strong>Jacket<\/strong> navy blue Chain<strong>\u00a0<\/strong>is one of our proposals for the coming colder days. It can be used in any styling, both for classic jeans, white t-shirt for everyday outings. It is a definite one <strong>must have<\/strong> in every wardrobe! The jacket has a zipper and pockets on both sides are additionally decorated <strong>chain<\/strong> finished with fur. The fur on the hood is sewn permanently. It is also possible to detach the entire hood. This model is perfect for <strong>spring, autumn - for cooler days.<\/strong> Thanks to carefully selected accessories, you can easily create unique stylizations for social events or celebrations. Stand out from the crowd with our jacket. The jacket comes in size<strong> M L XL.<br \/>\n<\/strong><\/p>\n<h2 style=\"text-align: center;\">Dimensions:<\/h2>\n<p style=\"text-align: center;\"><strong>M.<br \/>\n<\/strong>Width from armpit to armpit: 44\/55 cm<br \/>\nSleeve length from the shoulder: 57 cm<br \/>\nSleeve length from armpit: 46 cm<br \/>\nOverall length: 56 cm<\/p>\n<p style=\"text-align: center;\"><strong>L.<br \/>\n<\/strong>Width from armpit to armpit: 45\/46 cm<br \/>\nSleeve length from the shoulder: 58 cm<br \/>\nSleeve length from armpit: 47 cm<br \/>\nOverall length: 57 cm<br \/>\n<strong><br \/>\nXL<\/strong><br \/>\nWidth from armpit to armpit: 47\/48 cm<br \/>\nSleeve length from the shoulder: 59 cm<br \/>\nSleeve length from armpit: 48 cm<br \/>\nOverall length: 57 cm<\/p>\n<p style=\"text-align: center;\">Dimensions may slightly differ from the given +\/- 2cm. All dimensions given are measured flat.<\/p>\n<p style=\"text-align: center;\"><span style=\"font-size: 10pt;\">\u00a0<\/span><\/p>\n<p style=\"text-align: center;\"><span style=\"font-size: 10pt;\"><strong>MODEL 168 cm - SIZE S \/ M<\/strong><\/span><\/p>\n<p style=\"text-align: center;\"><span style=\"font-size: 10pt;\">\u00a0<\/span><\/p>\n<p style=\"text-align: center;\">","protected":false},"excerpt":{"rendered":"<p>KURTKA GRANATOWA CHAIN Z FUTERKIEM Kurtka granatowa Chain\u00a0to jedna z naszych propozycji na nadchodz\u0105ce ch\u0142odniejsze dni. Mo\u017cna j\u0105 wykorzysta\u0107 w ka\u017cdej stylizacji, zar\u00f3wno do klasycznych jeans\u00f3w, bia\u0142ego t-shirtu na codzienne wyj\u015bcia.\u00a0Jest to zdecydowany must have w ka\u017cdej garderobie!\u00a0Kurtka posiada zamek b\u0142yskawiczny i kieszenie po obu stronach dodatkowo zdobiona jest \u0142a\u0144cuszkiem zako\u0144czonym futrem. Futro na kapturze<\/p>\n<div class=\"klb-readmore post-buttons\"><a class=\"button black outline size-sm\" href=\"https:\/\/madelinefashion.pl\/en\/product\/kurtka-granatowa-chain-z-futerkiem\/\">Read More <i class=\"klbth-icon-right-arrow\"><\/i><\/a><\/div>","protected":false},"featured_media":3452,"template":"","meta":[],"product_brand":[],"product_cat":[117,380],"product_tag":[508],"class_list":{"0":"post-3453","1":"product","2":"type-product","3":"status-publish","4":"has-post-thumbnail","6":"product_cat-kurtki","7":"product_cat-wyprzedaz","8":"product_tag-kurtka-zimowa","9":"pa_rozmiar-l","10":"pa_rozmiar-xl","12":"first","13":"instock","14":"sale","15":"purchasable","16":"product-type-variable"},"_links":{"self":[{"href":"https:\/\/madelinefashion.pl\/en\/wp-json\/wp\/v2\/product\/3453","targetHints":{"allow":["GET"]}}],"collection":[{"href":"https:\/\/madelinefashion.pl\/en\/wp-json\/wp\/v2\/product"}],"about":[{"href":"https:\/\/madelinefashion.pl\/en\/wp-json\/wp\/v2\/types\/product"}],"wp:featuredmedia":[{"embeddable":true,"href":"https:\/\/madelinefashion.pl\/en\/wp-json\/wp\/v2\/media\/3452"}],"wp:attachment":[{"href":"https:\/\/madelinefashion.pl\/en\/wp-json\/wp\/v2\/media?parent=3453"}],"wp:term":[{"taxonomy":"product_brand","embeddable":true,"href":"https:\/\/madelinefashion.pl\/en\/wp-json\/wp\/v2\/product_brand?post=3453"},{"taxonomy":"product_cat","embeddable":true,"href":"https:\/\/madelinefashion.pl\/en\/wp-json\/wp\/v2\/product_cat?post=3453"},{"taxonomy":"product_tag","embeddable":true,"href":"https:\/\/madelinefashion.pl\/en\/wp-json\/wp\/v2\/product_tag?post=3453"}],"curies":[{"name":"wp","href":"https:\/\/api.w.org\/{rel}","templated":true}]}}

<p>KURTKA GRANATOWA CHAIN Z FUTERKIEM Kurtka granatowa Chain to jedna z naszych propozycji na nadchodzące chłodniejsze dni. Można ją wykorzystać w każdej stylizacji, zarówno do klasycznych jeansów, białego t-shirtu na codzienne wyjścia. Jest to zdecydowany must have w każdej garderobie! Kurtka posiada zamek błyskawiczny i kieszenie po obu stronach dodatkowo zdobiona jest łańcuszkiem zakończonym futrem. Futro na kapturze</p>
<div class="klb-readmore post-buttons"><a class="button black outline size-sm" href="https://madelinefashion.pl/en/product/kurtka-granatowa-chain-z-futerkiem/">Read More <i class="klbth-icon-right-arrow"></i></a></div>
