{"id":41240,"date":"2022-05-25T18:11:46","date_gmt":"2022-05-25T16:11:46","guid":{"rendered":"https:\/\/madelinefashion.pl\/?post_type=product&#038;p=41240"},"modified":"2026-01-15T12:43:16","modified_gmt":"2026-01-15T11:43:16","slug":"kurtka-krotka-katana-jeansowa-dwukolorowa-daysie","status":"publish","type":"product","link":"https:\/\/madelinefashion.pl\/en\/product\/kurtka-krotka-katana-jeansowa-dwukolorowa-daysie\/","title":{"rendered":"Daysie Two-Color Short Denim Katana Jacket"},"content":{"rendered":"<h3 style=\"text-align: center;\">Daysie Two-Color Short Denim Katana Jacket<\/h3>\n<p style=\"text-align: center;\"><strong>Daysie Two-Color Short Denim Katana Jacket<\/strong> Katana denim jacket is a perfect proposition for the coming spring. Oversized jacket, waist-length. An extremely fashionable proposition, it has two pockets and decorative abrasions. At the bottom, it is finished with a fashionable tugging. Fastened with buttons, it fits most everyday styling. Katana is perfect for tops, t-shirts, leggings, pants - it is a very universal model that comes in size<b> M, L, XL.\u00a0<\/b><\/p>\n<h3 style=\"text-align: center;\">Dimensions:<\/h3>\n<p style=\"text-align: center;\"><b>S \/ 36<\/b><\/p>\n<p style=\"text-align: center;\">Total length - 40 cm<\/p>\n<p style=\"text-align: center;\">Width from armpit to armpit - 40-45 cm<\/p>\n<p style=\"text-align: center;\">Sleeve length from shoulder - 58 cm<\/p>\n<p style=\"text-align: center;\">Sleeve length from armpit - 47 cm<\/p>\n<p style=\"text-align: center;\">Width at the bottom - 42-44 cm<\/p>\n<p style=\"text-align: center;\"><b>M \/ 38<\/b><\/p>\n<p style=\"text-align: center;\">Total length - 41 cm<\/p>\n<p style=\"text-align: center;\">Width from armpit to armpit - 45-47 cm<\/p>\n<p style=\"text-align: center;\">Sleeve length from shoulder - 60 cm<\/p>\n<p style=\"text-align: center;\">Sleeve length from armpit - 48 cm<\/p>\n<p style=\"text-align: center;\">Width at the bottom - 45-47 cm<\/p>\n<p style=\"text-align: center;\"><b>L \/ 40<\/b><\/p>\n<p style=\"text-align: center;\">Total length - 42cm<\/p>\n<p style=\"text-align: center;\">Width from armpit to armpit - 48-50 cm<\/p>\n<p style=\"text-align: center;\">Sleeve length from shoulder - 60 cm<\/p>\n<p style=\"text-align: center;\">Sleeve length from armpit - 48 cm<\/p>\n<p style=\"text-align: center;\">Width at the bottom - 48-52 cm<\/p>\n<p style=\"text-align: center;\"><b>XL \/ 42<\/b><\/p>\n<p style=\"text-align: center;\">Total length - 44 cm<\/p>\n<p style=\"text-align: center;\">Width from armpit to armpit - 49-51 cm<\/p>\n<p style=\"text-align: center;\">Sleeve length from shoulder - 60 cm<\/p>\n<p style=\"text-align: center;\">Sleeve length from armpit - 50 cm<\/p>\n<p style=\"text-align: center;\">Width at the bottom - 50-52 cm<\/p>\n<p>&nbsp;<\/p>\n<p style=\"text-align: center;\">Dimensions may slightly differ from the given +\/- 2cm. All dimensions are provided <strong>measured flat<\/strong>.\u00a0<strong>X2 dimension<\/strong><\/p>\n<p>&nbsp;<\/p>\n<table width=\"605\">\n<tbody>\n<tr>\n<td width=\"302\">Model name<\/td>\n<td width=\"302\">Katana Stars Short Denim Jacket Stars<\/td>\n<\/tr>\n<tr>\n<td width=\"302\">Color<\/td>\n<td width=\"302\">Jeans<\/td>\n<\/tr>\n<tr>\n<td width=\"302\">Sizes<\/td>\n<td width=\"302\">SML XL<\/td>\n<\/tr>\n<tr>\n<td width=\"302\">Collection<\/td>\n<td width=\"302\">Spring Summer Autumn Winter<\/td>\n<\/tr>\n<tr>\n<td width=\"302\">Hood<\/td>\n<td width=\"302\">Not<\/td>\n<\/tr>\n<tr>\n<td width=\"302\">Quality<\/td>\n<td width=\"302\">Premium<\/td>\n<\/tr>\n<tr>\n<td width=\"302\">Fastening<\/td>\n<td width=\"302\">Buttons<\/td>\n<\/tr>\n<\/tbody>\n<\/table>\n<p>&nbsp;<\/p>\n<p style=\"text-align: center;\">The model has\u00a0<strong>169<\/strong>\u00a0cm tall, wears a size every day\u00a0<strong>S.<\/strong><\/p>\n<p style=\"text-align: center;\">The width at the bust is 92 cm<\/p>\n<p style=\"text-align: center;\">Waist width 62 cm<\/p>\n<p style=\"text-align: center;\">The width at the hips is 94 cm<\/p>\n<p>&nbsp;<\/p>\n<p style=\"text-align: center;\"><span style=\"font-size: 10pt;\">\u00a0<\/span><\/p>\n<p style=\"text-align: center;\">","protected":false},"excerpt":{"rendered":"<p>Kurtka Kr\u00f3tka Katana Jeansowa Dwukolorowa Daysie Kurtka Kr\u00f3tka Katana Jeansowa Dwukolorowa Daysie Katana kurtka jeansowa to idealna propozycja na nadchodz\u0105c\u0105 wiosn\u0119. Kurtka o kroju oversize, do okolic pasa. Niezwykle modna propozycja, posiada dwie kieszenie oraz ozdobne przetarcia. Na dole zako\u0144czona modnym szarpaniem. Zapinana na guziki, pasuje do wi\u0119kszo\u015bci stylizacji codziennych. Katana idealnie sprawdzi si\u0119 do<\/p>\n<div class=\"klb-readmore post-buttons\"><a class=\"button black outline size-sm\" href=\"https:\/\/madelinefashion.pl\/en\/product\/kurtka-krotka-katana-jeansowa-dwukolorowa-daysie\/\">Read More <i class=\"klbth-icon-right-arrow\"><\/i><\/a><\/div>","protected":false},"featured_media":41172,"template":"","meta":[],"product_brand":[],"product_cat":[117,395],"product_tag":[240,507],"class_list":{"0":"post-41240","1":"product","2":"type-product","3":"status-publish","4":"has-post-thumbnail","6":"product_cat-kurtki","7":"product_cat-nowosci","8":"product_tag-jeans","9":"product_tag-kurtka-jeansowa","10":"pa_rozmiar-s","11":"pa_rozmiar-m","12":"pa_rozmiar-l","13":"pa_rozmiar-xl","15":"first","16":"instock","17":"sale","18":"purchasable","19":"product-type-variable"},"_links":{"self":[{"href":"https:\/\/madelinefashion.pl\/en\/wp-json\/wp\/v2\/product\/41240","targetHints":{"allow":["GET"]}}],"collection":[{"href":"https:\/\/madelinefashion.pl\/en\/wp-json\/wp\/v2\/product"}],"about":[{"href":"https:\/\/madelinefashion.pl\/en\/wp-json\/wp\/v2\/types\/product"}],"wp:featuredmedia":[{"embeddable":true,"href":"https:\/\/madelinefashion.pl\/en\/wp-json\/wp\/v2\/media\/41172"}],"wp:attachment":[{"href":"https:\/\/madelinefashion.pl\/en\/wp-json\/wp\/v2\/media?parent=41240"}],"wp:term":[{"taxonomy":"product_brand","embeddable":true,"href":"https:\/\/madelinefashion.pl\/en\/wp-json\/wp\/v2\/product_brand?post=41240"},{"taxonomy":"product_cat","embeddable":true,"href":"https:\/\/madelinefashion.pl\/en\/wp-json\/wp\/v2\/product_cat?post=41240"},{"taxonomy":"product_tag","embeddable":true,"href":"https:\/\/madelinefashion.pl\/en\/wp-json\/wp\/v2\/product_tag?post=41240"}],"curies":[{"name":"wp","href":"https:\/\/api.w.org\/{rel}","templated":true}]}}

<p>Kurtka Krótka Katana Jeansowa Dwukolorowa Daysie Kurtka Krótka Katana Jeansowa Dwukolorowa Daysie Katana kurtka jeansowa to idealna propozycja na nadchodzącą wiosnę. Kurtka o kroju oversize, do okolic pasa. Niezwykle modna propozycja, posiada dwie kieszenie oraz ozdobne przetarcia. Na dole zakończona modnym szarpaniem. Zapinana na guziki, pasuje do większości stylizacji codziennych. Katana idealnie sprawdzi się do</p>
<div class="klb-readmore post-buttons"><a class="button black outline size-sm" href="https://madelinefashion.pl/en/product/kurtka-krotka-katana-jeansowa-dwukolorowa-daysie/">Read More <i class="klbth-icon-right-arrow"></i></a></div>
