{"id":41268,"date":"2022-05-25T18:50:23","date_gmt":"2022-05-25T16:50:23","guid":{"rendered":"https:\/\/madelinefashion.pl\/?post_type=product&#038;p=41268"},"modified":"2025-10-14T12:11:47","modified_gmt":"2025-10-14T10:11:47","slug":"spodniczka-rozkloszowana-w-kwiatki-czarna","status":"publish","type":"product","link":"https:\/\/madelinefashion.pl\/en\/product\/spodniczka-rozkloszowana-w-kwiatki-czarna\/","title":{"rendered":"Black Flower Flared Skirt"},"content":{"rendered":"<h3 style=\"text-align: center;\">Black Flower Flared Skirt<\/h3>\n<h2 style=\"text-align: center;\"><span style=\"font-size: 10pt;\">Delicate mini skirt with frills. The fine pattern will suit any outfit.<\/span><\/h2>\n<p style=\"text-align: center;\"><span style=\"font-size: 10pt;\">* frills<\/span><br \/>\n<span style=\"font-size: 10pt;\">* elastic waist<\/span><\/p>\n<p style=\"text-align: center;\"><span style=\"font-size: 10pt;\">\u00a0<\/span><\/p>\n<h3 style=\"text-align: center;\">\u00a0 \u00a0 \u00a0Dimensions<\/h3>\n<ul style=\"text-align: center;\">\n<li><span style=\"font-size: 10pt;\">waist width: 33-48 cm<\/span><\/li>\n<li><span style=\"font-size: 10pt;\">overall length: 43 cm\u00a0<\/span><\/li>\n<li><span style=\"font-size: 10pt;\">hip width: 52<\/span><\/li>\n<li><span style=\"font-size: 10pt;\">recommended maximum bust circumference: 96<\/span><\/li>\n<\/ul>\n<p style=\"text-align: center;\"><span style=\"font-size: 10pt;\">Dimensions may slightly differ from the given +\/- 2cm. All dimensions given are measured flat.<\/span><\/p>\n<p style=\"text-align: center;\"><span style=\"font-size: 10pt;\">\u00a0<\/span><\/p>\n<p style=\"text-align: center;\"><span style=\"font-size: 10pt;\">\u00a0<\/span><\/p>\n<table>\n<tbody>\n<tr>\n<td width=\"302\">Model name<\/td>\n<td width=\"302\">Flared skirt in flowers<\/td>\n<\/tr>\n<tr>\n<td width=\"302\">Color<\/td>\n<td width=\"302\">Black<\/td>\n<\/tr>\n<tr>\n<td width=\"302\">Sizes<\/td>\n<td width=\"302\">Universal<\/td>\n<\/tr>\n<tr>\n<td width=\"302\">Fashion<\/td>\n<td width=\"302\">Oversize<\/td>\n<\/tr>\n<tr>\n<td width=\"302\">Material<\/td>\n<td width=\"302\">100 % Polyester<\/td>\n<\/tr>\n<\/tbody>\n<\/table>\n<p style=\"text-align: center;\"><span style=\"font-size: 10pt;\">\u00a0<\/span><\/p>\n<p style=\"text-align: center;\">The model has\u00a0<strong>169<\/strong>\u00a0cm tall, wears a size every day\u00a0<strong>S.<\/strong><\/p>\n<p style=\"text-align: center;\">The width at the bust is 92 cm<\/p>\n<p style=\"text-align: center;\">Waist width 62 cm<\/p>\n<p style=\"text-align: center;\">The width at the hips is 94 cm<\/p>\n<p style=\"text-align: center;\">","protected":false},"excerpt":{"rendered":"<p>Sp\u00f3dniczka Rozkloszowana w Kwiatki Czarna Delikatna sp\u00f3dniczka z falbanami o d\u0142ugo\u015bci mini. Drobny wz\u00f3r\u00a0 b\u0119dzie pasowa\u0107 do ka\u017cdej stylizacji. * falbanki * gumka w talii \u00a0 \u00a0 \u00a0 \u00a0Wymiary szeroko\u015b\u0107 w pasie:\u00a0\u00a0 33-48 cm d\u0142ugo\u015b\u0107 ca\u0142kowita : 43 cm\u00a0 szeroko\u015b\u0107 biodra : 52 zalecany max obw\u00f3d w biu\u015bcie: 96 Wymiary mog\u0105 si\u0119 nieznacznie r\u00f3\u017cni\u0107 od<\/p>\n<div class=\"klb-readmore post-buttons\"><a class=\"button black outline size-sm\" href=\"https:\/\/madelinefashion.pl\/en\/product\/spodniczka-rozkloszowana-w-kwiatki-czarna\/\">Read More <i class=\"klbth-icon-right-arrow\"><\/i><\/a><\/div>","protected":false},"featured_media":41236,"template":"","meta":[],"product_brand":[],"product_cat":[121],"product_tag":[],"class_list":{"0":"post-41268","1":"product","2":"type-product","3":"status-publish","4":"has-post-thumbnail","6":"product_cat-mini","8":"first","9":"instock","10":"purchasable","11":"product-type-simple"},"_links":{"self":[{"href":"https:\/\/madelinefashion.pl\/en\/wp-json\/wp\/v2\/product\/41268","targetHints":{"allow":["GET"]}}],"collection":[{"href":"https:\/\/madelinefashion.pl\/en\/wp-json\/wp\/v2\/product"}],"about":[{"href":"https:\/\/madelinefashion.pl\/en\/wp-json\/wp\/v2\/types\/product"}],"wp:featuredmedia":[{"embeddable":true,"href":"https:\/\/madelinefashion.pl\/en\/wp-json\/wp\/v2\/media\/41236"}],"wp:attachment":[{"href":"https:\/\/madelinefashion.pl\/en\/wp-json\/wp\/v2\/media?parent=41268"}],"wp:term":[{"taxonomy":"product_brand","embeddable":true,"href":"https:\/\/madelinefashion.pl\/en\/wp-json\/wp\/v2\/product_brand?post=41268"},{"taxonomy":"product_cat","embeddable":true,"href":"https:\/\/madelinefashion.pl\/en\/wp-json\/wp\/v2\/product_cat?post=41268"},{"taxonomy":"product_tag","embeddable":true,"href":"https:\/\/madelinefashion.pl\/en\/wp-json\/wp\/v2\/product_tag?post=41268"}],"curies":[{"name":"wp","href":"https:\/\/api.w.org\/{rel}","templated":true}]}}

<p>Spódniczka Rozkloszowana w Kwiatki Czarna Delikatna spódniczka z falbanami o długości mini. Drobny wzór  będzie pasować do każdej stylizacji. * falbanki * gumka w talii        Wymiary szerokość w pasie:   33-48 cm długość całkowita : 43 cm  szerokość biodra : 52 zalecany max obwód w biuście: 96 Wymiary mogą się nieznacznie różnić od</p>
<div class="klb-readmore post-buttons"><a class="button black outline size-sm" href="https://madelinefashion.pl/en/product/spodniczka-rozkloszowana-w-kwiatki-czarna/">Read More <i class="klbth-icon-right-arrow"></i></a></div>
