{"id":5007,"date":"2021-02-09T17:23:30","date_gmt":"2021-02-09T16:23:30","guid":{"rendered":"https:\/\/madelinefashion.pl\/?post_type=product&#038;p=5007"},"modified":"2026-04-08T14:03:42","modified_gmt":"2026-04-08T12:03:42","slug":"plaszcz-andera-jasno-szary","status":"publish","type":"product","link":"https:\/\/madelinefashion.pl\/en\/product\/plaszcz-andera-jasno-szary\/","title":{"rendered":"Ander Coat Light Gray"},"content":{"rendered":"<h3 style=\"text-align: center;\">Ander Coat Light Gray<\/h3>\n<p style=\"text-align: center;\"><strong>Ander Coat Light Gray<\/strong> buttoned lining is real <strong>season hit<\/strong>. It is a combination of elegance, modernity and functionality - the gray coat fits into every figure and styling. The gray coat is universal - it is suitable for any occasion, <strong>it will be perfect at any time of the year<\/strong>. The cape has pockets on the sides. Button fastening, which are golden in color. Each seam of the coat is trimmed with a thread of the same color. The coat is perfect for any occasion. Successful women in high positions know very well what colors should be worn in order to inspire confidence and<strong> look professional<\/strong> in any situation. In our online store you will find this product in a variety of colors for an unbeatable price <strong>low price<\/strong>. It fits any style, for everyday wear, but thanks to the right accessories, you can also create an original outfit for an evening romantic walk and a business trip. The model is suitable for ladies wearing size <strong>SML XL<\/strong><strong>\u00a0<\/strong>If you cannot decide which color or size is best for you, please contact us via Facebook or by phone.<\/p>\n<h3 style=\"text-align: center;\">Coat dimensions:<\/h3>\n<p style=\"text-align: center;\"><strong>SIZE S <\/strong><\/p>\n<ul style=\"text-align: center;\">\n<li>total length 90 cm<\/li>\n<li>from armpit to armpit 47 cm<\/li>\n<li>bust 42-44 cm<\/li>\n<li>waist 40-42 cm<\/li>\n<li>sleeve from the armpit 44 cm<\/li>\n<li>sleeve from the shoulder 60 cm<\/li>\n<\/ul>\n<p style=\"text-align: center;\"><strong>SIZE M <\/strong><\/p>\n<ul style=\"text-align: center;\">\n<li>total length 90 cm<\/li>\n<li>from armpit to armpit 48 cm<\/li>\n<li>bust 44-46 cm<\/li>\n<li>waist 42-44 cm<\/li>\n<li>sleeve from the armpit 45 cm<\/li>\n<li>sleeve from the shoulder 61 cm<\/li>\n<\/ul>\n<p style=\"text-align: center;\"><strong>SIZE L <\/strong><\/p>\n<ul style=\"text-align: center;\">\n<li>total length 90 cm<\/li>\n<li>from armpit to armpit 49 cm<\/li>\n<li>bust 46-48 cm<\/li>\n<li>waist 44-46 cm<\/li>\n<li>sleeve from the armpit 46 cm<\/li>\n<li>sleeve from the shoulder 62 cm<\/li>\n<\/ul>\n<p style=\"text-align: center;\"><strong>SIZE XL <\/strong><\/p>\n<ul style=\"text-align: center;\">\n<li>total length 90 cm<\/li>\n<li>from armpit to armpit 50 cm<\/li>\n<li>bust 48-50 cm<\/li>\n<li>waist 46-48 cm<\/li>\n<li>sleeve from the armpit 47 cm<\/li>\n<li>sleeve from the shoulder 63 cm<\/li>\n<li><\/li>\n<\/ul>\n<p style=\"text-align: center;\">Dimensions may slightly differ from the given +\/- 2cm. All dimensions given are measured flat.<\/p>\n<p style=\"text-align: center;\"><strong>\u00a0<\/strong><\/p>\n<table width=\"499\">\n<tbody>\n<tr>\n<td width=\"302\">Model name<\/td>\n<td width=\"302\">Ander&#039;s coat<\/td>\n<\/tr>\n<tr>\n<td width=\"302\">Color<\/td>\n<td width=\"302\">Light Gray<\/td>\n<\/tr>\n<tr>\n<td width=\"302\">Collection<\/td>\n<td width=\"302\">Fall \/ Winter \/ Spring<\/td>\n<\/tr>\n<tr>\n<td width=\"302\">Sizes<\/td>\n<td width=\"302\">Universal<\/td>\n<\/tr>\n<tr>\n<td width=\"302\">Fashion<\/td>\n<td width=\"302\">Oversize<\/td>\n<\/tr>\n<tr>\n<td width=\"302\">Hood<\/td>\n<td width=\"302\">Without the hood<\/td>\n<\/tr>\n<tr>\n<td width=\"302\">Warmed up<\/td>\n<td width=\"302\">Lining<\/td>\n<\/tr>\n<tr>\n<td width=\"302\">Material<\/td>\n<td width=\"302\">Petersham<\/td>\n<\/tr>\n<\/tbody>\n<\/table>\n<p style=\"text-align: center;\">\u00a0The model has\u00a0<strong>168<\/strong>\u00a0cm tall, wears a size every day\u00a0<strong>S.<\/strong><\/p>","protected":false},"excerpt":{"rendered":"<p>P\u0142aszcz Andera Jasno Szary P\u0142aszcz Andera Jasno Szary z podszewk\u0105 zapinany na guziki\u00a0 to prawdziwy hit sezonu. Jest to po\u0142\u0105czenie elegancji, nowoczesno\u015bci i funkcjonalno\u015bci \u2013 Szary\u00a0 p\u0142aszczyk wpisuje si\u0119 w ka\u017cd\u0105 sylwetk\u0119 i stylizacj\u0119. P\u0142aszcz w kolorze szarym jest uniwersalny \u2013 jest stosowny na ka\u017cd\u0105 okazj\u0119, \u015bwietnie sprawdzi si\u0119 w ka\u017cdej porze roku. Narzutka posiada<\/p>\n<div class=\"klb-readmore post-buttons\"><a class=\"button black outline size-sm\" href=\"https:\/\/madelinefashion.pl\/en\/product\/plaszcz-andera-jasno-szary\/\">Read More <i class=\"klbth-icon-right-arrow\"><\/i><\/a><\/div>","protected":false},"featured_media":6338,"template":"","meta":[],"product_brand":[],"product_cat":[120],"product_tag":[],"class_list":{"0":"post-5007","1":"product","2":"type-product","3":"status-publish","4":"has-post-thumbnail","6":"product_cat-plaszcze-dlugie","7":"pa_rozmiar-xl","8":"pa_rozmiar-s","9":"pa_rozmiar-m","10":"pa_rozmiar-l","12":"first","13":"outofstock","14":"product-type-variable"},"_links":{"self":[{"href":"https:\/\/madelinefashion.pl\/en\/wp-json\/wp\/v2\/product\/5007","targetHints":{"allow":["GET"]}}],"collection":[{"href":"https:\/\/madelinefashion.pl\/en\/wp-json\/wp\/v2\/product"}],"about":[{"href":"https:\/\/madelinefashion.pl\/en\/wp-json\/wp\/v2\/types\/product"}],"wp:featuredmedia":[{"embeddable":true,"href":"https:\/\/madelinefashion.pl\/en\/wp-json\/wp\/v2\/media\/6338"}],"wp:attachment":[{"href":"https:\/\/madelinefashion.pl\/en\/wp-json\/wp\/v2\/media?parent=5007"}],"wp:term":[{"taxonomy":"product_brand","embeddable":true,"href":"https:\/\/madelinefashion.pl\/en\/wp-json\/wp\/v2\/product_brand?post=5007"},{"taxonomy":"product_cat","embeddable":true,"href":"https:\/\/madelinefashion.pl\/en\/wp-json\/wp\/v2\/product_cat?post=5007"},{"taxonomy":"product_tag","embeddable":true,"href":"https:\/\/madelinefashion.pl\/en\/wp-json\/wp\/v2\/product_tag?post=5007"}],"curies":[{"name":"wp","href":"https:\/\/api.w.org\/{rel}","templated":true}]}}

<p>Płaszcz Andera Jasno Szary Płaszcz Andera Jasno Szary z podszewką zapinany na guziki  to prawdziwy hit sezonu. Jest to połączenie elegancji, nowoczesności i funkcjonalności – Szary  płaszczyk wpisuje się w każdą sylwetkę i stylizację. Płaszcz w kolorze szarym jest uniwersalny – jest stosowny na każdą okazję, świetnie sprawdzi się w każdej porze roku. Narzutka posiada</p>
<div class="klb-readmore post-buttons"><a class="button black outline size-sm" href="https://madelinefashion.pl/en/product/plaszcz-andera-jasno-szary/">Read More <i class="klbth-icon-right-arrow"></i></a></div>
