{"id":531392,"date":"2024-05-24T12:23:47","date_gmt":"2024-05-24T10:23:47","guid":{"rendered":"https:\/\/madelinefashion.pl\/?post_type=product&#038;p=531392"},"modified":"2026-04-10T14:43:18","modified_gmt":"2026-04-10T12:43:18","slug":"sukienka-midi-w-kwiaty-z-paskiem-cardin-czarna","status":"publish","type":"product","link":"https:\/\/madelinefashion.pl\/en\/product\/sukienka-midi-w-kwiaty-z-paskiem-cardin-czarna\/","title":{"rendered":"Cardin Black Floral Midi Dress with Belt"},"content":{"rendered":"<h3 style=\"text-align: center;\">Cardin Black Floral Midi Dress with Belt<\/h3>\n<p style=\"text-align: center;\"><span style=\"font-size: 10pt;\">Nice to touch, comfortable to wear, it fits nicely on the body.\u00a0<strong style=\"font-size: 10pt;\">A floral dress has undoubtedly been a must-have in a spring wardrobe for many years.<\/strong> Every woman has at least one floral dress in her wardrobe. S<strong style=\"font-size: 10pt;\">A flower pattern will make our look fresh, fashionable and very feminine <\/strong> This is a perfect proposition for the spring and summer season. <b style=\"font-size: 10pt;\">a flared dress with flowers is perfect <\/b><span style=\"font-size: 13.3333px;\"><b>offer<\/b><\/span><b style=\"font-size: 10pt;\"> both for going out with friends, a date or a wedding thanks to her <\/b>you will gain a wasp waist and a leg to the sky.<br \/>\nThe dress has<strong style=\"font-size: 10pt;\"> elastic at the waist<\/strong> thanks to which you emphasize feminine shapes. The model has a lining - <strong>does not show through<\/strong> . Recommended for women in sizes S-L. That&#039;s why our selection includes unique floral summer dresses that you can wear in many different ways.<\/span> <span style=\"font-size: 10pt;\">If you can&#039;t decide which color, size is best for you, please contact us via <a href=\"https:\/\/www.facebook.com\/madelinefashionbutik\" target=\"_blank\" rel=\"noopener\">Facebook<\/a> or <a href=\"https:\/\/madelinefashion.pl\/en\/kontakt\/\">phone<\/a>. If the size is not available on the website, please contact us.\u00a0<\/span><\/p>\n<h3 style=\"text-align: center;\">DRESS DIMENSIONS:<\/h3>\n<p>&nbsp;<\/p>\n<p style=\"text-align: center;\"><strong>S \/ 36<br \/>\n<\/strong>Total length: 122 cm<br \/>\nWidth from armpit to armpit: 43-54 cm<br \/>\nWaist width: 32-45 cm<\/p>\n<p style=\"text-align: center;\"><strong>M \/ 38<br \/>\n<\/strong>Total length: 122 cm<br \/>\nWidth from armpit to armpit: 45-56 cm<br \/>\nWaist width: 33-47 cm<\/p>\n<p style=\"text-align: center;\"><strong>L \/ 40<br \/>\n<\/strong>Total length: 122 cm<br \/>\nWidth from armpit to armpit: 51-62 cm<br \/>\nWaist width: 34-56 cm<\/p>\n<p style=\"text-align: center;\"><span style=\"font-size: 10pt;\">The dress is also available in <strong>other color variants<\/strong> - we encourage you to familiarize yourself with our other products.\u00a0<\/span><\/p>\n<p style=\"text-align: center;\"><span style=\"font-size: 10pt;\">Dimensions may slightly differ from the given +\/- 2cm.\u00a0<\/span><\/p>\n<p style=\"text-align: center;\"><span style=\"font-size: 10pt;\"><strong>\u00a0<\/strong>\u00a0<\/span><\/p>\n<table width=\"618\">\n<tbody>\n<tr>\n<td width=\"302\">Model name<\/td>\n<td width=\"302\">Cardin Floral Midi Dress with Belt<\/td>\n<\/tr>\n<tr>\n<td width=\"302\">Color<\/td>\n<td width=\"302\">Black<\/td>\n<\/tr>\n<tr>\n<td width=\"302\">Material<\/td>\n<td width=\"302\">Chiffon<\/td>\n<\/tr>\n<tr>\n<td width=\"302\">Sizes<\/td>\n<td width=\"302\">\u00a036 38 40<\/td>\n<\/tr>\n<tr>\n<td width=\"302\">Fashion<\/td>\n<td width=\"302\">Flared<\/td>\n<\/tr>\n<tr>\n<td width=\"302\">Material<\/td>\n<td width=\"302\">95% polyester 5%elastan<\/td>\n<\/tr>\n<tr>\n<td width=\"302\">Length<\/td>\n<td width=\"302\">Midi<\/td>\n<\/tr>\n<\/tbody>\n<\/table>\n<p style=\"text-align: center;\"><span style=\"font-size: 10pt;\">* For larger sizes, please contact us by phone\u00a0\u00a0<\/span><\/p>\n<p style=\"text-align: center;\"><span style=\"font-size: 10pt;\">In order to match <strong>perfect dresses<\/strong> we invite you to contact us by phone or contact us <a href=\"https:\/\/www.facebook.com\/madelinefashionbutik\" target=\"_blank\" rel=\"noopener\">Facebook<\/a> .<\/span><br \/>\n<span style=\"font-size: 10pt;\">Our team will help <strong>Choose the right one<\/strong> . <strong>We can make each dress at the request of the buyer\u00a0<\/strong><strong>measure carefully.\u00a0<\/strong><\/span><\/p>\n<div class=\"additional-details\" style=\"text-align: center;\">\n<p style=\"text-align: center;\"><span style=\"font-size: 10pt;\">\u00a0<\/span><\/p>\n<\/div>","protected":false},"excerpt":{"rendered":"<p>Sukienka Midi W Kwiaty Z Paskiem Cardin Czarna Mi\u0142a w dotyku, komfortowa w noszeniu, \u0142adnie uk\u0142ada si\u0119 na ciele.\u00a0Sukienka w kwiaty to bez w\u0105tpienia od wielu lat must have w wiosennej garderobie. Ka\u017cda kobieta posiada w swojej szafie cho\u0107 jeden model sukienki w kwiatowy wz\u00f3r . Sukienka w kwiaty sprawi, \u017ce nasz look b\u0119dzie \u015bwie\u017cy,<\/p>\n<div class=\"klb-readmore post-buttons\"><a class=\"button black outline size-sm\" href=\"https:\/\/madelinefashion.pl\/en\/product\/sukienka-midi-w-kwiaty-z-paskiem-cardin-czarna\/\">Read More <i class=\"klbth-icon-right-arrow\"><\/i><\/a><\/div>","protected":false},"featured_media":583218,"template":"","meta":[],"product_brand":[],"product_cat":[124,395],"product_tag":[213,396],"class_list":{"0":"post-531392","1":"product","2":"type-product","3":"status-publish","4":"has-post-thumbnail","6":"product_cat-sukienki-okolicznosciowe","7":"product_cat-nowosci","8":"product_tag-sukienka-czarna","9":"product_tag-sukienki-w-kwiaty","11":"first","12":"instock","13":"purchasable","14":"product-type-variable"},"_links":{"self":[{"href":"https:\/\/madelinefashion.pl\/en\/wp-json\/wp\/v2\/product\/531392","targetHints":{"allow":["GET"]}}],"collection":[{"href":"https:\/\/madelinefashion.pl\/en\/wp-json\/wp\/v2\/product"}],"about":[{"href":"https:\/\/madelinefashion.pl\/en\/wp-json\/wp\/v2\/types\/product"}],"wp:featuredmedia":[{"embeddable":true,"href":"https:\/\/madelinefashion.pl\/en\/wp-json\/wp\/v2\/media\/583218"}],"wp:attachment":[{"href":"https:\/\/madelinefashion.pl\/en\/wp-json\/wp\/v2\/media?parent=531392"}],"wp:term":[{"taxonomy":"product_brand","embeddable":true,"href":"https:\/\/madelinefashion.pl\/en\/wp-json\/wp\/v2\/product_brand?post=531392"},{"taxonomy":"product_cat","embeddable":true,"href":"https:\/\/madelinefashion.pl\/en\/wp-json\/wp\/v2\/product_cat?post=531392"},{"taxonomy":"product_tag","embeddable":true,"href":"https:\/\/madelinefashion.pl\/en\/wp-json\/wp\/v2\/product_tag?post=531392"}],"curies":[{"name":"wp","href":"https:\/\/api.w.org\/{rel}","templated":true}]}}

<p>Sukienka Midi W Kwiaty Z Paskiem Cardin Czarna Miła w dotyku, komfortowa w noszeniu, ładnie układa się na ciele. Sukienka w kwiaty to bez wątpienia od wielu lat must have w wiosennej garderobie. Każda kobieta posiada w swojej szafie choć jeden model sukienki w kwiatowy wzór . Sukienka w kwiaty sprawi, że nasz look będzie świeży,</p>
<div class="klb-readmore post-buttons"><a class="button black outline size-sm" href="https://madelinefashion.pl/en/product/sukienka-midi-w-kwiaty-z-paskiem-cardin-czarna/">Read More <i class="klbth-icon-right-arrow"></i></a></div>
