{"id":557649,"date":"2025-02-08T13:38:35","date_gmt":"2025-02-08T12:38:35","guid":{"rendered":"https:\/\/madelinefashion.pl\/?post_type=product&#038;p=557649"},"modified":"2026-04-02T12:21:44","modified_gmt":"2026-04-02T10:21:44","slug":"krotka-wiosenna-parka-rivia-czarna","status":"publish","type":"product","link":"https:\/\/madelinefashion.pl\/en\/product\/krotka-wiosenna-parka-rivia-czarna\/","title":{"rendered":"Rivia Black Short Spring Parka"},"content":{"rendered":"<h3 style=\"text-align: center;\">Rivia Black Short Spring Parka<\/h3>\n<p style=\"text-align: center;\"><strong>Rivia Parka<\/strong> It&#039;s a perfect choice for spring, combining elegance with practicality. The shorter cut is perfect for warmer days when you need protection from the wind and a slight chill, but don&#039;t want to sacrifice a fashionable look. Made of high-quality materials, the jacket is lightweight yet provides effective protection from unexpected cold. A functional zipper at the front and drawstrings at the waist allow you to adjust the fit to your figure and subtly accentuate it.<\/p>\n<p style=\"text-align: center;\">* fastened with a zipper and snaps<br \/>\n* front pockets<br \/>\n* collar with belt<br \/>\n* sleeve with adjustable straps<br \/>\n* drawstring at the waist<\/p>\n<p style=\"text-align: center;\"><strong>SIZE S<\/strong><\/p>\n<p style=\"text-align: center;\">Total length at the front \u2013 48 cm<br \/>\nTotal length at the back \u2013 46 cm<br \/>\nWidth from armpit to armpit \u2013 49 cm x2<br \/>\nWidth at the bottom \u2013 49 cm x2<br \/>\nSleeve length from shoulder \u2013 60 cm<br \/>\nSleeve length from armpit \u2013 46 cm<br \/>\nBicep width \u2013 17 cm x2<\/p>\n<p style=\"text-align: center;\"><strong>SIZE M<\/strong><\/p>\n<p style=\"text-align: center;\">Total length at the front \u2013 49 cm<br \/>\nTotal length at the back \u2013 47 cm<br \/>\nWidth from armpit to armpit \u2013 50 cm x2<br \/>\nWidth at the bottom \u2013 50 cm x2<br \/>\nSleeve length from shoulder \u2013 61 cm<br \/>\nSleeve length from the armpit - 47 cm<br \/>\nBicep width \u2013 18 cm x2<\/p>\n<p style=\"text-align: center;\"><strong>SIZE L<br \/>\n<\/strong><\/p>\n<p style=\"text-align: center;\">Total length at the front \u2013 50 cm<br \/>\nTotal length at the back \u2013 48 cm<br \/>\nWidth from armpit to armpit \u2013 52 cm x2<br \/>\nWidth at the bottom \u2013 52 cm x2<br \/>\nSleeve length from shoulder \u2013 62 cm<br \/>\nSleeve length from armpit \u2013 48 cm<br \/>\nBicep width \u2013 19 cm x2<\/p>\n<p style=\"text-align: center;\">COMPOSITION 1: 100% polyester<\/p>\n<p style=\"text-align: center;\">Garments measured flat! Individual dimensions may vary by +\/- 2 cm.<\/p>\n<p style=\"text-align: center;\"><span style=\"font-size: 10pt;\">\u00a0<\/span><\/p>\n<p style=\"text-align: center;\">","protected":false},"excerpt":{"rendered":"<p>Kr\u00f3tka Wiosenna Parka Rivia Czarna Parka Rivia to doskona\u0142y wyb\u00f3r na wiosn\u0119, \u0142\u0105cz\u0105ca elegancj\u0119 z praktyczno\u015bci\u0105. Kr\u00f3tszy fason idealnie sprawdzi si\u0119 w cieplejsze dni, kiedy potrzebujesz ochrony przed wiatrem i lekkim ch\u0142odem, ale nie chcesz rezygnowa\u0107 z modnego wygl\u0105du. Wykonana z wysokiej jako\u015bci materia\u0142\u00f3w, kurtka jest lekka, ale jednocze\u015bnie dobrze chroni przed niespodziewanym ch\u0142odem. Z<\/p>\n<div class=\"klb-readmore post-buttons\"><a class=\"button black outline size-sm\" href=\"https:\/\/madelinefashion.pl\/en\/product\/krotka-wiosenna-parka-rivia-czarna\/\">Read More <i class=\"klbth-icon-right-arrow\"><\/i><\/a><\/div>","protected":false},"featured_media":599520,"template":"","meta":[],"product_brand":[],"product_cat":[117,395],"product_tag":[269],"class_list":{"0":"post-557649","1":"product","2":"type-product","3":"status-publish","4":"has-post-thumbnail","6":"product_cat-kurtki","7":"product_cat-nowosci","8":"product_tag-bomberka","9":"pa_rozmiar-s","10":"pa_rozmiar-m","11":"pa_rozmiar-l","13":"first","14":"instock","15":"sale","16":"purchasable","17":"product-type-variable"},"_links":{"self":[{"href":"https:\/\/madelinefashion.pl\/en\/wp-json\/wp\/v2\/product\/557649","targetHints":{"allow":["GET"]}}],"collection":[{"href":"https:\/\/madelinefashion.pl\/en\/wp-json\/wp\/v2\/product"}],"about":[{"href":"https:\/\/madelinefashion.pl\/en\/wp-json\/wp\/v2\/types\/product"}],"wp:featuredmedia":[{"embeddable":true,"href":"https:\/\/madelinefashion.pl\/en\/wp-json\/wp\/v2\/media\/599520"}],"wp:attachment":[{"href":"https:\/\/madelinefashion.pl\/en\/wp-json\/wp\/v2\/media?parent=557649"}],"wp:term":[{"taxonomy":"product_brand","embeddable":true,"href":"https:\/\/madelinefashion.pl\/en\/wp-json\/wp\/v2\/product_brand?post=557649"},{"taxonomy":"product_cat","embeddable":true,"href":"https:\/\/madelinefashion.pl\/en\/wp-json\/wp\/v2\/product_cat?post=557649"},{"taxonomy":"product_tag","embeddable":true,"href":"https:\/\/madelinefashion.pl\/en\/wp-json\/wp\/v2\/product_tag?post=557649"}],"curies":[{"name":"wp","href":"https:\/\/api.w.org\/{rel}","templated":true}]}}

<p>Krótka Wiosenna Parka Rivia Czarna Parka Rivia to doskonały wybór na wiosnę, łącząca elegancję z praktycznością. Krótszy fason idealnie sprawdzi się w cieplejsze dni, kiedy potrzebujesz ochrony przed wiatrem i lekkim chłodem, ale nie chcesz rezygnować z modnego wyglądu. Wykonana z wysokiej jakości materiałów, kurtka jest lekka, ale jednocześnie dobrze chroni przed niespodziewanym chłodem. Z</p>
<div class="klb-readmore post-buttons"><a class="button black outline size-sm" href="https://madelinefashion.pl/en/product/krotka-wiosenna-parka-rivia-czarna/">Read More <i class="klbth-icon-right-arrow"></i></a></div>
