{"id":56846,"date":"2022-09-03T14:40:46","date_gmt":"2022-09-03T12:40:46","guid":{"rendered":"https:\/\/madelinefashion.pl\/?post_type=product&#038;p=56846"},"modified":"2026-01-15T12:43:15","modified_gmt":"2026-01-15T11:43:15","slug":"kurtka-pikowana-zdobiona-zlotym-lancuszkiem-czarna","status":"publish","type":"product","link":"https:\/\/madelinefashion.pl\/en\/product\/kurtka-pikowana-zdobiona-zlotym-lancuszkiem-czarna\/","title":{"rendered":"Quilted Jacket Decorated With Gold Chain Black"},"content":{"rendered":"<h3 style=\"text-align: center;\">Quilted Jacket Decorated With Gold Chain Black<\/h3>\n<p style=\"text-align: center;\"><strong>Quilted Jacket Decorated With Gold Chain Black<\/strong> this is our proposition for spring, but also autumn. It can be used in any <strong>styling<\/strong>for classic jeans, white <a href=\"https:\/\/madelinefashion.pl\/en\/bluzka-fashion-biala-gladka\/\">t-shirt<\/a> for everyday exits. It is a definite one <strong>must have<\/strong> in every wardrobe.<strong> Jacket<\/strong>that will add character to any styling and make it stand out from the crowd. We recommend it with ours <a href=\"https:\/\/madelinefashion.pl\/en\/casual-clothes\/t-shirty\/\">tops<\/a> and pants <a href=\"https:\/\/madelinefashion.pl\/en\/spodnie-jeans-boyfriend-star\/\">jeans boyfriend<\/a>. . It has a lining and two pockets on the front. fastened with <strong>lock<\/strong>. This model is perfect for <strong>spring and for cooler summer and autumn days.<\/strong> Thanks to carefully selected accessories, you can easily create unique stylizations for social events or celebrations. Stand out from the crowd with our jacket. The jacket comes in size\u00a0\u00a0<strong> SM L.\u00a0 <\/strong>Depending on the season and current fashion trends on offer <a href=\"https:\/\/madelinefashion.pl\/en\/\"><strong>Madelinefashion<\/strong><\/a> you will also find warm ones <a href=\"https:\/\/madelinefashion.pl\/en\/kurtki-i-plaszcze\/\">outerwear<\/a> women&#039;s, stylish <a href=\"https:\/\/madelinefashion.pl\/en\/?s=ramoneska&amp;post_type=product\">ramones<\/a>, elegant <a href=\"https:\/\/madelinefashion.pl\/en\/kurtki-i-plaszcze\/plaszcze\/\">coats <\/a>. Familiarize yourself with the offer and find the perfect model for you. One size fits all Recommended for\u00a0<strong>SML\u00a0<\/strong><\/p>\n<p style=\"text-align: center;\">\u2013<\/p>\n<h3 style=\"text-align: center;\">Dimensions:<\/h3>\n<p style=\"text-align: center;\"><strong>S \/ 36<br \/>\n<\/strong>Width from armpit to armpit: 44 cm<br \/>\nSleeve length from the shoulder: 59 cm<br \/>\nSleeve length from armpit: 44 cm<br \/>\nOverall length: 50 cm<br \/>\nWidth at the bottom: 43 cm - 46 cm<\/p>\n<p style=\"text-align: center;\"><strong>M \/ 38<br \/>\n<\/strong>Width from armpit to armpit: 45 cm<br \/>\nSleeve length from the shoulder: 60 cm<br \/>\nSleeve length from armpit: 44 cm<br \/>\nOverall length: 51 cm<br \/>\nWidth at the bottom: 45 cm - 48 cm<\/p>\n<p style=\"text-align: center;\"><strong>L \/ 40<br \/>\n<\/strong>Width from armpit to armpit: 48 cm<br \/>\nSleeve length from the shoulder: 61 cm<br \/>\nSleeve length from armpit: 49 cm<br \/>\nOverall length: 52 cm<br \/>\nWidth at the bottom: 48 cm - 52 cm<\/p>\n<p style=\"text-align: center;\">Dimensions may slightly differ from the given +\/- 2cm. <strong>All dimensions are measured flat - x2 dimension\u00a0<\/strong><\/p>\n<p style=\"text-align: center;\"><strong><span style=\"font-size: 10pt;\">\u00a0<\/span><\/strong><\/p>\n<p style=\"text-align: center;\">The model has\u00a0<strong>169<\/strong>\u00a0cm tall, wears a size every day\u00a0<strong>S.<\/strong><\/p>\n<p style=\"text-align: center;\">The width at the bust is 92 cm<\/p>\n<p style=\"text-align: center;\">Waist width 62 cm<\/p>\n<p style=\"text-align: center;\">The width at the hips is 94 cm<\/p>\n<p style=\"text-align: center;\"><span style=\"font-size: 10pt;\">\u00a0<\/span><\/p>\n<p style=\"text-align: center;\">","protected":false},"excerpt":{"rendered":"<p>Kurtka Pikowana Zdobiona Z\u0142otym \u0141a\u0144cuszkiem Czarna Kurtka Pikowana Zdobiona Z\u0142otym \u0141a\u0144cuszkiem Czarna to nasza propozycja na wiosn\u0119, ale r\u00f3wnie\u017c jesie\u0144 .Mo\u017cna j\u0105 wykorzysta\u0107 w ka\u017cdej stylizacji, zar\u00f3wno do klasycznych jeans\u00f3w, bia\u0142ego t-shirtu na codzienne wyj\u015bcia.\u00a0Jest to zdecydowany must have w ka\u017cdej garderobie. Kurtka, kt\u00f3ra doda ka\u017cdej stylizacji charakteru i pozwoli wyr\u00f3\u017cni\u0107 si\u0119 z t\u0142umu. Polecamy<\/p>\n<div class=\"klb-readmore post-buttons\"><a class=\"button black outline size-sm\" href=\"https:\/\/madelinefashion.pl\/en\/product\/kurtka-pikowana-zdobiona-zlotym-lancuszkiem-czarna\/\">Read More <i class=\"klbth-icon-right-arrow\"><\/i><\/a><\/div>","protected":false},"featured_media":75226,"template":"","meta":[],"product_brand":[],"product_cat":[117,395],"product_tag":[269],"class_list":{"0":"post-56846","1":"product","2":"type-product","3":"status-publish","4":"has-post-thumbnail","6":"product_cat-kurtki","7":"product_cat-nowosci","8":"product_tag-bomberka","9":"pa_rozmiar-s","10":"pa_rozmiar-m","11":"pa_rozmiar-l","13":"first","14":"instock","15":"product-type-variable"},"_links":{"self":[{"href":"https:\/\/madelinefashion.pl\/en\/wp-json\/wp\/v2\/product\/56846","targetHints":{"allow":["GET"]}}],"collection":[{"href":"https:\/\/madelinefashion.pl\/en\/wp-json\/wp\/v2\/product"}],"about":[{"href":"https:\/\/madelinefashion.pl\/en\/wp-json\/wp\/v2\/types\/product"}],"wp:featuredmedia":[{"embeddable":true,"href":"https:\/\/madelinefashion.pl\/en\/wp-json\/wp\/v2\/media\/75226"}],"wp:attachment":[{"href":"https:\/\/madelinefashion.pl\/en\/wp-json\/wp\/v2\/media?parent=56846"}],"wp:term":[{"taxonomy":"product_brand","embeddable":true,"href":"https:\/\/madelinefashion.pl\/en\/wp-json\/wp\/v2\/product_brand?post=56846"},{"taxonomy":"product_cat","embeddable":true,"href":"https:\/\/madelinefashion.pl\/en\/wp-json\/wp\/v2\/product_cat?post=56846"},{"taxonomy":"product_tag","embeddable":true,"href":"https:\/\/madelinefashion.pl\/en\/wp-json\/wp\/v2\/product_tag?post=56846"}],"curies":[{"name":"wp","href":"https:\/\/api.w.org\/{rel}","templated":true}]}}

<p>Kurtka Pikowana Zdobiona Złotym Łańcuszkiem Czarna Kurtka Pikowana Zdobiona Złotym Łańcuszkiem Czarna to nasza propozycja na wiosnę, ale również jesień .Można ją wykorzystać w każdej stylizacji, zarówno do klasycznych jeansów, białego t-shirtu na codzienne wyjścia. Jest to zdecydowany must have w każdej garderobie. Kurtka, która doda każdej stylizacji charakteru i pozwoli wyróżnić się z tłumu. Polecamy</p>
<div class="klb-readmore post-buttons"><a class="button black outline size-sm" href="https://madelinefashion.pl/en/product/kurtka-pikowana-zdobiona-zlotym-lancuszkiem-czarna/">Read More <i class="klbth-icon-right-arrow"></i></a></div>
