{"id":572919,"date":"2025-07-17T10:33:31","date_gmt":"2025-07-17T08:33:31","guid":{"rendered":"https:\/\/madelinefashion.pl\/?post_type=product&#038;p=572919"},"modified":"2026-03-01T12:57:43","modified_gmt":"2026-03-01T11:57:43","slug":"torebka-wizytowa-niebieska-martta","status":"publish","type":"product","link":"https:\/\/madelinefashion.pl\/en\/product\/torebka-wizytowa-niebieska-martta\/","title":{"rendered":"Martta Blue Formal Bag"},"content":{"rendered":"<h3 style=\"text-align: center;\">Martta Blue Formal Bag<\/h3>\n<p style=\"text-align: center;\">A handbag is an indispensable part of evening styling. This model is not only practical, but also elegant. An elegant handbag will be perfect for every woman who follows the latest fashion trends.<\/p>\n<p style=\"text-align: center;\">The black bag decorated with glitter is fastened with a snap.<\/p>\n<p style=\"text-align: center;\">The center of the elegant bag is aesthetically finished with a lining.<\/p>\n<p style=\"text-align: center;\">The bag comes with a chain.<\/p>\n<p style=\"text-align: center;\">\u00a0An elegant, shiny handbag that will look perfect in your hand as well as on a decorative chain will certainly add style to any styling.<\/p>\n<h3 style=\"text-align: center;\">Characteristics:<\/h3>\n<p style=\"text-align: center;\">evening<\/p>\n<p style=\"text-align: center;\">perfect for a wedding \/ prom \/ prom<\/p>\n<h3 style=\"text-align: center;\">Bag dimensions:<\/h3>\n<ul style=\"text-align: center;\">\n<li>height - 13 cm<\/li>\n<li>width -25 cm<\/li>\n<li><\/li>\n<\/ul>","protected":false},"excerpt":{"rendered":"<p>Torebka Wizytowa Niebieska Martta Torebka, to niezb\u0119dny cz\u0119\u015b\u0107 stylizacji wieczorowej. Ten model charakteryzuje si\u0119 nie tylko sw\u0105 praktyczno\u015bci\u0105, ale r\u00f3wnie\u017c elegancj\u0105.\u00a0 Elegancka torebka sprawdzi si\u0119 idealnie\u00a0 dla ka\u017cdej kobiety pod\u0105\u017caj\u0105cej za najnowszymi trendami w modzie. Czarna torebka zdobiona brokatem zapinana jest na zatrzask. \u015arodek eleganckiej torebki estetycznie wyko\u0144czony\u00a0podszewk\u0105. W komplecie torebka posiada \u0142\u0105\u0144cuszek. \u00a0Elegancka, b\u0142yszcz\u0105ca<\/p>\n<div class=\"klb-readmore post-buttons\"><a class=\"button black outline size-sm\" href=\"https:\/\/madelinefashion.pl\/en\/product\/torebka-wizytowa-niebieska-martta\/\">Read More <i class=\"klbth-icon-right-arrow\"><\/i><\/a><\/div>","protected":false},"featured_media":572916,"template":"","meta":[],"product_brand":[],"product_cat":[113,395],"product_tag":[504,412],"class_list":{"0":"post-572919","1":"product","2":"type-product","3":"status-publish","4":"has-post-thumbnail","6":"product_cat-dodatki","7":"product_cat-nowosci","8":"product_tag-party-time","9":"product_tag-torebki-damskie","11":"first","12":"instock","13":"sale","14":"purchasable","15":"product-type-simple"},"_links":{"self":[{"href":"https:\/\/madelinefashion.pl\/en\/wp-json\/wp\/v2\/product\/572919","targetHints":{"allow":["GET"]}}],"collection":[{"href":"https:\/\/madelinefashion.pl\/en\/wp-json\/wp\/v2\/product"}],"about":[{"href":"https:\/\/madelinefashion.pl\/en\/wp-json\/wp\/v2\/types\/product"}],"wp:featuredmedia":[{"embeddable":true,"href":"https:\/\/madelinefashion.pl\/en\/wp-json\/wp\/v2\/media\/572916"}],"wp:attachment":[{"href":"https:\/\/madelinefashion.pl\/en\/wp-json\/wp\/v2\/media?parent=572919"}],"wp:term":[{"taxonomy":"product_brand","embeddable":true,"href":"https:\/\/madelinefashion.pl\/en\/wp-json\/wp\/v2\/product_brand?post=572919"},{"taxonomy":"product_cat","embeddable":true,"href":"https:\/\/madelinefashion.pl\/en\/wp-json\/wp\/v2\/product_cat?post=572919"},{"taxonomy":"product_tag","embeddable":true,"href":"https:\/\/madelinefashion.pl\/en\/wp-json\/wp\/v2\/product_tag?post=572919"}],"curies":[{"name":"wp","href":"https:\/\/api.w.org\/{rel}","templated":true}]}}

<p>Torebka Wizytowa Niebieska Martta Torebka, to niezbędny część stylizacji wieczorowej. Ten model charakteryzuje się nie tylko swą praktycznością, ale również elegancją.  Elegancka torebka sprawdzi się idealnie  dla każdej kobiety podążającej za najnowszymi trendami w modzie. Czarna torebka zdobiona brokatem zapinana jest na zatrzask. Środek eleganckiej torebki estetycznie wykończony podszewką. W komplecie torebka posiada łąńcuszek.  Elegancka, błyszcząca</p>
<div class="klb-readmore post-buttons"><a class="button black outline size-sm" href="https://madelinefashion.pl/en/product/torebka-wizytowa-niebieska-martta/">Read More <i class="klbth-icon-right-arrow"></i></a></div>
