{"id":58990,"date":"2022-09-21T16:18:05","date_gmt":"2022-09-21T14:18:05","guid":{"rendered":"https:\/\/madelinefashion.pl\/?post_type=product&#038;p=58990"},"modified":"2025-12-19T11:15:45","modified_gmt":"2025-12-19T10:15:45","slug":"kurtka-plaszcz-pikowany-z-nerka-bezowa","status":"publish","type":"product","link":"https:\/\/madelinefashion.pl\/en\/product\/kurtka-plaszcz-pikowany-z-nerka-bezowa\/","title":{"rendered":"Quilted coat jacket Beige with kidney"},"content":{"rendered":"<h3 style=\"text-align: center;\">Quilted coat jacket Beige with kidney<\/h3>\n<p style=\"text-align: center;\">Jacket Beige Quilted Coat with a kidney is our proposition for autumn. The jacket has a decorative teddy bear. It can be used in any <strong>styling<\/strong>for classic jeans, white <a href=\"https:\/\/madelinefashion.pl\/en\/bluzka-fashion-biala-gladka\/\">t-shirt<\/a> for everyday exits. It is a definite one <strong>must have<\/strong> in every wardrobe! The jacket is fastened with two buttons. Autumn<strong>\u00a0jacket<\/strong>that will add character to any styling and make it stand out from the crowd. We recommend it with ours <a href=\"https:\/\/madelinefashion.pl\/en\/casual-clothes\/t-shirty\/\">tops<\/a> and pants <a href=\"https:\/\/madelinefashion.pl\/en\/spodnie-jeans-boyfriend-star\/\">jeans boyfriend<\/a>. Transitional jacket available in two <strong>color variants<\/strong>. This model is perfect <strong>\u00a0for colder days.<\/strong>\u00a0Thanks to carefully selected accessories, you can easily create unique stylizations for social events or celebrations. Stand out from the crowd with our jacket. The jacket comes in size<strong> SM L.\u00a0 <\/strong>Depending on the season and current fashion trends on offer <a href=\"https:\/\/madelinefashion.pl\/en\/\"><strong>Madelinefashion<\/strong><\/a> you will also find warm ones <a href=\"https:\/\/madelinefashion.pl\/en\/kurtki-i-plaszcze\/\">outerwear<\/a> women&#039;s, stylish <a href=\"https:\/\/madelinefashion.pl\/en\/?s=ramoneska&amp;post_type=product\">ramones<\/a>, elegant <a href=\"https:\/\/madelinefashion.pl\/en\/kurtki-i-plaszcze\/plaszcze\/\">coats <\/a>. Familiarize yourself with the offer and find the perfect model for you. One size fits all Recommended for\u00a0<strong>SML\u00a0<\/strong><\/p>\n<p style=\"text-align: center;\">\u2013<\/p>\n<h3 style=\"text-align: center;\">Dimensions:<\/h3>\n<p style=\"text-align: center;\"><strong><br \/>\n<\/strong>Width from armpit to armpit: 49-54 cm<br \/>\nHip width: 50-56 cm<br \/>\nSleeve length from the shoulder: 52 cm<br \/>\nSleeve length from armpit: 41 cm<br \/>\nOverall length: 97cm<\/p>\n<p style=\"text-align: center;\">Dimensions may slightly differ from the given +\/- 2cm. <strong>All dimensions are measured flat - x2 dimension\u00a0<\/strong><\/p>\n<p style=\"text-align: center;\"><strong><span style=\"font-size: 10pt;\">\u00a0<\/span><\/strong><\/p>\n<p style=\"text-align: center;\">The model has\u00a0<strong>169<\/strong>\u00a0cm tall, wears a size every day\u00a0<strong>S.<\/strong><\/p>\n<p style=\"text-align: center;\">The width at the bust is 92 cm<\/p>\n<p style=\"text-align: center;\">Waist width 62 cm<\/p>\n<p style=\"text-align: center;\">The width at the hips is 94 cm<\/p>\n<p style=\"text-align: center;\"><span style=\"font-size: 10pt;\">\u00a0<\/span><\/p>\n<p style=\"text-align: center;\">","protected":false},"excerpt":{"rendered":"<p>Kurtka P\u0142aszcz Pikowany z Nerk\u0105 Be\u017cowa Kurtka P\u0142aszcz Pikowany z Nerk\u0105 Be\u017cowa to nasza propozycja na jesie\u0144. Kurtka posiada ozdobnego misia\u00a0 . Mo\u017cna j\u0105 wykorzysta\u0107 w ka\u017cdej stylizacji, zar\u00f3wno do klasycznych jeans\u00f3w, bia\u0142ego t-shirtu na codzienne wyj\u015bcia.\u00a0Jest to zdecydowany must have w ka\u017cdej garderobie! Kurtka zapinana jest na dwa guziczki . Jesienna\u00a0kurtka, kt\u00f3ra doda ka\u017cdej<\/p>\n<div class=\"klb-readmore post-buttons\"><a class=\"button black outline size-sm\" href=\"https:\/\/madelinefashion.pl\/en\/product\/kurtka-plaszcz-pikowany-z-nerka-bezowa\/\">Read More <i class=\"klbth-icon-right-arrow\"><\/i><\/a><\/div>","protected":false},"featured_media":58841,"template":"","meta":[],"product_brand":[],"product_cat":[117],"product_tag":[508],"class_list":{"0":"post-58990","1":"product","2":"type-product","3":"status-publish","4":"has-post-thumbnail","6":"product_cat-kurtki","7":"product_tag-kurtka-zimowa","8":"pa_rozmiar-s","9":"pa_rozmiar-m","10":"pa_rozmiar-l","12":"first","13":"outofstock","14":"sale","15":"purchasable","16":"product-type-simple"},"_links":{"self":[{"href":"https:\/\/madelinefashion.pl\/en\/wp-json\/wp\/v2\/product\/58990","targetHints":{"allow":["GET"]}}],"collection":[{"href":"https:\/\/madelinefashion.pl\/en\/wp-json\/wp\/v2\/product"}],"about":[{"href":"https:\/\/madelinefashion.pl\/en\/wp-json\/wp\/v2\/types\/product"}],"wp:featuredmedia":[{"embeddable":true,"href":"https:\/\/madelinefashion.pl\/en\/wp-json\/wp\/v2\/media\/58841"}],"wp:attachment":[{"href":"https:\/\/madelinefashion.pl\/en\/wp-json\/wp\/v2\/media?parent=58990"}],"wp:term":[{"taxonomy":"product_brand","embeddable":true,"href":"https:\/\/madelinefashion.pl\/en\/wp-json\/wp\/v2\/product_brand?post=58990"},{"taxonomy":"product_cat","embeddable":true,"href":"https:\/\/madelinefashion.pl\/en\/wp-json\/wp\/v2\/product_cat?post=58990"},{"taxonomy":"product_tag","embeddable":true,"href":"https:\/\/madelinefashion.pl\/en\/wp-json\/wp\/v2\/product_tag?post=58990"}],"curies":[{"name":"wp","href":"https:\/\/api.w.org\/{rel}","templated":true}]}}

<p>Kurtka Płaszcz Pikowany z Nerką Beżowa Kurtka Płaszcz Pikowany z Nerką Beżowa to nasza propozycja na jesień. Kurtka posiada ozdobnego misia  . Można ją wykorzystać w każdej stylizacji, zarówno do klasycznych jeansów, białego t-shirtu na codzienne wyjścia. Jest to zdecydowany must have w każdej garderobie! Kurtka zapinana jest na dwa guziczki . Jesienna kurtka, która doda każdej</p>
<div class="klb-readmore post-buttons"><a class="button black outline size-sm" href="https://madelinefashion.pl/en/product/kurtka-plaszcz-pikowany-z-nerka-bezowa/">Read More <i class="klbth-icon-right-arrow"></i></a></div>
