{"id":59010,"date":"2022-09-21T17:29:59","date_gmt":"2022-09-21T15:29:59","guid":{"rendered":"https:\/\/madelinefashion.pl\/?post_type=product&#038;p=59010"},"modified":"2026-01-15T12:43:14","modified_gmt":"2026-01-15T11:43:14","slug":"narzutka-flanelowa-w-krate-czarna","status":"publish","type":"product","link":"https:\/\/madelinefashion.pl\/en\/product\/narzutka-flanelowa-w-krate-czarna\/","title":{"rendered":"Black Check Flannelette"},"content":{"rendered":"<h3 style=\"text-align: center;\">Black Check Flannelette<\/h3>\n<p style=\"text-align: center;\"><strong>Black Check Flannelette <\/strong>buttoned up it&#039;s real <strong>season hit<\/strong>. Made of a very fashionable and extremely pleasant material \u2013 &quot;alpaca&quot;. Stylish women&#039;s coat carefully sewn from <strong>warm and pleasant to the touch<\/strong> fabrics. Warm, perfect for fall and spring. Oversized, loose cut suitable for elegant, casual and sports styling.<br \/>\n<strong>The cape is perfect for any occasion.<\/strong>\u00a0In our online store you will find a large selection of coats for unbeatable prices <strong>low price.<br \/>\n<\/strong>Suitable for any style, for everyday wear, but thanks to the right accessories, you can also create an original outfit for the evening<strong>an omantic walk and a business trip<\/strong>. The model is suitable for ladies wearing size <strong>SML XL<\/strong><strong>\u00a0 . Add a fashionable outerwear to your order and stand out from the crowd with an original look for the fall \/ winter season.<\/strong><\/p>\n<h2 style=\"text-align: center;\">Coat dimensions:<\/h2>\n<ul style=\"text-align: center;\">\n<li>Overall length: 95 cm<\/li>\n<li>Width from armpit to armpit: 56-60 cm<\/li>\n<li>Max bust circumference: 120 cm<\/li>\n<li>Sleeve length from the shoulder 50 cm<\/li>\n<\/ul>\n<p style=\"text-align: center;\">Dimensions may slightly differ from the given +\/- 2cm. All dimensions given are measured flat.<\/p>\n<p style=\"text-align: center;\"><strong>\u00a0<\/strong><\/p>\n<table width=\"499\">\n<tbody>\n<tr>\n<td width=\"302\">Model name<\/td>\n<td width=\"302\">Flannelette In Krate<\/td>\n<\/tr>\n<tr>\n<td width=\"302\">Color<\/td>\n<td width=\"302\">Black<\/td>\n<\/tr>\n<tr>\n<td width=\"302\">Collection<\/td>\n<td width=\"302\">Spring \/ Autumn \/ Winter<\/td>\n<\/tr>\n<tr>\n<td width=\"302\">Sizes<\/td>\n<td width=\"302\">Universal<\/td>\n<\/tr>\n<tr>\n<td width=\"302\">Fashion<\/td>\n<td width=\"302\">Oversize<\/td>\n<\/tr>\n<tr>\n<td width=\"302\">Hood<\/td>\n<td width=\"302\">Yes<\/td>\n<\/tr>\n<tr>\n<td width=\"302\">Fastening<\/td>\n<td width=\"302\">Snaps<\/td>\n<\/tr>\n<tr>\n<td width=\"302\">Material<\/td>\n<td width=\"302\">38.4% wool; 23.5% polyester; 15.3% angora; 22.8% viscose<\/td>\n<\/tr>\n<\/tbody>\n<\/table>\n<p style=\"text-align: center;\">The model has\u00a0<strong>169<\/strong>\u00a0cm tall, wears a size every day\u00a0<strong>S.<\/strong><\/p>\n<p style=\"text-align: center;\">The width at the bust is 92 cm<\/p>\n<p style=\"text-align: center;\">Waist width 62 cm<\/p>\n<p style=\"text-align: center;\">The width at the hips is 94 cm<\/p>\n<section class=\"related products mb-80\"><\/section>","protected":false},"excerpt":{"rendered":"<p>Narzutka Flanelowa W Krate Czarna Narzutka Flanelowa W Krate Czarna zapinany na guziki to prawdziwy hit sezonu.\u00a0Wykonany z bardzo modnego i niezwykle przyjemnego materia\u0142u &#8211; &#8222;alpaka&#8221; . Stylowy p\u0142aszcz damski starannie uszyty z ciep\u0142ej i przyjemnej w dotyku tkaniny. Ciep\u0142y, idealny na jesie\u0144 i wiosn\u0119. Oversizeowy, lu\u017any kr\u00f3j pasuj\u0105cy do eleganckiej, casualowej jak i sportowej<\/p>\n<div class=\"klb-readmore post-buttons\"><a class=\"button black outline size-sm\" href=\"https:\/\/madelinefashion.pl\/en\/product\/narzutka-flanelowa-w-krate-czarna\/\">Read More <i class=\"klbth-icon-right-arrow\"><\/i><\/a><\/div>","protected":false},"featured_media":58886,"template":"","meta":[],"product_brand":[],"product_cat":[118,279],"product_tag":[],"class_list":{"0":"post-59010","1":"product","2":"type-product","3":"status-publish","4":"has-post-thumbnail","6":"product_cat-plaszcze","7":"product_cat-plaszcze-wiosenne","9":"first","10":"instock","11":"sale","12":"purchasable","13":"product-type-simple"},"_links":{"self":[{"href":"https:\/\/madelinefashion.pl\/en\/wp-json\/wp\/v2\/product\/59010","targetHints":{"allow":["GET"]}}],"collection":[{"href":"https:\/\/madelinefashion.pl\/en\/wp-json\/wp\/v2\/product"}],"about":[{"href":"https:\/\/madelinefashion.pl\/en\/wp-json\/wp\/v2\/types\/product"}],"wp:featuredmedia":[{"embeddable":true,"href":"https:\/\/madelinefashion.pl\/en\/wp-json\/wp\/v2\/media\/58886"}],"wp:attachment":[{"href":"https:\/\/madelinefashion.pl\/en\/wp-json\/wp\/v2\/media?parent=59010"}],"wp:term":[{"taxonomy":"product_brand","embeddable":true,"href":"https:\/\/madelinefashion.pl\/en\/wp-json\/wp\/v2\/product_brand?post=59010"},{"taxonomy":"product_cat","embeddable":true,"href":"https:\/\/madelinefashion.pl\/en\/wp-json\/wp\/v2\/product_cat?post=59010"},{"taxonomy":"product_tag","embeddable":true,"href":"https:\/\/madelinefashion.pl\/en\/wp-json\/wp\/v2\/product_tag?post=59010"}],"curies":[{"name":"wp","href":"https:\/\/api.w.org\/{rel}","templated":true}]}}

<p>Narzutka Flanelowa W Krate Czarna Narzutka Flanelowa W Krate Czarna zapinany na guziki to prawdziwy hit sezonu. Wykonany z bardzo modnego i niezwykle przyjemnego materiału &#8211; &#8222;alpaka&#8221; . Stylowy płaszcz damski starannie uszyty z ciepłej i przyjemnej w dotyku tkaniny. Ciepły, idealny na jesień i wiosnę. Oversizeowy, luźny krój pasujący do eleganckiej, casualowej jak i sportowej</p>
<div class="klb-readmore post-buttons"><a class="button black outline size-sm" href="https://madelinefashion.pl/en/product/narzutka-flanelowa-w-krate-czarna/">Read More <i class="klbth-icon-right-arrow"></i></a></div>
