{"id":61866,"date":"2022-10-10T11:15:00","date_gmt":"2022-10-10T09:15:00","guid":{"rendered":"https:\/\/madelinefashion.pl\/?post_type=product&#038;p=61866"},"modified":"2025-12-19T11:15:46","modified_gmt":"2025-12-19T10:15:46","slug":"kurtka-zimowa-z-naturalnym-futerkiem-cirros-bezowa","status":"publish","type":"product","link":"https:\/\/madelinefashion.pl\/en\/product\/kurtka-zimowa-z-naturalnym-futerkiem-cirros-bezowa\/","title":{"rendered":"Winter Jacket With Natural Fur Cirros Beige"},"content":{"rendered":"<h3 style=\"text-align: center;\">Winter Jacket With Natural Fur Cirros Beige<\/h3>\n<p style=\"text-align: center;\"><strong>Winter Jacket With Natural Fur Cirros Beige<\/strong> decorated with natural fur on the hood - which can be detached. On cold autumn \/ winter days, you will certainly not feel cold in this jacket. It can be used in any <strong>styling<\/strong>, both for classic jeans, white t-shirt for everyday outings. The jacket has two pockets. A phenomenal fitted jacket available in our e-shop in three color variants. It is resolute <strong>must have<\/strong> in every wardrobe! Thanks to carefully selected accessories, you can easily create unique stylizations. Stand out from the crowd with our jacket. The jacket comes in size<strong>\u00a0 SML XL XXL. <\/strong>We recommend that you measure accurately according to the given dimension table. If you have any further questions about this product, please do not hesitate to contact us by phone or via Facebook.<strong><br \/>\n<\/strong><\/p>\n<h3 style=\"text-align: center;\">Dimensions:<\/h3>\n<p style=\"text-align: center;\"><strong>S.<\/strong><\/p>\n<p style=\"text-align: center;\">Overall length: 71 cm<br \/>\nWidth from armpit to armpit: 46-52 cm<br \/>\nSleeve length from the shoulder: 60 cm<br \/>\nSleeve length from armpit: 44 cm<\/p>\n<p style=\"text-align: center;\"><strong>M.<br \/>\n<\/strong>Overall length: 71 cm<br \/>\nWidth from armpit to armpit: 45-51 cm<br \/>\nSleeve length from the shoulder: 60 cm<br \/>\nSleeve length from armpit: 44 cm<\/p>\n<p style=\"text-align: center;\"><strong>L.<br \/>\n<\/strong>Overall length: 72 cm<br \/>\nWidth from armpit to armpit: 46-52 cm<br \/>\nSleeve length from the shoulder: 61 cm<br \/>\nSleeve length from armpit: 45 cm<\/p>\n<p style=\"text-align: center;\"><strong>XL<\/strong><br \/>\nOverall length: 73 cm<br \/>\nWidth from armpit to armpit: 48-53 cm<br \/>\nSleeve length from the shoulder: 62 cm<br \/>\nSleeve length from armpit: 46 cm<\/p>\n<p style=\"text-align: center;\"><strong>XXL<\/strong><br \/>\nTotal length: 74 cm<br \/>\nWidth from armpit to armpit: 52-56 cm<br \/>\nSleeve length from the shoulder: 64 cm<br \/>\nSleeve length from armpit: 50 cm<\/p>\n<p style=\"text-align: center;\">Dimensions may slightly differ from the given +\/- 2cm. All dimensions given are measured flat.<\/p>\n<table width=\"610\">\n<tbody>\n<tr>\n<td width=\"302\">Model name<\/td>\n<td width=\"302\">Cirros<\/td>\n<\/tr>\n<tr>\n<td width=\"302\">Color<\/td>\n<td width=\"302\">Without<\/td>\n<\/tr>\n<tr>\n<td width=\"302\">Sizes<\/td>\n<td width=\"302\">SML XL XXL<\/td>\n<\/tr>\n<tr>\n<td width=\"302\">Fashion<\/td>\n<td width=\"302\">Matched<\/td>\n<\/tr>\n<tr>\n<td width=\"302\">Hood<\/td>\n<td width=\"302\">Yes<\/td>\n<\/tr>\n<tr>\n<td width=\"302\">Composition<\/td>\n<td width=\"302\">100 % Polyester<\/td>\n<\/tr>\n<\/tbody>\n<\/table>\n<p style=\"text-align: center;\"><span style=\"font-size: 10pt;\">\u00a0<\/span><\/p>\n<p style=\"text-align: center;\">The model has\u00a0<strong>169<\/strong>\u00a0cm tall, wears a size every day\u00a0<strong>S.<\/strong><\/p>\n<p style=\"text-align: center;\">The width at the bust is 92 cm<\/p>\n<p style=\"text-align: center;\">Waist width 62 cm<\/p>\n<p style=\"text-align: center;\">The width at the hips is 94 cm<\/p>\n<p style=\"text-align: center;\">","protected":false},"excerpt":{"rendered":"<p>Kurtka Zimowa Z Naturalnym Futerkiem Cirros Be\u017cowa Kurtka Zimowa Z Naturalnym Futerkiem Cirros Be\u017cowa ozdobiona na kapturze futerkiem naturalnym &#8211; kt\u00f3re mo\u017cna odpi\u0105\u0107.\u00a0 W mro\u017ane jesienne \/ zimowe dni z pewno\u015bci\u0105 w tej kurtce nie odczujesz ch\u0142odu. Mo\u017cna j\u0105 wykorzysta\u0107 w ka\u017cdej stylizacji, zar\u00f3wno do klasycznych jeans\u00f3w, bia\u0142ego t-shirtu na codzienne wyj\u015bcia. Kurtka posiada dwie<\/p>\n<div class=\"klb-readmore post-buttons\"><a class=\"button black outline size-sm\" href=\"https:\/\/madelinefashion.pl\/en\/product\/kurtka-zimowa-z-naturalnym-futerkiem-cirros-bezowa\/\">Read More <i class=\"klbth-icon-right-arrow\"><\/i><\/a><\/div>","protected":false},"featured_media":61796,"template":"","meta":[],"product_brand":[],"product_cat":[117,395],"product_tag":[508],"class_list":{"0":"post-61866","1":"product","2":"type-product","3":"status-publish","4":"has-post-thumbnail","6":"product_cat-kurtki","7":"product_cat-nowosci","8":"product_tag-kurtka-zimowa","9":"pa_rozmiar-xl","10":"pa_rozmiar-xxl","11":"pa_rozmiar-s","12":"pa_rozmiar-m","13":"pa_rozmiar-l","15":"first","16":"instock","17":"sale","18":"purchasable","19":"product-type-variable"},"_links":{"self":[{"href":"https:\/\/madelinefashion.pl\/en\/wp-json\/wp\/v2\/product\/61866","targetHints":{"allow":["GET"]}}],"collection":[{"href":"https:\/\/madelinefashion.pl\/en\/wp-json\/wp\/v2\/product"}],"about":[{"href":"https:\/\/madelinefashion.pl\/en\/wp-json\/wp\/v2\/types\/product"}],"wp:featuredmedia":[{"embeddable":true,"href":"https:\/\/madelinefashion.pl\/en\/wp-json\/wp\/v2\/media\/61796"}],"wp:attachment":[{"href":"https:\/\/madelinefashion.pl\/en\/wp-json\/wp\/v2\/media?parent=61866"}],"wp:term":[{"taxonomy":"product_brand","embeddable":true,"href":"https:\/\/madelinefashion.pl\/en\/wp-json\/wp\/v2\/product_brand?post=61866"},{"taxonomy":"product_cat","embeddable":true,"href":"https:\/\/madelinefashion.pl\/en\/wp-json\/wp\/v2\/product_cat?post=61866"},{"taxonomy":"product_tag","embeddable":true,"href":"https:\/\/madelinefashion.pl\/en\/wp-json\/wp\/v2\/product_tag?post=61866"}],"curies":[{"name":"wp","href":"https:\/\/api.w.org\/{rel}","templated":true}]}}

<p>Kurtka Zimowa Z Naturalnym Futerkiem Cirros Beżowa Kurtka Zimowa Z Naturalnym Futerkiem Cirros Beżowa ozdobiona na kapturze futerkiem naturalnym &#8211; które można odpiąć.  W mroźne jesienne / zimowe dni z pewnością w tej kurtce nie odczujesz chłodu. Można ją wykorzystać w każdej stylizacji, zarówno do klasycznych jeansów, białego t-shirtu na codzienne wyjścia. Kurtka posiada dwie</p>
<div class="klb-readmore post-buttons"><a class="button black outline size-sm" href="https://madelinefashion.pl/en/product/kurtka-zimowa-z-naturalnym-futerkiem-cirros-bezowa/">Read More <i class="klbth-icon-right-arrow"></i></a></div>
