{"id":62303,"date":"2022-10-12T10:29:22","date_gmt":"2022-10-12T08:29:22","guid":{"rendered":"https:\/\/madelinefashion.pl\/?post_type=product&#038;p=62303"},"modified":"2026-03-01T12:58:30","modified_gmt":"2026-03-01T11:58:30","slug":"opaska-z-alpaki-karmelowa","status":"publish","type":"product","link":"https:\/\/madelinefashion.pl\/en\/product\/opaska-z-alpaki-karmelowa\/","title":{"rendered":"Caramel Alpaca headband"},"content":{"rendered":"<h3 style=\"text-align: center;\">Caramel Alpaca headband<\/h3>\n<p style=\"text-align: center;\"><b>Caramel Alpaca headband POLISH PRODUCTION! <\/b>Fashion for the fall and winter season made of nice and pleasant to the touch\u00a0<b>Alpaca<\/b>. Classic, uniform cut that will suit most styles. <strong>Headband made<\/strong>\u00a0 made of fabric imitating alpaca fur.<\/p>\n<form id=\"projector_form\" class=\"projector_details disable\" action=\"https:\/\/www.sklep.kochamczapki.pl\/pl\/basketchange.html\" method=\"post\" data-product_id=\"9107\" data-type=\"product_item\">\n<div class=\"projector_details__wrapper\">\n<div id=\"projector_prices_wrapper\" class=\"projector_details__prices projector_prices\"><\/div>\n<\/div>\n<\/form>\n<ul>\n<li style=\"text-align: center;\"><\/li>\n<li style=\"text-align: center;\">comfortable, does not pinch the head,<\/li>\n<li style=\"text-align: center;\">band width: 9.5 cm<\/li>\n<li style=\"text-align: center;\">many color variants<\/li>\n<\/ul>\n<p>&nbsp;<\/p>\n<p>&nbsp;<\/p>\n<table width=\"611\">\n<tbody>\n<tr>\n<td width=\"302\">Model<\/td>\n<td width=\"302\">Alpaca headband<\/td>\n<\/tr>\n<tr>\n<td width=\"302\">Color<\/td>\n<td width=\"302\">caramel<\/td>\n<\/tr>\n<tr>\n<td width=\"302\">Collection<\/td>\n<td width=\"302\">Spring \/ Fall \/ Winter<\/td>\n<\/tr>\n<tr>\n<td width=\"302\">Sizes<\/td>\n<td width=\"302\">Universal<\/td>\n<\/tr>\n<tr>\n<td width=\"302\">Material<\/td>\n<td width=\"302\">100% acrylic<\/td>\n<\/tr>\n<tr>\n<td width=\"302\">Warmed up<\/td>\n<td width=\"302\">Alpaca<\/td>\n<\/tr>\n<tr>\n<td width=\"302\"><\/td>\n<td width=\"302\"><\/td>\n<\/tr>\n<\/tbody>\n<\/table>\n<p style=\"text-align: center;\">","protected":false},"excerpt":{"rendered":"<p>Opaska z Alpaki Karmelowa Opaska z Alpaki Karmelowa POLSKIEJ PRODUKCJI !! Fason na sezon jesienno-zimowy wykonany z mi\u0142ej i przyjemniej w dotyku\u00a0ALPAKI. Klasyczna, jednolita fason, kt\u00f3ra b\u0119dzie pasowa\u0142 do wi\u0119kszo\u015bci stylizacji. Opaska wykonana\u00a0 z tkaniny imituj\u0105cej futerko alpaki. wygodna, nie uciska g\u0142owy, szeroko\u015b\u0107 opaski : 9,5 cm wiele wariant\u00f3w kolorystycznych &nbsp; &nbsp; Model Opaska z<\/p>\n<div class=\"klb-readmore post-buttons\"><a class=\"button black outline size-sm\" href=\"https:\/\/madelinefashion.pl\/en\/product\/opaska-z-alpaki-karmelowa\/\">Read More <i class=\"klbth-icon-right-arrow\"><\/i><\/a><\/div>","protected":false},"featured_media":62286,"template":"","meta":[],"product_brand":[],"product_cat":[113,395],"product_tag":[],"class_list":{"0":"post-62303","1":"product","2":"type-product","3":"status-publish","4":"has-post-thumbnail","6":"product_cat-dodatki","7":"product_cat-nowosci","9":"first","10":"instock","11":"sale","12":"purchasable","13":"product-type-simple"},"_links":{"self":[{"href":"https:\/\/madelinefashion.pl\/en\/wp-json\/wp\/v2\/product\/62303","targetHints":{"allow":["GET"]}}],"collection":[{"href":"https:\/\/madelinefashion.pl\/en\/wp-json\/wp\/v2\/product"}],"about":[{"href":"https:\/\/madelinefashion.pl\/en\/wp-json\/wp\/v2\/types\/product"}],"wp:featuredmedia":[{"embeddable":true,"href":"https:\/\/madelinefashion.pl\/en\/wp-json\/wp\/v2\/media\/62286"}],"wp:attachment":[{"href":"https:\/\/madelinefashion.pl\/en\/wp-json\/wp\/v2\/media?parent=62303"}],"wp:term":[{"taxonomy":"product_brand","embeddable":true,"href":"https:\/\/madelinefashion.pl\/en\/wp-json\/wp\/v2\/product_brand?post=62303"},{"taxonomy":"product_cat","embeddable":true,"href":"https:\/\/madelinefashion.pl\/en\/wp-json\/wp\/v2\/product_cat?post=62303"},{"taxonomy":"product_tag","embeddable":true,"href":"https:\/\/madelinefashion.pl\/en\/wp-json\/wp\/v2\/product_tag?post=62303"}],"curies":[{"name":"wp","href":"https:\/\/api.w.org\/{rel}","templated":true}]}}

<p>Opaska z Alpaki Karmelowa Opaska z Alpaki Karmelowa POLSKIEJ PRODUKCJI !! Fason na sezon jesienno-zimowy wykonany z miłej i przyjemniej w dotyku ALPAKI. Klasyczna, jednolita fason, która będzie pasował do większości stylizacji. Opaska wykonana  z tkaniny imitującej futerko alpaki. wygodna, nie uciska głowy, szerokość opaski : 9,5 cm wiele wariantów kolorystycznych &nbsp; &nbsp; Model Opaska z</p>
<div class="klb-readmore post-buttons"><a class="button black outline size-sm" href="https://madelinefashion.pl/en/product/opaska-z-alpaki-karmelowa/">Read More <i class="klbth-icon-right-arrow"></i></a></div>
