{"id":69271,"date":"2022-12-02T13:17:14","date_gmt":"2022-12-02T12:17:14","guid":{"rendered":"https:\/\/madelinefashion.pl\/?post_type=product&#038;p=69271"},"modified":"2026-03-01T12:58:23","modified_gmt":"2026-03-01T11:58:23","slug":"opaska-z-alpaki-z-wezelkiem-czarno-biala","status":"publish","type":"product","link":"https:\/\/madelinefashion.pl\/en\/product\/opaska-z-alpaki-z-wezelkiem-czarno-biala\/","title":{"rendered":"Alpaca Knot Headband Black And White"},"content":{"rendered":"<h3 style=\"text-align: center;\">Alpaca Knot Headband Black And White<\/h3>\n<p style=\"text-align: center;\"><b>Alpaca Headband With Knot POLISH PRODUCTION !!<\/b>A great band worn on the forehead protects the ears from the wind. The headband is smooth, with a material resembling alpaca. Perfect for autumn and winter days<\/p>\n<form id=\"projector_form\" class=\"projector_details disable\" action=\"https:\/\/www.sklep.kochamczapki.pl\/pl\/basketchange.html\" method=\"post\" data-product_id=\"9107\" data-type=\"product_item\">\n<div class=\"projector_details__wrapper\">\n<div id=\"projector_prices_wrapper\" class=\"projector_details__prices projector_prices\"><\/div>\n<\/div>\n<\/form>\n<ul>\n<li style=\"text-align: center;\"><\/li>\n<li style=\"text-align: center;\">comfortable, does not pinch the head,<\/li>\n<li style=\"text-align: center;\">band width: 9.5 cm<\/li>\n<li style=\"text-align: center;\">many color variants<\/li>\n<\/ul>\n<p>&nbsp;<\/p>\n<p>&nbsp;<\/p>\n<table width=\"611\">\n<tbody>\n<tr>\n<td width=\"302\">Model<\/td>\n<td width=\"302\">Alpaca Headband With Knot<\/td>\n<\/tr>\n<tr>\n<td width=\"302\">Color<\/td>\n<td width=\"302\">Black and white<\/td>\n<\/tr>\n<tr>\n<td width=\"302\">Collection<\/td>\n<td width=\"302\">Spring \/ Fall \/ Winter<\/td>\n<\/tr>\n<tr>\n<td width=\"302\">Sizes<\/td>\n<td width=\"302\">Universal<\/td>\n<\/tr>\n<tr>\n<td width=\"302\">Material<\/td>\n<td width=\"302\">100% acrylic<\/td>\n<\/tr>\n<tr>\n<td width=\"302\">Warmed up<\/td>\n<td width=\"302\">Alpaca<\/td>\n<\/tr>\n<tr>\n<td width=\"302\"><\/td>\n<td width=\"302\"><\/td>\n<\/tr>\n<\/tbody>\n<\/table>\n<p style=\"text-align: center;\">","protected":false},"excerpt":{"rendered":"<p>Opaska z Alpaki Z W\u0119ze\u0142kiem Czarno- Bia\u0142a Opaska z Alpaki Z W\u0119ze\u0142kiem\u00a0 POLSKIEJ PRODUKCJI !!\u015awietna opaska zak\u0142adana na czo\u0142o, chroni uszy przed wiatrem. Opaska g\u0142adka, materia\u0142em przypominaj\u0105ca alpak\u0119. Idealna na jesienne i zimowe dni wygodna, nie uciska g\u0142owy, szeroko\u015b\u0107 opaski : 9,5 cm wiele wariant\u00f3w kolorystycznych &nbsp; &nbsp; Model Opaska z Alpaki Z W\u0119ze\u0142kiem Kolor<\/p>\n<div class=\"klb-readmore post-buttons\"><a class=\"button black outline size-sm\" href=\"https:\/\/madelinefashion.pl\/en\/product\/opaska-z-alpaki-z-wezelkiem-czarno-biala\/\">Read More <i class=\"klbth-icon-right-arrow\"><\/i><\/a><\/div>","protected":false},"featured_media":69244,"template":"","meta":[],"product_brand":[],"product_cat":[113],"product_tag":[],"class_list":{"0":"post-69271","1":"product","2":"type-product","3":"status-publish","4":"has-post-thumbnail","6":"product_cat-dodatki","8":"first","9":"instock","10":"sale","11":"purchasable","12":"product-type-simple"},"_links":{"self":[{"href":"https:\/\/madelinefashion.pl\/en\/wp-json\/wp\/v2\/product\/69271","targetHints":{"allow":["GET"]}}],"collection":[{"href":"https:\/\/madelinefashion.pl\/en\/wp-json\/wp\/v2\/product"}],"about":[{"href":"https:\/\/madelinefashion.pl\/en\/wp-json\/wp\/v2\/types\/product"}],"wp:featuredmedia":[{"embeddable":true,"href":"https:\/\/madelinefashion.pl\/en\/wp-json\/wp\/v2\/media\/69244"}],"wp:attachment":[{"href":"https:\/\/madelinefashion.pl\/en\/wp-json\/wp\/v2\/media?parent=69271"}],"wp:term":[{"taxonomy":"product_brand","embeddable":true,"href":"https:\/\/madelinefashion.pl\/en\/wp-json\/wp\/v2\/product_brand?post=69271"},{"taxonomy":"product_cat","embeddable":true,"href":"https:\/\/madelinefashion.pl\/en\/wp-json\/wp\/v2\/product_cat?post=69271"},{"taxonomy":"product_tag","embeddable":true,"href":"https:\/\/madelinefashion.pl\/en\/wp-json\/wp\/v2\/product_tag?post=69271"}],"curies":[{"name":"wp","href":"https:\/\/api.w.org\/{rel}","templated":true}]}}

<p>Opaska z Alpaki Z Węzełkiem Czarno- Biała Opaska z Alpaki Z Węzełkiem  POLSKIEJ PRODUKCJI !!Świetna opaska zakładana na czoło, chroni uszy przed wiatrem. Opaska gładka, materiałem przypominająca alpakę. Idealna na jesienne i zimowe dni wygodna, nie uciska głowy, szerokość opaski : 9,5 cm wiele wariantów kolorystycznych &nbsp; &nbsp; Model Opaska z Alpaki Z Węzełkiem Kolor</p>
<div class="klb-readmore post-buttons"><a class="button black outline size-sm" href="https://madelinefashion.pl/en/product/opaska-z-alpaki-z-wezelkiem-czarno-biala/">Read More <i class="klbth-icon-right-arrow"></i></a></div>
