{"id":69677,"date":"2022-12-05T17:31:27","date_gmt":"2022-12-05T16:31:27","guid":{"rendered":"https:\/\/madelinefashion.pl\/?post_type=product&#038;p=69677"},"modified":"2026-03-01T12:58:21","modified_gmt":"2026-03-01T11:58:21","slug":"opaska-ze-wzorem-warkoczowym-czarna","status":"publish","type":"product","link":"https:\/\/madelinefashion.pl\/en\/product\/opaska-ze-wzorem-warkoczowym-czarna\/","title":{"rendered":"Headband With Braid Pattern Black"},"content":{"rendered":"<h3 style=\"text-align: center;\">Headband With Braid Pattern Black<\/h3>\n<h6 style=\"text-align: center;\">A headband with a braided pattern is a warm and elegant head accessory for the cold winter months. This comfortable and practical headband is an interesting alternative to traditional hats for those who love to wear their hair in a ponytail.<\/h6>\n<div class=\"projector_details__wrapper\">\n<div id=\"projector_prices_wrapper\" class=\"projector_details__prices projector_prices\">C.<\/div>\n<\/div>\n<ul>\n<li style=\"text-align: center;\"><\/li>\n<li style=\"text-align: center;\">\n<h6>comfortable, does not pinch the head,<\/h6>\n<\/li>\n<li style=\"text-align: center;\">\n<h6>band width: 9.5 cm<\/h6>\n<\/li>\n<li style=\"text-align: center;\">\n<h6>many color variants<\/h6>\n<\/li>\n<\/ul>\n<p>&nbsp;<\/p>\n<p>&nbsp;<\/p>\n<table width=\"611\">\n<tbody>\n<tr>\n<td width=\"302\">Model<\/td>\n<td width=\"302\">Headband with a braid pattern<\/td>\n<\/tr>\n<tr>\n<td width=\"302\">Color<\/td>\n<td width=\"302\">Black<\/td>\n<\/tr>\n<tr>\n<td width=\"302\">Collection<\/td>\n<td width=\"302\">Spring \/ Fall \/ Winter<\/td>\n<\/tr>\n<tr>\n<td width=\"302\">Sizes<\/td>\n<td width=\"302\">Universal<\/td>\n<\/tr>\n<tr>\n<td width=\"302\">Material<\/td>\n<td width=\"302\">100% acrylic<\/td>\n<\/tr>\n<tr>\n<td width=\"302\"><\/td>\n<td width=\"302\"><\/td>\n<\/tr>\n<tr>\n<td width=\"302\"><\/td>\n<td width=\"302\"><\/td>\n<\/tr>\n<\/tbody>\n<\/table>\n<p style=\"text-align: center;\">","protected":false},"excerpt":{"rendered":"<p>Opaska Ze Wzorem Warkoczowym Czarna Opaska ze wzorem warkoczowym to ciep\u0142y i elegancki dodatek na g\u0142ow\u0119 w okresie mro\u017anej zimy. Wygodna i praktyczna opaska b\u0119dzie ciekaw\u0105 alternatyw\u0105 dla tradycyjnych czapek dla os\u00f3b kt\u00f3re uwielbiaj\u0105 wi\u0105za\u0107 w\u0142osy w kucyk C wygodna, nie uciska g\u0142owy, szeroko\u015b\u0107 opaski : 9,5 cm wiele wariant\u00f3w kolorystycznych &nbsp; &nbsp; Model Opaska<\/p>\n<div class=\"klb-readmore post-buttons\"><a class=\"button black outline size-sm\" href=\"https:\/\/madelinefashion.pl\/en\/product\/opaska-ze-wzorem-warkoczowym-czarna\/\">Read More <i class=\"klbth-icon-right-arrow\"><\/i><\/a><\/div>","protected":false},"featured_media":69670,"template":"","meta":[],"product_brand":[],"product_cat":[395,113],"product_tag":[],"class_list":{"0":"post-69677","1":"product","2":"type-product","3":"status-publish","4":"has-post-thumbnail","6":"product_cat-nowosci","7":"product_cat-dodatki","9":"first","10":"instock","11":"sale","12":"purchasable","13":"product-type-simple"},"_links":{"self":[{"href":"https:\/\/madelinefashion.pl\/en\/wp-json\/wp\/v2\/product\/69677","targetHints":{"allow":["GET"]}}],"collection":[{"href":"https:\/\/madelinefashion.pl\/en\/wp-json\/wp\/v2\/product"}],"about":[{"href":"https:\/\/madelinefashion.pl\/en\/wp-json\/wp\/v2\/types\/product"}],"wp:featuredmedia":[{"embeddable":true,"href":"https:\/\/madelinefashion.pl\/en\/wp-json\/wp\/v2\/media\/69670"}],"wp:attachment":[{"href":"https:\/\/madelinefashion.pl\/en\/wp-json\/wp\/v2\/media?parent=69677"}],"wp:term":[{"taxonomy":"product_brand","embeddable":true,"href":"https:\/\/madelinefashion.pl\/en\/wp-json\/wp\/v2\/product_brand?post=69677"},{"taxonomy":"product_cat","embeddable":true,"href":"https:\/\/madelinefashion.pl\/en\/wp-json\/wp\/v2\/product_cat?post=69677"},{"taxonomy":"product_tag","embeddable":true,"href":"https:\/\/madelinefashion.pl\/en\/wp-json\/wp\/v2\/product_tag?post=69677"}],"curies":[{"name":"wp","href":"https:\/\/api.w.org\/{rel}","templated":true}]}}

<p>Opaska Ze Wzorem Warkoczowym Czarna Opaska ze wzorem warkoczowym to ciepły i elegancki dodatek na głowę w okresie mroźnej zimy. Wygodna i praktyczna opaska będzie ciekawą alternatywą dla tradycyjnych czapek dla osób które uwielbiają wiązać włosy w kucyk C wygodna, nie uciska głowy, szerokość opaski : 9,5 cm wiele wariantów kolorystycznych &nbsp; &nbsp; Model Opaska</p>
<div class="klb-readmore post-buttons"><a class="button black outline size-sm" href="https://madelinefashion.pl/en/product/opaska-ze-wzorem-warkoczowym-czarna/">Read More <i class="klbth-icon-right-arrow"></i></a></div>
