{"id":70140,"date":"2022-12-08T15:38:36","date_gmt":"2022-12-08T14:38:36","guid":{"rendered":"https:\/\/madelinefashion.pl\/?post_type=product&#038;p=70140"},"modified":"2026-03-01T12:58:18","modified_gmt":"2026-03-01T11:58:18","slug":"komplet-czapka-smerfetka-komin-alpaka-jasno-szary","status":"publish","type":"product","link":"https:\/\/madelinefashion.pl\/en\/product\/komplet-czapka-smerfetka-komin-alpaka-jasno-szary\/","title":{"rendered":"Set: Smurfette hat + Alpaca Neck Light Gray"},"content":{"rendered":"<h3 style=\"text-align: center;\">Set: Smurfette hat + Alpaca Neck Light Gray<\/h3>\n<p style=\"text-align: center;\"><b>Set: Smurfette hat + Alpaca chimney Dark Gray POLISH PRODUCTION !! <\/b>Fashion for the fall and winter season made of nice and pleasant to the touch\u00a0<b>Alpaca<\/b>. A classic, uniform cut that will suit most styles.\u00a0<b>Elegant and feminine. <\/b>Winter set made of fabric imitating alpaca fur. The set includes a smurfette hat and a high neck warmer.<\/p>\n<form id=\"projector_form\" class=\"projector_details disable\" action=\"https:\/\/www.sklep.kochamczapki.pl\/pl\/basketchange.html\" method=\"post\" data-product_id=\"9107\" data-type=\"product_item\">\n<div class=\"projector_details__wrapper\">\n<div id=\"projector_prices_wrapper\" class=\"projector_details__prices projector_prices\"><\/div>\n<\/div>\n<\/form>\n<p style=\"text-align: center;\"><b>Hat:<\/b><\/p>\n<ul>\n<li style=\"text-align: center;\">double material,<\/li>\n<li style=\"text-align: center;\">comfortable, does not pinch the head,<\/li>\n<li style=\"text-align: center;\">cap length 28 cm<\/li>\n<li style=\"text-align: center;\">universal circumference 36-58 cm<\/li>\n<li style=\"text-align: center;\">many color variants<\/li>\n<\/ul>\n<p>&nbsp;<\/p>\n<p>&nbsp;<\/p>\n<table width=\"611\">\n<tbody>\n<tr>\n<td width=\"302\">Model<\/td>\n<td width=\"302\">Set: Smurfette hat + Alpaca chimney<\/td>\n<\/tr>\n<tr>\n<td width=\"302\">Color<\/td>\n<td width=\"302\">Light Gray<\/td>\n<\/tr>\n<tr>\n<td width=\"302\">Collection<\/td>\n<td width=\"302\">Spring \/ Fall \/ Winter<\/td>\n<\/tr>\n<tr>\n<td width=\"302\">Sizes<\/td>\n<td width=\"302\">Universal<\/td>\n<\/tr>\n<tr>\n<td width=\"302\">Chimney<\/td>\n<td width=\"302\">Yes<\/td>\n<\/tr>\n<tr>\n<td width=\"302\">Warmed up<\/td>\n<td width=\"302\">Alpaca<\/td>\n<\/tr>\n<tr>\n<td width=\"302\">Material<\/td>\n<td width=\"302\">100% acrylic<\/td>\n<\/tr>\n<\/tbody>\n<\/table>\n<p style=\"text-align: center;\">","protected":false},"excerpt":{"rendered":"<p>Komplet Czapka Smerfetka+ Komin Alpaka Jasno Szary Komplet Czapka Smerfetka+ Komin Alpaka Ciemno Szary POLSKIEJ PRODUKCJI !! Fason na sezon jesienno-zimowy wykonany z mi\u0142ej i przyjemniej w dotyku\u00a0ALPAKI. Klasyczny, jednolity fason, kt\u00f3ry b\u0119dzie pasowa\u0142 do wi\u0119kszo\u015bci stylizacji.\u00a0Elegancki i kobiecy. Komplet zimowy wykonany\u00a0 z tkaniny imituj\u0105cej futerko alpaki. W sk\u0142ad kompletu wchodzi czapka smerfetka i wysoki<\/p>\n<div class=\"klb-readmore post-buttons\"><a class=\"button black outline size-sm\" href=\"https:\/\/madelinefashion.pl\/en\/product\/komplet-czapka-smerfetka-komin-alpaka-jasno-szary\/\">Read More <i class=\"klbth-icon-right-arrow\"><\/i><\/a><\/div>","protected":false},"featured_media":70120,"template":"","meta":[],"product_brand":[],"product_cat":[115,395],"product_tag":[],"class_list":{"0":"post-70140","1":"product","2":"type-product","3":"status-publish","4":"has-post-thumbnail","6":"product_cat-czapki","7":"product_cat-nowosci","9":"first","10":"instock","11":"sale","12":"purchasable","13":"product-type-simple"},"_links":{"self":[{"href":"https:\/\/madelinefashion.pl\/en\/wp-json\/wp\/v2\/product\/70140","targetHints":{"allow":["GET"]}}],"collection":[{"href":"https:\/\/madelinefashion.pl\/en\/wp-json\/wp\/v2\/product"}],"about":[{"href":"https:\/\/madelinefashion.pl\/en\/wp-json\/wp\/v2\/types\/product"}],"wp:featuredmedia":[{"embeddable":true,"href":"https:\/\/madelinefashion.pl\/en\/wp-json\/wp\/v2\/media\/70120"}],"wp:attachment":[{"href":"https:\/\/madelinefashion.pl\/en\/wp-json\/wp\/v2\/media?parent=70140"}],"wp:term":[{"taxonomy":"product_brand","embeddable":true,"href":"https:\/\/madelinefashion.pl\/en\/wp-json\/wp\/v2\/product_brand?post=70140"},{"taxonomy":"product_cat","embeddable":true,"href":"https:\/\/madelinefashion.pl\/en\/wp-json\/wp\/v2\/product_cat?post=70140"},{"taxonomy":"product_tag","embeddable":true,"href":"https:\/\/madelinefashion.pl\/en\/wp-json\/wp\/v2\/product_tag?post=70140"}],"curies":[{"name":"wp","href":"https:\/\/api.w.org\/{rel}","templated":true}]}}

<p>Komplet Czapka Smerfetka+ Komin Alpaka Jasno Szary Komplet Czapka Smerfetka+ Komin Alpaka Ciemno Szary POLSKIEJ PRODUKCJI !! Fason na sezon jesienno-zimowy wykonany z miłej i przyjemniej w dotyku ALPAKI. Klasyczny, jednolity fason, który będzie pasował do większości stylizacji. Elegancki i kobiecy. Komplet zimowy wykonany  z tkaniny imitującej futerko alpaki. W skład kompletu wchodzi czapka smerfetka i wysoki</p>
<div class="klb-readmore post-buttons"><a class="button black outline size-sm" href="https://madelinefashion.pl/en/product/komplet-czapka-smerfetka-komin-alpaka-jasno-szary/">Read More <i class="klbth-icon-right-arrow"></i></a></div>
