{"id":70199,"date":"2022-12-08T16:43:49","date_gmt":"2022-12-08T15:43:49","guid":{"rendered":"https:\/\/madelinefashion.pl\/?post_type=product&#038;p=70199"},"modified":"2026-03-01T12:58:18","modified_gmt":"2026-03-01T11:58:18","slug":"swiateczne-skarpety-czerwone-rudolf","status":"publish","type":"product","link":"https:\/\/madelinefashion.pl\/en\/product\/swiateczne-skarpety-czerwone-rudolf\/","title":{"rendered":"Christmas Red Rudolf Socks"},"content":{"rendered":"<h3 style=\"text-align: center;\">Christmas Red Rudolf Socks<\/h3>\n<p style=\"text-align: center;\">\u00a0Holidays are almost here, so it&#039;s high time to think about preparations, also those related to refreshing your wardrobe. In our store you will find <a href=\"https:\/\/madelinefashion.pl\/en\/product-tag\/swiateczny\/\"><strong>Christmas clothes<\/strong><\/a>that will make you feel again <strong>the magic of Christmas.<\/strong> <strong>Festive character <\/strong>it will work both on a daily basis<strong>, <\/strong>and during dinner <b>Christmas Eve.<\/b><\/p>\n<p style=\"text-align: center;\">Funny Christmas socks with a Christmas theme, who doesn&#039;t like it\u00a0<strong>Rudolph reindeer<\/strong>\ud83d\ude09 It brings to mind the most wonderful time of the year, this winter time :) We can&#039;t wait :) Our warm Christmas socks will take care of your good mood, comfort in wearing due to the pleasant to the touch material.<\/p>","protected":false},"excerpt":{"rendered":"<p>\u015awi\u0105teczne Skarpety Czerwone Rudolf \u00a0\u015awi\u0119ta ju\u017c za pasem, wi\u0119c najwy\u017csza pora pomy\u015ble\u0107 o przygotowaniach, r\u00f3wnie\u017c tych zwi\u0105zanych z od\u015bwie\u017ceniem garderoby. W Naszym sklepie znajdziesz \u015bwi\u0105teczne ubrania, dzi\u0119ki kt\u00f3rym na nowo poczujesz magi\u0119 \u015bwi\u0105t Bo\u017cego Narodzenia. \u015awi\u0105teczny charakter sprawdzi si\u0119 zar\u00f3wno na co dzie\u0144, jak i podczas kolacji wigilijnej. Zabawne \u015bwi\u0105teczne skarpety z motywem \u015bwi\u0105tecznym, kto<\/p>\n<div class=\"klb-readmore post-buttons\"><a class=\"button black outline size-sm\" href=\"https:\/\/madelinefashion.pl\/en\/product\/swiateczne-skarpety-czerwone-rudolf\/\">Read More <i class=\"klbth-icon-right-arrow\"><\/i><\/a><\/div>","protected":false},"featured_media":70178,"template":"","meta":[],"product_brand":[],"product_cat":[113],"product_tag":[473,491],"class_list":{"0":"post-70199","1":"product","2":"type-product","3":"status-publish","4":"has-post-thumbnail","6":"product_cat-dodatki","7":"product_tag-kolekcja-swiateczna","8":"product_tag-skarpetki-swiateczne","10":"first","11":"instock","12":"sale","13":"purchasable","14":"product-type-simple"},"_links":{"self":[{"href":"https:\/\/madelinefashion.pl\/en\/wp-json\/wp\/v2\/product\/70199","targetHints":{"allow":["GET"]}}],"collection":[{"href":"https:\/\/madelinefashion.pl\/en\/wp-json\/wp\/v2\/product"}],"about":[{"href":"https:\/\/madelinefashion.pl\/en\/wp-json\/wp\/v2\/types\/product"}],"wp:featuredmedia":[{"embeddable":true,"href":"https:\/\/madelinefashion.pl\/en\/wp-json\/wp\/v2\/media\/70178"}],"wp:attachment":[{"href":"https:\/\/madelinefashion.pl\/en\/wp-json\/wp\/v2\/media?parent=70199"}],"wp:term":[{"taxonomy":"product_brand","embeddable":true,"href":"https:\/\/madelinefashion.pl\/en\/wp-json\/wp\/v2\/product_brand?post=70199"},{"taxonomy":"product_cat","embeddable":true,"href":"https:\/\/madelinefashion.pl\/en\/wp-json\/wp\/v2\/product_cat?post=70199"},{"taxonomy":"product_tag","embeddable":true,"href":"https:\/\/madelinefashion.pl\/en\/wp-json\/wp\/v2\/product_tag?post=70199"}],"curies":[{"name":"wp","href":"https:\/\/api.w.org\/{rel}","templated":true}]}}

<p>Świąteczne Skarpety Czerwone Rudolf  Święta już za pasem, więc najwyższa pora pomyśleć o przygotowaniach, również tych związanych z odświeżeniem garderoby. W Naszym sklepie znajdziesz świąteczne ubrania, dzięki którym na nowo poczujesz magię świąt Bożego Narodzenia. Świąteczny charakter sprawdzi się zarówno na co dzień, jak i podczas kolacji wigilijnej. Zabawne świąteczne skarpety z motywem świątecznym, kto</p>
<div class="klb-readmore post-buttons"><a class="button black outline size-sm" href="https://madelinefashion.pl/en/product/swiateczne-skarpety-czerwone-rudolf/">Read More <i class="klbth-icon-right-arrow"></i></a></div>
