{"id":75571,"date":"2023-01-31T11:55:22","date_gmt":"2023-01-31T10:55:22","guid":{"rendered":"https:\/\/madelinefashion.pl\/?post_type=product&#038;p=75571"},"modified":"2026-03-19T17:02:43","modified_gmt":"2026-03-19T16:02:43","slug":"ramoneska-czarna-ze-zlotym-zamkiem-2","status":"publish","type":"product","link":"https:\/\/madelinefashion.pl\/en\/product\/ramoneska-czarna-ze-zlotym-zamkiem-2\/","title":{"rendered":"Black Ramones jacket with a golden zipper"},"content":{"rendered":"<h3 style=\"text-align: center;\">Black Ramones jacket with a golden zipper<\/h3>\n<p style=\"text-align: center;\"><strong>Black biker jacket <\/strong>is one of our proposals for the coming colder days. It can be used in any styling, both for classic jeans, a white t-shirt for everyday outings, as well as for women&#039;s dresses, adding a rocky look. <strong>character<\/strong>. It is a definite one <strong>must have<\/strong> in every wardrobe! The simple, collarless cut is complemented by a gold zipper that adds chic and elegance. With carefully selected accessories, you can easily create unique outfits for social events or celebrations. Stand out from the crowd with our faux leather jacket. The biker jacket is available in sizes<strong> SML. <\/strong>The jacket is from the renowned Drole company.<strong><br \/>\n<\/strong>If you have any questions, we are here to help.<\/p>\n<p style=\"text-align: center;\"><span style=\"font-size: 10pt;\"><em>European product<br \/>\n<\/em><\/span><\/p>\n<h3 style=\"text-align: center;\">Dimensions:<\/h3>\n<p style=\"text-align: center;\"><strong>S.<br \/>\n<\/strong>Width from armpit to armpit: 2 \u00d7 44 cm<br \/>\nShoulder width: 2 \u00d7 38 cm<br \/>\nWaist width: 2 \u00d7 38 cm<br \/>\nSleeve length from the shoulder: 59 cm<br \/>\nTotal length: 50cm<\/p>\n<p style=\"text-align: center;\"><strong>M.<br \/>\n<\/strong>Width from armpit to armpit: 2 \u00d7 46 cm<br \/>\nShoulder width: 2 \u00d7 40 cm<br \/>\nWaist width: 2 \u00d7 40 cm<br \/>\nSleeve length from the shoulder: 60 cm<br \/>\nTotal length: 51cm<br \/>\n<strong><br \/>\nL.<br \/>\n<\/strong>Width from armpit to armpit: 2 \u00d7 48 cm<br \/>\nShoulder width: 2 \u00d7 42 cm<br \/>\nWaist width: 2 \u00d7 42 cm<br \/>\nSleeve length from the shoulder: 61 cm<br \/>\nOverall length: 52 cm<\/p>\n<p style=\"text-align: center;\">Dimensions may slightly differ from the given +\/- 2cm. All dimensions given are measured flat.<\/p>\n<p style=\"text-align: center;\"><span style=\"font-size: 10pt;\">\u00a0<\/span><\/p>\n<p style=\"text-align: center;\">\u00a0The model has\u00a0<strong>169<\/strong>\u00a0cm tall, wears a size every day\u00a0<strong>S.<\/strong><\/p>\n<p style=\"text-align: center;\">The width at the bust is 92 cm<\/p>\n<p style=\"text-align: center;\">Waist width 62 cm<\/p>\n<p style=\"text-align: center;\">The width at the hips is 94 cm<\/p>\n<p style=\"text-align: center;\"><span style=\"font-size: 10pt;\">\u00a0<\/span><\/p>\n<p style=\"text-align: center;\">","protected":false},"excerpt":{"rendered":"<p>Ramoneska Czarna Ze Z\u0142otym Zamkiem Czarna ramoneska to jedna z naszych propozycji na nadchodz\u0105ce ch\u0142odniejsze dni. Mo\u017cna j\u0105 wykorzysta\u0107 w ka\u017cdej stylizacji, zar\u00f3wno do klasycznych jeans\u00f3w, bia\u0142ego t-shirtu na codzienne wyj\u015bcia, jak i do kobiecych sukienek dodaj\u0105c im rockowego charakteru. Jest to zdecydowany must have w ka\u017cdej garderobie! Prosty kr\u00f3j, bez ko\u0142nierzyka, uzupe\u0142niony jest o<\/p>\n<div class=\"klb-readmore post-buttons\"><a class=\"button black outline size-sm\" href=\"https:\/\/madelinefashion.pl\/en\/product\/ramoneska-czarna-ze-zlotym-zamkiem-2\/\">Read More <i class=\"klbth-icon-right-arrow\"><\/i><\/a><\/div>","protected":false},"featured_media":75563,"template":"","meta":[],"product_brand":[],"product_cat":[117,395],"product_tag":[295],"class_list":{"0":"post-75571","1":"product","2":"type-product","3":"status-publish","4":"has-post-thumbnail","6":"product_cat-kurtki","7":"product_cat-nowosci","8":"product_tag-ramoneski","9":"pa_rozmiar-s","10":"pa_rozmiar-m","11":"pa_rozmiar-l","13":"first","14":"instock","15":"sale","16":"purchasable","17":"product-type-variable"},"_links":{"self":[{"href":"https:\/\/madelinefashion.pl\/en\/wp-json\/wp\/v2\/product\/75571","targetHints":{"allow":["GET"]}}],"collection":[{"href":"https:\/\/madelinefashion.pl\/en\/wp-json\/wp\/v2\/product"}],"about":[{"href":"https:\/\/madelinefashion.pl\/en\/wp-json\/wp\/v2\/types\/product"}],"wp:featuredmedia":[{"embeddable":true,"href":"https:\/\/madelinefashion.pl\/en\/wp-json\/wp\/v2\/media\/75563"}],"wp:attachment":[{"href":"https:\/\/madelinefashion.pl\/en\/wp-json\/wp\/v2\/media?parent=75571"}],"wp:term":[{"taxonomy":"product_brand","embeddable":true,"href":"https:\/\/madelinefashion.pl\/en\/wp-json\/wp\/v2\/product_brand?post=75571"},{"taxonomy":"product_cat","embeddable":true,"href":"https:\/\/madelinefashion.pl\/en\/wp-json\/wp\/v2\/product_cat?post=75571"},{"taxonomy":"product_tag","embeddable":true,"href":"https:\/\/madelinefashion.pl\/en\/wp-json\/wp\/v2\/product_tag?post=75571"}],"curies":[{"name":"wp","href":"https:\/\/api.w.org\/{rel}","templated":true}]}}

<p>Ramoneska Czarna Ze Złotym Zamkiem Czarna ramoneska to jedna z naszych propozycji na nadchodzące chłodniejsze dni. Można ją wykorzystać w każdej stylizacji, zarówno do klasycznych jeansów, białego t-shirtu na codzienne wyjścia, jak i do kobiecych sukienek dodając im rockowego charakteru. Jest to zdecydowany must have w każdej garderobie! Prosty krój, bez kołnierzyka, uzupełniony jest o</p>
<div class="klb-readmore post-buttons"><a class="button black outline size-sm" href="https://madelinefashion.pl/en/product/ramoneska-czarna-ze-zlotym-zamkiem-2/">Read More <i class="klbth-icon-right-arrow"></i></a></div>
