{"id":79468,"date":"2023-03-02T15:55:46","date_gmt":"2023-03-02T14:55:46","guid":{"rendered":"https:\/\/madelinefashion.pl\/?post_type=product&#038;p=79468"},"modified":"2026-03-01T12:58:08","modified_gmt":"2026-03-01T11:58:08","slug":"torebka-kopertowa-szara-laura-biaggi","status":"publish","type":"product","link":"https:\/\/madelinefashion.pl\/en\/product\/torebka-kopertowa-szara-laura-biaggi\/","title":{"rendered":"Gray Laura Biaggi Clutch Bag"},"content":{"rendered":"<h3 style=\"text-align: center;\">Gray Laura Biaggi Clutch Bag<\/h3>\n<p style=\"text-align: center;\">A handbag is an essential part of an evening outfit. This model is characterized not only by its practicality, but also elegance. An elegant handbag will be perfect for every woman who follows the latest fashion trends. LAURA BIAGGI handbags are designed so that they can be easily combined with various styles. We recommend a delicate handbag that will beautifully complement and emphasize your look. The bag in the set has a chain.<\/p>\n<p>&nbsp;<\/p>\n<h3 style=\"text-align: center;\">Characteristics:<\/h3>\n<p>&nbsp;<\/p>\n<p style=\"text-align: center;\">evening<\/p>\n<p style=\"text-align: center;\">perfect for a wedding \/ prom \/ prom<\/p>\n<p>&nbsp;<\/p>\n<h3 style=\"text-align: center;\">Bag dimensions:<\/h3>\n<ul style=\"text-align: center;\">\n<li>height - 15 cm<\/li>\n<li>width -28 cm<br \/>\ndepth \u2013 3 cm<\/li>\n<li><\/li>\n<\/ul>","protected":false},"excerpt":{"rendered":"<p>Torebka Kopertowa Szara Laura Biaggi Torebka, to niezb\u0119dny cz\u0119\u015b\u0107 stylizacji wieczorowej. Ten model charakteryzuje si\u0119 nie tylko sw\u0105 praktyczno\u015bci\u0105, ale r\u00f3wnie\u017c elegancj\u0105.\u00a0 Elegancka torebka sprawdzi si\u0119 idealnie\u00a0 dla ka\u017cdej kobiety pod\u0105\u017caj\u0105cej za najnowszymi trendami w modzie. Torebki marki LAURA BIAGGI s\u0105 zaprojektowane tak, aby mo\u017cna je by\u0142o \u0142atwo \u0142\u0105czy\u0107 z r\u00f3\u017cnymi stylizacjami. Polecamy delikatn\u0105 torebk\u0119<\/p>\n<div class=\"klb-readmore post-buttons\"><a class=\"button black outline size-sm\" href=\"https:\/\/madelinefashion.pl\/en\/product\/torebka-kopertowa-szara-laura-biaggi\/\">Read More <i class=\"klbth-icon-right-arrow\"><\/i><\/a><\/div>","protected":false},"featured_media":79436,"template":"","meta":[],"product_brand":[],"product_cat":[113],"product_tag":[504,412],"class_list":{"0":"post-79468","1":"product","2":"type-product","3":"status-publish","4":"has-post-thumbnail","6":"product_cat-dodatki","7":"product_tag-party-time","8":"product_tag-torebki-damskie","10":"first","11":"instock","12":"sale","13":"purchasable","14":"product-type-simple"},"_links":{"self":[{"href":"https:\/\/madelinefashion.pl\/en\/wp-json\/wp\/v2\/product\/79468","targetHints":{"allow":["GET"]}}],"collection":[{"href":"https:\/\/madelinefashion.pl\/en\/wp-json\/wp\/v2\/product"}],"about":[{"href":"https:\/\/madelinefashion.pl\/en\/wp-json\/wp\/v2\/types\/product"}],"wp:featuredmedia":[{"embeddable":true,"href":"https:\/\/madelinefashion.pl\/en\/wp-json\/wp\/v2\/media\/79436"}],"wp:attachment":[{"href":"https:\/\/madelinefashion.pl\/en\/wp-json\/wp\/v2\/media?parent=79468"}],"wp:term":[{"taxonomy":"product_brand","embeddable":true,"href":"https:\/\/madelinefashion.pl\/en\/wp-json\/wp\/v2\/product_brand?post=79468"},{"taxonomy":"product_cat","embeddable":true,"href":"https:\/\/madelinefashion.pl\/en\/wp-json\/wp\/v2\/product_cat?post=79468"},{"taxonomy":"product_tag","embeddable":true,"href":"https:\/\/madelinefashion.pl\/en\/wp-json\/wp\/v2\/product_tag?post=79468"}],"curies":[{"name":"wp","href":"https:\/\/api.w.org\/{rel}","templated":true}]}}

<p>Torebka Kopertowa Szara Laura Biaggi Torebka, to niezbędny część stylizacji wieczorowej. Ten model charakteryzuje się nie tylko swą praktycznością, ale również elegancją.  Elegancka torebka sprawdzi się idealnie  dla każdej kobiety podążającej za najnowszymi trendami w modzie. Torebki marki LAURA BIAGGI są zaprojektowane tak, aby można je było łatwo łączyć z różnymi stylizacjami. Polecamy delikatną torebkę</p>
<div class="klb-readmore post-buttons"><a class="button black outline size-sm" href="https://madelinefashion.pl/en/product/torebka-kopertowa-szara-laura-biaggi/">Read More <i class="klbth-icon-right-arrow"></i></a></div>
