{"id":80144,"date":"2023-03-10T15:39:29","date_gmt":"2023-03-10T14:39:29","guid":{"rendered":"https:\/\/madelinefashion.pl\/?post_type=product&#038;p=80144"},"modified":"2025-12-07T08:44:37","modified_gmt":"2025-12-07T07:44:37","slug":"spodnica-rozkloszowana-mini-granatowa","status":"publish","type":"product","link":"https:\/\/madelinefashion.pl\/en\/product\/spodnica-rozkloszowana-mini-granatowa\/","title":{"rendered":"Flared Mini Navy Blue Skirt"},"content":{"rendered":"<h3 style=\"text-align: center;\">Flared Mini Navy Blue Skirt<\/h3>\n<p><strong>A flared mini skirt in navy blue is the perfect proposition <\/strong>\u00a0for spring and summer days. Beautiful cut and light material will make you feel very comfortable and feminine. Flared skirts are ideal for evening outings and important celebrations. Flared skirt available in <strong>sizes from 34 to 42.\u00a0 <\/strong>Pleated cut and mini length optically lengthen the legs. Fastened at the back with a zipper. <strong>Extremely airy and girlish skirt is perfect for spring and summer days.\u00a0\u00a0<\/strong>The model is perfect for different types of silhouettes thanks to the classic A-line and a small amount of fabric around the waist. In our store you will find\u00a0<strong>a wide range of colors<\/strong> those gorgeous flared skirts. In our store you can also match bodysuits: <a href=\"https:\/\/madelinefashion.pl\/en\/?s=koronkowe&amp;post_type=product\">lace<\/a>, <a href=\"https:\/\/madelinefashion.pl\/en\/?s=kopertowe&amp;post_type=product\">envelope\u00a0<\/a> complete with a skirt.<\/p>\n<h3 style=\"text-align: center;\">Skirt dimensions:<\/h3>\n<p style=\"text-align: center;\"><strong>34 \/ XS<\/strong><\/p>\n<p style=\"text-align: center;\">Overall length: 46 cm<br \/>\nWaist width: 32 cm x2<\/p>\n<p style=\"text-align: center;\"><strong>36 \/ S<\/strong><\/p>\n<p style=\"text-align: center;\">Overall length: 47 cm<br \/>\nWaist width: 34 cm x2<\/p>\n<p style=\"text-align: center;\"><strong>38 \/ M<\/strong><\/p>\n<p style=\"text-align: center;\">Overall length: 48 cm<br \/>\nWaist width: 36 cm x2<\/p>\n<p style=\"text-align: center;\"><strong>40 \/ L<\/strong><\/p>\n<p style=\"text-align: center;\">Overall length: 50 cm<br \/>\nWaist width: 38 cm x2<\/p>\n<p style=\"text-align: center;\"><strong>42 \/ XL<\/strong><\/p>\n<p style=\"text-align: center;\">Overall length: 52 cm<br \/>\nWaist width: 40 cm x2<\/p>\n<p style=\"text-align: center;\">Dimensions may slightly differ from the given +\/- 2cm. All dimensions given are measured flat. X2 dimension<\/p>\n<h3 style=\"text-align: center;\">\u00a0Product characteristics:<\/h3>\n<p style=\"text-align: center;\">\u2013 Type: mini skirt<br \/>\n\u2013 <strong>Polish product<\/strong><br \/>\n- Flared<br \/>\n- Fastened with a zipper<br \/>\n- Pleated<br \/>\n- Solid colors<\/p>\n<table class=\"table\" width=\"598\">\n<tbody>\n<tr>\n<td width=\"302\">Model name<\/td>\n<td width=\"302\">Flared Mini Skirt<\/td>\n<\/tr>\n<tr>\n<td width=\"302\">Color<\/td>\n<td width=\"302\">Navy<\/td>\n<\/tr>\n<tr>\n<td width=\"302\">Collection<\/td>\n<td width=\"302\">Spring Summer<\/td>\n<\/tr>\n<tr>\n<td width=\"302\">Sizes<\/td>\n<td width=\"302\">XS SML XL<\/td>\n<\/tr>\n<tr>\n<td width=\"302\">Fashion<\/td>\n<td width=\"302\">Flared<\/td>\n<\/tr>\n<tr>\n<td width=\"302\">Length<\/td>\n<td width=\"302\">Mini<\/td>\n<\/tr>\n<tr>\n<td width=\"302\">Material<\/td>\n<td width=\"302\">95% Viscose 5% Elastane<\/td>\n<\/tr>\n<\/tbody>\n<\/table>\n<div class=\"tabs tabs-bb clear mb-80\">\n<div class=\"tab-content\">\n<div id=\"tab-description\" class=\"tab-pane fade in woocommerce-Tabs-panel--description active\">\n<p style=\"text-align: center;\">The model has\u00a0<strong>169<\/strong>\u00a0cm tall, wears a size every day\u00a0<strong>S.<\/strong><\/p>\n<p style=\"text-align: center;\">The width at the bust is 92 cm<\/p>\n<p style=\"text-align: center;\">Waist width 62 cm<\/p>\n<p style=\"text-align: center;\">The width at the hips is 94 cm<\/p>\n<\/div>\n<\/div>\n<\/div>\n<section class=\"up-sells upsells products mb-80\"><\/section>","protected":false},"excerpt":{"rendered":"<p>Sp\u00f3dnica Rozkloszowana Mini Granatowa Sp\u00f3dnica Mini Rozkloszowana w kolorze granatowym to idealna propozycja \u00a0na wiosenne i letnie dni. Pi\u0119kny kr\u00f3j i lekki materia\u0142 sprawi\u0105, \u017ce poczujesz si\u0119 bardzo wygodnie i kobieco. Sp\u00f3dnice rozkloszowane to idea\u0142 na wieczorne wyj\u015bcia i wa\u017cne uroczysto\u015bci.\u00a0 Sp\u00f3dnica rozkloszowana dost\u0119pna w rozmiarach od 34 do 42.\u00a0 Plisowany kr\u00f3j oraz d\u0142ugo\u015b\u0107 mini<\/p>\n<div class=\"klb-readmore post-buttons\"><a class=\"button black outline size-sm\" href=\"https:\/\/madelinefashion.pl\/en\/product\/spodnica-rozkloszowana-mini-granatowa\/\">Read More <i class=\"klbth-icon-right-arrow\"><\/i><\/a><\/div>","protected":false},"featured_media":80123,"template":"","meta":[],"product_brand":[],"product_cat":[106,81,107],"product_tag":[],"class_list":{"0":"post-80144","1":"product","2":"type-product","3":"status-publish","4":"has-post-thumbnail","6":"product_cat-spodnice-rozkloszowane-maxi","7":"product_cat-spodnice","8":"product_cat-spodnice-i-spodniczki","9":"pa_rozmiar-34-42-142","10":"pa_rozmiar-34-42-36-2","11":"pa_rozmiar-34-42-38-2","12":"pa_rozmiar-34-42-40-2","13":"pa_rozmiar-34-42-42-2","15":"first","16":"instock","17":"purchasable","18":"product-type-variable"},"_links":{"self":[{"href":"https:\/\/madelinefashion.pl\/en\/wp-json\/wp\/v2\/product\/80144","targetHints":{"allow":["GET"]}}],"collection":[{"href":"https:\/\/madelinefashion.pl\/en\/wp-json\/wp\/v2\/product"}],"about":[{"href":"https:\/\/madelinefashion.pl\/en\/wp-json\/wp\/v2\/types\/product"}],"wp:featuredmedia":[{"embeddable":true,"href":"https:\/\/madelinefashion.pl\/en\/wp-json\/wp\/v2\/media\/80123"}],"wp:attachment":[{"href":"https:\/\/madelinefashion.pl\/en\/wp-json\/wp\/v2\/media?parent=80144"}],"wp:term":[{"taxonomy":"product_brand","embeddable":true,"href":"https:\/\/madelinefashion.pl\/en\/wp-json\/wp\/v2\/product_brand?post=80144"},{"taxonomy":"product_cat","embeddable":true,"href":"https:\/\/madelinefashion.pl\/en\/wp-json\/wp\/v2\/product_cat?post=80144"},{"taxonomy":"product_tag","embeddable":true,"href":"https:\/\/madelinefashion.pl\/en\/wp-json\/wp\/v2\/product_tag?post=80144"}],"curies":[{"name":"wp","href":"https:\/\/api.w.org\/{rel}","templated":true}]}}

<p>Spódnica Rozkloszowana Mini Granatowa Spódnica Mini Rozkloszowana w kolorze granatowym to idealna propozycja  na wiosenne i letnie dni. Piękny krój i lekki materiał sprawią, że poczujesz się bardzo wygodnie i kobieco. Spódnice rozkloszowane to ideał na wieczorne wyjścia i ważne uroczystości.  Spódnica rozkloszowana dostępna w rozmiarach od 34 do 42.  Plisowany krój oraz długość mini</p>
<div class="klb-readmore post-buttons"><a class="button black outline size-sm" href="https://madelinefashion.pl/en/product/spodnica-rozkloszowana-mini-granatowa/">Read More <i class="klbth-icon-right-arrow"></i></a></div>
