{"id":81403,"date":"2023-03-21T16:29:51","date_gmt":"2023-03-21T15:29:51","guid":{"rendered":"https:\/\/madelinefashion.pl\/?post_type=product&#038;p=81403"},"modified":"2026-01-15T12:43:06","modified_gmt":"2026-01-15T11:43:06","slug":"kurtka-pikowana-wiosenna-professional-czarna","status":"publish","type":"product","link":"https:\/\/madelinefashion.pl\/en\/product\/kurtka-pikowana-wiosenna-professional-czarna\/","title":{"rendered":"Quilted Spring Jacket Professional Black"},"content":{"rendered":"<h3 style=\"text-align: center;\">Quilted Spring Jacket Professional Black<\/h3>\n<p style=\"text-align: center;\">Quilted jacket <strong>bomber jacket<\/strong> with a zipper closure is a proposal that will definitely be fantastic for colder days in the spring and autumn season. The model has two pockets and a hood. This model will undoubtedly look fashionable and modern in combination with jeans and sweatpants. Available in several colors. <strong>Size<\/strong> <strong>Universal<\/strong> recommended from S to XL<\/p>\n<h3 style=\"text-align: center;\">Dimensions:<\/h3>\n<ul>\n<li style=\"text-align: center;\"><\/li>\n<li style=\"text-align: center;\">Width from armpit to armpit: 48 cm<\/li>\n<li style=\"text-align: center;\">Overall length: 56 cm<\/li>\n<li style=\"text-align: center;\">Sleeve length from armpit: 47 cm<\/li>\n<li style=\"text-align: center;\">Sleeve length from the shoulder: 61 cm<\/li>\n<\/ul>\n<p>&nbsp;<\/p>\n<p style=\"text-align: center;\">\u00a0The model has\u00a0<strong>169<\/strong>\u00a0cm tall, wears a size every day\u00a0<strong>S.<\/strong><\/p>\n<p style=\"text-align: center;\">The width at the bust is 92 cm<\/p>\n<p style=\"text-align: center;\">Waist width 62 cm<\/p>\n<p style=\"text-align: center;\">The width at the hips is 94 cm<\/p>","protected":false},"excerpt":{"rendered":"<p>Kurtka Pikowana Wiosenna Professional Czarna Pikowana kurtka bomberka z zapi\u0119ciem na suwak to propozycja, kt\u00f3ra zdecydowanie fantastycznie sprawdzi si\u0119 na ch\u0142odniejsze dni w sezonie wiosenno-jesiennym. Model posiada dwie kieszenie oraz kaptur. Ten model bez w\u0105tpienia zaprezentuje si\u0119 modnie i nowocze\u015bnie w zestawieniu z jeansami, jak i spodniami dresowymi. Dost\u0119pna w kilku wersjach kolorystycznych. Rozmiar Uniwersalny<\/p>\n<div class=\"klb-readmore post-buttons\"><a class=\"button black outline size-sm\" href=\"https:\/\/madelinefashion.pl\/en\/product\/kurtka-pikowana-wiosenna-professional-czarna\/\">Read More <i class=\"klbth-icon-right-arrow\"><\/i><\/a><\/div>","protected":false},"featured_media":81400,"template":"","meta":[],"product_brand":[],"product_cat":[117],"product_tag":[],"class_list":{"0":"post-81403","1":"product","2":"type-product","3":"status-publish","4":"has-post-thumbnail","6":"product_cat-kurtki","7":"pa_rozmiar-m","8":"pa_rozmiar-l","10":"first","11":"instock","12":"sale","13":"purchasable","14":"product-type-simple"},"_links":{"self":[{"href":"https:\/\/madelinefashion.pl\/en\/wp-json\/wp\/v2\/product\/81403","targetHints":{"allow":["GET"]}}],"collection":[{"href":"https:\/\/madelinefashion.pl\/en\/wp-json\/wp\/v2\/product"}],"about":[{"href":"https:\/\/madelinefashion.pl\/en\/wp-json\/wp\/v2\/types\/product"}],"wp:featuredmedia":[{"embeddable":true,"href":"https:\/\/madelinefashion.pl\/en\/wp-json\/wp\/v2\/media\/81400"}],"wp:attachment":[{"href":"https:\/\/madelinefashion.pl\/en\/wp-json\/wp\/v2\/media?parent=81403"}],"wp:term":[{"taxonomy":"product_brand","embeddable":true,"href":"https:\/\/madelinefashion.pl\/en\/wp-json\/wp\/v2\/product_brand?post=81403"},{"taxonomy":"product_cat","embeddable":true,"href":"https:\/\/madelinefashion.pl\/en\/wp-json\/wp\/v2\/product_cat?post=81403"},{"taxonomy":"product_tag","embeddable":true,"href":"https:\/\/madelinefashion.pl\/en\/wp-json\/wp\/v2\/product_tag?post=81403"}],"curies":[{"name":"wp","href":"https:\/\/api.w.org\/{rel}","templated":true}]}}

<p>Kurtka Pikowana Wiosenna Professional Czarna Pikowana kurtka bomberka z zapięciem na suwak to propozycja, która zdecydowanie fantastycznie sprawdzi się na chłodniejsze dni w sezonie wiosenno-jesiennym. Model posiada dwie kieszenie oraz kaptur. Ten model bez wątpienia zaprezentuje się modnie i nowocześnie w zestawieniu z jeansami, jak i spodniami dresowymi. Dostępna w kilku wersjach kolorystycznych. Rozmiar Uniwersalny</p>
<div class="klb-readmore post-buttons"><a class="button black outline size-sm" href="https://madelinefashion.pl/en/product/kurtka-pikowana-wiosenna-professional-czarna/">Read More <i class="klbth-icon-right-arrow"></i></a></div>
