{"id":85944,"date":"2023-04-25T17:31:46","date_gmt":"2023-04-25T15:31:46","guid":{"rendered":"https:\/\/madelinefashion.pl\/?post_type=product&#038;p=85944"},"modified":"2026-04-20T11:05:50","modified_gmt":"2026-04-20T09:05:50","slug":"sukienka-midi-kwiecista-czarna-karlli","status":"publish","type":"product","link":"https:\/\/madelinefashion.pl\/en\/product\/sukienka-midi-kwiecista-czarna-karlli\/","title":{"rendered":"Midi Dress Floral Black Karlli"},"content":{"rendered":"<h3 style=\"text-align: center;\">Midi Dress Floral Black Karlli<\/h3>\n<p style=\"text-align: center;\"><span style=\"font-size: 10pt;\"><strong><span style=\"font-size: 10pt;\">S.<\/span>target<\/strong><span style=\"font-size: 10pt;\"><strong>\u00a0<\/strong>with frills with a floral print in color<strong> black<\/strong>. Pleasant to the touch, comfortable to wear, fits nicely on the body.<\/span><span style=\"font-size: 10pt;\">\u00a0<\/span><strong style=\"font-size: 10pt;\">A floral dress has undoubtedly been a must-have in your spring wardrobe for many years.<\/strong><span style=\"font-size: 10pt;\">\u00a0Every woman has at least one model of a floral pattern dress in her wardrobe. <\/span><strong><span style=\"font-size: 10pt;\">S.<\/span><\/strong><strong style=\"font-size: 10pt;\">A flower pattern will make our look fresh, fashionable and very feminine <\/strong><span style=\"font-size: 10pt;\"> it is an ideal proposition for the spring and summer season. That is why in our offer you will find unique summer dresses with flowers, which you can wear in many different ways. Dress with <\/span><strong style=\"font-size: 10pt;\">envelope neckline<\/strong><span style=\"font-size: 10pt;\"> will emphasize the strengths of your figure. Summer <\/span><b style=\"font-size: 10pt;\">a flared dress with flowers is perfect <\/b><span style=\"font-size: 13.3333px;\"><b>offer<\/b><\/span><b style=\"font-size: 10pt;\"> both for going out with friends, a date or a wedding thanks to her <\/b><span style=\"font-size: 10pt;\">you will gain a wasp waist and a leg to the sky.\u00a0<\/span><br \/>\n<span style=\"font-size: 10pt;\">\u00a0 The dress has<\/span><strong style=\"font-size: 10pt;\"> elastic at the waist<\/strong><span style=\"font-size: 10pt;\"> thanks to which you emphasize feminine shapes. The model has a lining - <strong>does not show through<\/strong> . Recommended for ladies in size XS SML XL<\/span><br \/>\n<\/span><\/p>\n<p>&nbsp;<\/p>\n<h3 style=\"text-align: center;\">Dimensions:<\/h3>\n<ul style=\"text-align: center;\">\n<li><span style=\"font-size: 10pt;\">\u00a0\u00a0\u00a0\u00a0\u00a0\u00a0\u00a0 overall length: 90 cm<br \/>\n<\/span><\/li>\n<li><span style=\"font-size: 10pt;\">\u00a0\u00a0\u00a0\u00a0\u00a0\u00a0\u00a0 width from armpit to armpit: 39-55 cm<\/span><span style=\"font-size: 10pt;\"><span style=\"font-size: 10pt;\">\u00a0 \u00a0 \u00a0 \u00a0<\/span><\/span><\/li>\n<li>waist width: 30-50 cm (elastic)<\/li>\n<\/ul>\n<p style=\"text-align: center;\">Dimensions may slightly differ from the given +\/- 2cm. All dimensions given are measured flat. <strong>X2 dimension<\/strong><\/p>\n<p style=\"text-align: center;\"><span style=\"font-size: 10pt;\">\u00a0<\/span><\/p>\n<table style=\"height: 169px;\" width=\"853\">\n<tbody>\n<tr>\n<td width=\"302\">Model name<\/td>\n<td width=\"302\">Karlli Floral Midi Dress<\/td>\n<\/tr>\n<tr>\n<td width=\"302\">Color<\/td>\n<td width=\"302\">Black<\/td>\n<\/tr>\n<tr>\n<td width=\"302\">Fashion<\/td>\n<td width=\"302\">Oversize<\/td>\n<\/tr>\n<tr>\n<td width=\"302\">Material<\/td>\n<td width=\"302\">100% Polyester<\/td>\n<\/tr>\n<tr>\n<td width=\"302\">Length<\/td>\n<td width=\"302\">Above the knee<\/td>\n<\/tr>\n<\/tbody>\n<\/table>\n<p>&nbsp;<\/p>\n<p>&nbsp;<\/p>\n<div class=\"tabs tabs-bb clear mb-80\">\n<div class=\"tab-content\">\n<div id=\"tab-description\" class=\"tab-pane fade in woocommerce-Tabs-panel--description active\">\n<p style=\"text-align: center;\">The model has\u00a0<strong>169<\/strong>\u00a0cm tall, wears a size every day\u00a0<strong>S.<\/strong><\/p>\n<p style=\"text-align: center;\">The width at the bust is 92 cm<\/p>\n<p style=\"text-align: center;\">Waist width 62 cm<\/p>\n<p style=\"text-align: center;\">The width at the hips is 94 cm<\/p>\n<\/div>\n<\/div>\n<\/div>\n<section class=\"related products mb-80\"><\/section>\n<p style=\"text-align: center;\">","protected":false},"excerpt":{"rendered":"<p>Sukienka Midi Kwiecista Czarna Karlli Sukienka\u00a0z falbankami z printem Kwiatowym w kolorze czarnym.\u00a0 Mi\u0142a w dotyku, komfortowa w noszeniu, \u0142adnie uk\u0142ada si\u0119 na ciele.\u00a0Sukienka w kwiaty to bez w\u0105tpienia od wielu lat must have w wiosennej garderobie. Sukienka na d\u0142ugi r\u0119kaw\u00a0Ka\u017cda kobieta posiada w swojej szafie cho\u0107 jeden model sukienki w kwiatowy wz\u00f3r . Sukienka<\/p>\n<div class=\"klb-readmore post-buttons\"><a class=\"button black outline size-sm\" href=\"https:\/\/madelinefashion.pl\/en\/product\/sukienka-midi-kwiecista-czarna-karlli\/\">Read More <i class=\"klbth-icon-right-arrow\"><\/i><\/a><\/div>","protected":false},"featured_media":85923,"template":"","meta":[],"product_brand":[],"product_cat":[125,395],"product_tag":[213,396],"class_list":{"0":"post-85944","1":"product","2":"type-product","3":"status-publish","4":"has-post-thumbnail","6":"product_cat-sukienki","7":"product_cat-nowosci","8":"product_tag-sukienka-czarna","9":"product_tag-sukienki-w-kwiaty","11":"first","12":"instock","13":"purchasable","14":"product-type-simple"},"_links":{"self":[{"href":"https:\/\/madelinefashion.pl\/en\/wp-json\/wp\/v2\/product\/85944","targetHints":{"allow":["GET"]}}],"collection":[{"href":"https:\/\/madelinefashion.pl\/en\/wp-json\/wp\/v2\/product"}],"about":[{"href":"https:\/\/madelinefashion.pl\/en\/wp-json\/wp\/v2\/types\/product"}],"wp:featuredmedia":[{"embeddable":true,"href":"https:\/\/madelinefashion.pl\/en\/wp-json\/wp\/v2\/media\/85923"}],"wp:attachment":[{"href":"https:\/\/madelinefashion.pl\/en\/wp-json\/wp\/v2\/media?parent=85944"}],"wp:term":[{"taxonomy":"product_brand","embeddable":true,"href":"https:\/\/madelinefashion.pl\/en\/wp-json\/wp\/v2\/product_brand?post=85944"},{"taxonomy":"product_cat","embeddable":true,"href":"https:\/\/madelinefashion.pl\/en\/wp-json\/wp\/v2\/product_cat?post=85944"},{"taxonomy":"product_tag","embeddable":true,"href":"https:\/\/madelinefashion.pl\/en\/wp-json\/wp\/v2\/product_tag?post=85944"}],"curies":[{"name":"wp","href":"https:\/\/api.w.org\/{rel}","templated":true}]}}

<p>Sukienka Midi Kwiecista Czarna Karlli Sukienka z falbankami z printem Kwiatowym w kolorze czarnym.  Miła w dotyku, komfortowa w noszeniu, ładnie układa się na ciele. Sukienka w kwiaty to bez wątpienia od wielu lat must have w wiosennej garderobie. Sukienka na długi rękaw Każda kobieta posiada w swojej szafie choć jeden model sukienki w kwiatowy wzór . Sukienka</p>
<div class="klb-readmore post-buttons"><a class="button black outline size-sm" href="https://madelinefashion.pl/en/product/sukienka-midi-kwiecista-czarna-karlli/">Read More <i class="klbth-icon-right-arrow"></i></a></div>
