{"id":8608,"date":"2021-04-18T00:05:48","date_gmt":"2021-04-17T22:05:48","guid":{"rendered":"https:\/\/madelinefashion.pl\/?post_type=product&#038;p=8608"},"modified":"2025-09-09T10:36:16","modified_gmt":"2025-09-09T08:36:16","slug":"sukienka-pastel-elvisa-zielona","status":"publish","type":"product","link":"https:\/\/madelinefashion.pl\/en\/product\/sukienka-pastel-elvisa-zielona\/","title":{"rendered":"Elvis Green Pastel Dress"},"content":{"rendered":"<h3 style=\"text-align: center;\">Elvis Green Pastel Dress<\/h3>\n<p style=\"text-align: center;\">Dress in a universal size, available in several color variants. Buttoned V-neck.<\/p>\n<p>&nbsp;<\/p>\n<h3 style=\"text-align: center;\">Dimensions:<\/h3>\n<ul>\n<li style=\"text-align: center;\">\u00a0\u00a0 overall length: 94 cm<\/li>\n<li style=\"text-align: center;\">\u00a0\u00a0\u00a0\u00a0\u00a0\u00a0\u00a0 \u00a0\u00a0\u00a0\u00a0\u00a0\u00a0\u00a0 width from armpit to armpit: 59-69 cm<\/li>\n<li style=\"text-align: center;\">sleeve length from shoulder: 43 cm<\/li>\n<li style=\"text-align: center;\">sleeve length from armpit: 27 cm<\/li>\n<li style=\"text-align: center;\">\u00a0\u00a0\u00a0\u00a0\u00a0\u00a0\u00a0 \u00a0\u00a0\u00a0\u00a0\u00a0\u00a0\u00a0 waist width 66-70 cm<\/li>\n<li style=\"text-align: center;\">\u00a0 \u00a0 \u00a0 \u00a0 \u00a0 max in the bust 138 cm<\/li>\n<li style=\"text-align: center;\"><\/li>\n<\/ul>\n<p style=\"text-align: center;\">Dimensions may vary from the given +\/- 2cm. All dimensions given are measured flat. Dimension <strong>x2<\/strong><\/p>\n<p>&nbsp;<\/p>\n<p>&nbsp;<\/p>\n<p style=\"text-align: center;\">The model has\u00a0<strong>169<\/strong>\u00a0cm tall, wears a size every day\u00a0<strong>S.<\/strong><\/p>\n<p style=\"text-align: center;\">The width at the bust is 92 cm<\/p>\n<p style=\"text-align: center;\">Waist width 62 cm<\/p>\n<p style=\"text-align: center;\">The width at the hips is 94 cm<\/p>","protected":false},"excerpt":{"rendered":"<p>Sukienka Pastel Elvisa Zielona Sukienka w rozmiarze uniwersalnym, dost\u0119pna w kilku wariantach kolorystycznych. Dekolt V zapinany na guzik. &nbsp; Wymiary: \u00a0\u00a0 d\u0142ugo\u015b\u0107 ca\u0142kowita: 94 cm \u00a0\u00a0\u00a0\u00a0\u00a0\u00a0\u00a0 \u00a0\u00a0\u00a0\u00a0\u00a0\u00a0\u00a0 szeroko\u015b\u0107 od pachy do pachy: 59-69 cm d\u0142ugo\u015b\u0107 r\u0119kawa od ramienia: 43 cm d\u0142ugo\u015b\u0107 r\u0119kawa od pachy: 27 cm \u00a0\u00a0\u00a0\u00a0\u00a0\u00a0\u00a0 \u00a0\u00a0\u00a0\u00a0\u00a0\u00a0\u00a0 szeroko\u015b\u0107 talia 66-70 cm \u00a0 \u00a0 \u00a0<\/p>\n<div class=\"klb-readmore post-buttons\"><a class=\"button black outline size-sm\" href=\"https:\/\/madelinefashion.pl\/en\/product\/sukienka-pastel-elvisa-zielona\/\">Read More <i class=\"klbth-icon-right-arrow\"><\/i><\/a><\/div>","protected":false},"featured_media":33838,"template":"","meta":[],"product_brand":[],"product_cat":[125,395],"product_tag":[],"class_list":{"0":"post-8608","1":"product","2":"type-product","3":"status-publish","4":"has-post-thumbnail","6":"product_cat-sukienki","7":"product_cat-nowosci","9":"first","10":"outofstock","11":"purchasable","12":"product-type-simple"},"_links":{"self":[{"href":"https:\/\/madelinefashion.pl\/en\/wp-json\/wp\/v2\/product\/8608","targetHints":{"allow":["GET"]}}],"collection":[{"href":"https:\/\/madelinefashion.pl\/en\/wp-json\/wp\/v2\/product"}],"about":[{"href":"https:\/\/madelinefashion.pl\/en\/wp-json\/wp\/v2\/types\/product"}],"wp:featuredmedia":[{"embeddable":true,"href":"https:\/\/madelinefashion.pl\/en\/wp-json\/wp\/v2\/media\/33838"}],"wp:attachment":[{"href":"https:\/\/madelinefashion.pl\/en\/wp-json\/wp\/v2\/media?parent=8608"}],"wp:term":[{"taxonomy":"product_brand","embeddable":true,"href":"https:\/\/madelinefashion.pl\/en\/wp-json\/wp\/v2\/product_brand?post=8608"},{"taxonomy":"product_cat","embeddable":true,"href":"https:\/\/madelinefashion.pl\/en\/wp-json\/wp\/v2\/product_cat?post=8608"},{"taxonomy":"product_tag","embeddable":true,"href":"https:\/\/madelinefashion.pl\/en\/wp-json\/wp\/v2\/product_tag?post=8608"}],"curies":[{"name":"wp","href":"https:\/\/api.w.org\/{rel}","templated":true}]}}

<p>Sukienka Pastel Elvisa Zielona Sukienka w rozmiarze uniwersalnym, dostępna w kilku wariantach kolorystycznych. Dekolt V zapinany na guzik. &nbsp; Wymiary:    długość całkowita: 94 cm                 szerokość od pachy do pachy: 59-69 cm długość rękawa od ramienia: 43 cm długość rękawa od pachy: 27 cm                 szerokość talia 66-70 cm      </p>
<div class="klb-readmore post-buttons"><a class="button black outline size-sm" href="https://madelinefashion.pl/en/product/sukienka-pastel-elvisa-zielona/">Read More <i class="klbth-icon-right-arrow"></i></a></div>
