{"id":8720,"date":"2021-04-18T15:43:36","date_gmt":"2021-04-18T13:43:36","guid":{"rendered":"https:\/\/madelinefashion.pl\/?post_type=product&#038;p=8720"},"modified":"2026-01-15T12:43:33","modified_gmt":"2026-01-15T11:43:33","slug":"narzutka-zamszowa-felicja-jasno-szara","status":"publish","type":"product","link":"https:\/\/madelinefashion.pl\/en\/product\/narzutka-zamszowa-felicja-jasno-szara\/","title":{"rendered":"Suede cardigan Felicja Light Gray"},"content":{"rendered":"<h3 style=\"text-align: center;\">Suede cardigan Felicja Light Gray<\/h3>\n<p style=\"text-align: center;\">Suede cape with pockets\u00a0 <strong>ideal <\/strong>suggestion on <strong>spring and cooler summer days. <\/strong>Stylish suede coat made of <strong>delicate eco - suede<\/strong>. Model with large, practical <strong>pockets at hip height<\/strong>. The coat has no fastening. It is a combination of elegance, modernity and functionality - the suede coat fits every figure. The coat is universal - it is appropriate for any occasion, it will be perfect for any occasion <strong>season as a bedspread<\/strong>Additionally, it is made of suede, which makes it fit perfectly. The coat is made of pleasant to the touch suede, the center of the coat is darker.<\/p>\n<h3 style=\"text-align: center;\">The coat is perfect for any occasion<\/h3>\n<p style=\"text-align: center;\">The coat is also available in others <strong>color variants<\/strong> - we encourage you to familiarize yourself with our other products. If you cannot decide which color or size is best for you, please contact us via Facebook or by phone.<\/p>\n<h3 style=\"text-align: center;\">Coat dimensions:<\/h3>\n<ul style=\"text-align: center;\">\n<li>total length back: 79 cm<br \/>\ntotal length at the front: 81 cm<\/li>\n<li>width from armpit to armpit: 52-54 cm<\/li>\n<li>sleeve length from shoulder: 58 cm<\/li>\n<li>sleeve length from armpit: 43 cm<\/li>\n<li>recommended maximum bust circumference: 110 cm<\/li>\n<li>bicep width: 40 cm<\/li>\n<\/ul>\n<p style=\"text-align: center;\">One universal size is recommended from S to XXL<\/p>\n<p style=\"text-align: center;\">Dimensions may slightly differ from the given +\/- 2cm. All dimensions given are measured flat. <strong>X2 dimension<\/strong><\/p>\n<p style=\"text-align: center;\"><strong>\u00a0<\/strong><\/p>\n<table width=\"617\">\n<tbody>\n<tr>\n<td width=\"302\">Model name<\/td>\n<td width=\"302\">Felicja suede overcoat<\/td>\n<\/tr>\n<tr>\n<td width=\"302\">Color<\/td>\n<td width=\"302\">Light Gray<\/td>\n<\/tr>\n<tr>\n<td width=\"302\">Collection<\/td>\n<td width=\"302\">Spring Summer Autumn<\/td>\n<\/tr>\n<tr>\n<td width=\"302\">Sizes<\/td>\n<td width=\"302\">Universal<\/td>\n<\/tr>\n<tr>\n<td width=\"302\">Fashion<\/td>\n<td width=\"302\">Oversize<\/td>\n<\/tr>\n<tr>\n<td width=\"302\">Hood<\/td>\n<td width=\"302\">Without the hood<\/td>\n<\/tr>\n<tr>\n<td width=\"302\">Pockets<\/td>\n<td width=\"302\">Yes<\/td>\n<\/tr>\n<tr>\n<td width=\"302\">Material<\/td>\n<td width=\"302\">Suede<\/td>\n<\/tr>\n<\/tbody>\n<\/table>\n<p>&nbsp;<\/p>\n<p>&nbsp;<\/p>\n<p>&nbsp;<\/p>\n<p style=\"text-align: center;\">The model has\u00a0<strong>168<\/strong>\u00a0cm tall, wears a size every day\u00a0<strong>S.<\/strong><\/p>","protected":false},"excerpt":{"rendered":"<p>Narzutka Zamszowa Felicja Jasno Szara Narzutka zamszowa z kieszeniami\u00a0 idealna propozycja na wiosn\u0119 i ch\u0142odniejsze letnie dni. Stylowy p\u0142aszcz zamszowy wykonany z delikatnego eko &#8211; zamszu. Model z du\u017cymi, praktycznymi kieszeniami na wysoko\u015bci bioder. P\u0142aszcz nie posiada zapi\u0119cia. Jest to po\u0142\u0105czenie elegancji, nowoczesno\u015bci i funkcjonalno\u015bci \u2013 Zamszowy p\u0142aszczyk wpisuje si\u0119 w ka\u017cd\u0105 sylwetk\u0119. P\u0142aszcz jest<\/p>\n<div class=\"klb-readmore post-buttons\"><a class=\"button black outline size-sm\" href=\"https:\/\/madelinefashion.pl\/en\/product\/narzutka-zamszowa-felicja-jasno-szara\/\">Read More <i class=\"klbth-icon-right-arrow\"><\/i><\/a><\/div>","protected":false},"featured_media":8711,"template":"","meta":[],"product_brand":[],"product_cat":[120,279],"product_tag":[162],"class_list":{"0":"post-8720","1":"product","2":"type-product","3":"status-publish","4":"has-post-thumbnail","6":"product_cat-plaszcze-dlugie","7":"product_cat-plaszcze-wiosenne","8":"product_tag-narzutka","10":"first","11":"instock","12":"sale","13":"purchasable","14":"product-type-simple"},"_links":{"self":[{"href":"https:\/\/madelinefashion.pl\/en\/wp-json\/wp\/v2\/product\/8720","targetHints":{"allow":["GET"]}}],"collection":[{"href":"https:\/\/madelinefashion.pl\/en\/wp-json\/wp\/v2\/product"}],"about":[{"href":"https:\/\/madelinefashion.pl\/en\/wp-json\/wp\/v2\/types\/product"}],"wp:featuredmedia":[{"embeddable":true,"href":"https:\/\/madelinefashion.pl\/en\/wp-json\/wp\/v2\/media\/8711"}],"wp:attachment":[{"href":"https:\/\/madelinefashion.pl\/en\/wp-json\/wp\/v2\/media?parent=8720"}],"wp:term":[{"taxonomy":"product_brand","embeddable":true,"href":"https:\/\/madelinefashion.pl\/en\/wp-json\/wp\/v2\/product_brand?post=8720"},{"taxonomy":"product_cat","embeddable":true,"href":"https:\/\/madelinefashion.pl\/en\/wp-json\/wp\/v2\/product_cat?post=8720"},{"taxonomy":"product_tag","embeddable":true,"href":"https:\/\/madelinefashion.pl\/en\/wp-json\/wp\/v2\/product_tag?post=8720"}],"curies":[{"name":"wp","href":"https:\/\/api.w.org\/{rel}","templated":true}]}}

<p>Narzutka Zamszowa Felicja Jasno Szara Narzutka zamszowa z kieszeniami  idealna propozycja na wiosnę i chłodniejsze letnie dni. Stylowy płaszcz zamszowy wykonany z delikatnego eko &#8211; zamszu. Model z dużymi, praktycznymi kieszeniami na wysokości bioder. Płaszcz nie posiada zapięcia. Jest to połączenie elegancji, nowoczesności i funkcjonalności – Zamszowy płaszczyk wpisuje się w każdą sylwetkę. Płaszcz jest</p>
<div class="klb-readmore post-buttons"><a class="button black outline size-sm" href="https://madelinefashion.pl/en/product/narzutka-zamszowa-felicja-jasno-szara/">Read More <i class="klbth-icon-right-arrow"></i></a></div>
