{"id":9965,"date":"2021-04-24T23:58:59","date_gmt":"2021-04-24T21:58:59","guid":{"rendered":"https:\/\/madelinefashion.pl\/?post_type=product&#038;p=9965"},"modified":"2026-01-15T12:43:30","modified_gmt":"2026-01-15T11:43:30","slug":"kurtka-zamszowa-z-zamkiem-wrzosowa-cleo","status":"publish","type":"product","link":"https:\/\/madelinefashion.pl\/en\/product\/kurtka-zamszowa-z-zamkiem-wrzosowa-cleo\/","title":{"rendered":"Heather Cleo Suede Jacket with Zipper"},"content":{"rendered":"<h3 style=\"text-align: center;\">Heather Cleo Suede Jacket with Zipper<\/h3>\n<p style=\"text-align: center;\"><strong>Suede Jacket with a Zipper<\/strong>\u00a0 in color <strong>Heather<\/strong><b>\u00a0<\/b>Cleo is made of high-quality suede, which is pleasant to the touch. It has 2 functional zippered pockets on the front. The waist jacket is great for emphasizing the waist. When the zipper is slightly unbuttoned, the top forms a collar with decorative snaps. We recommend combining this model with our models of dresses, skirts and tunics. <strong>Ramones jacket made of high-quality suede<\/strong>. Extremely stylish, beautifully emphasizes the bust and waist. The suede jacket has zippers and decorative silver studs. The jacket has no lining. Suede jacket available in our store in many colors. Cleo&#039;s jacket is it <strong>a perfect proposition for spring and summer days.<\/strong> Available in size <strong>SML XL\u00a0<\/strong><\/p>\n<h3 style=\"text-align: center;\">Dimensions:<\/h3>\n<p style=\"text-align: center;\"><strong>S \/ 36<\/strong><\/p>\n<ul style=\"text-align: center;\">\n<li>overall length: 54 cm<\/li>\n<li>bust width: 2x 42 cm<\/li>\n<li>waist width: 2x 37 cm<\/li>\n<li>bottom width: 2x 42 cm<br \/>\nsleeve length from shoulder: 61 cm<\/li>\n<li>sleeve length from armpit: 43 cm<\/li>\n<li><\/li>\n<\/ul>\n<p style=\"text-align: center;\"><strong>M \/ 38<\/strong><\/p>\n<ul style=\"text-align: center;\">\n<li>overall length: 55 cm<\/li>\n<li>bust width: 2x 44 cm<\/li>\n<li>waist width: 2x 38 cm<\/li>\n<li>width at the bottom: 2x 44 cm<\/li>\n<li>sleeve length from the shoulder: 62 cm<\/li>\n<li>sleeve length from armpit: 44 cm<\/li>\n<li><\/li>\n<\/ul>\n<p style=\"text-align: center;\"><strong>L \/ 40<\/strong><\/p>\n<ul style=\"text-align: center;\">\n<li>overall length: 56 cm<\/li>\n<li>width at the bust: 2x 46 cm<\/li>\n<li>waist width: 2x 39 cm<\/li>\n<li>width at the bottom: 2x 46 cm<\/li>\n<li>sleeve length from shoulder: 63 cm<\/li>\n<li>sleeve length from armpit: 45 cm<\/li>\n<li><\/li>\n<\/ul>\n<p style=\"text-align: center;\"><strong>XL \/ 42<\/strong><\/p>\n<ul>\n<li style=\"text-align: center;\">overall length: 57 cm<\/li>\n<li style=\"text-align: center;\">bust width: 2x 48 cm<\/li>\n<li style=\"text-align: center;\">waist width: 2x 40 cm<\/li>\n<li style=\"text-align: center;\">width at the bottom: 2x 48 cm<\/li>\n<li style=\"text-align: center;\">sleeve length from shoulder: 63 cm<\/li>\n<li style=\"text-align: center;\">sleeve length from armpit: 45 cm<\/li>\n<\/ul>\n<p style=\"text-align: center;\"><span style=\"font-size: 10pt;\">Dimensions may slightly differ from the given +\/- 2cm. All dimensions given are measured flat.<\/span><\/p>\n<p style=\"text-align: center;\"><span style=\"font-size: 10pt;\">\u00a0<\/span><\/p>\n<p style=\"text-align: center;\"><span style=\"font-size: 10pt;\">\u00a0<\/span><\/p>\n<table width=\"618\">\n<tbody>\n<tr>\n<td width=\"302\">Model name<\/td>\n<td width=\"302\">Suede Jacket with Cleo Zipper<\/td>\n<\/tr>\n<tr>\n<td width=\"302\">Color<\/td>\n<td width=\"302\">Heather<\/td>\n<\/tr>\n<tr>\n<td width=\"302\">Sizes<\/td>\n<td width=\"302\">SML XL<\/td>\n<\/tr>\n<tr>\n<td width=\"302\">Fashion<\/td>\n<td width=\"302\">Matched<\/td>\n<\/tr>\n<tr>\n<td width=\"302\">Hood<\/td>\n<td width=\"302\">Without the hood<\/td>\n<\/tr>\n<tr>\n<td width=\"302\">Composition<\/td>\n<td width=\"302\">95% Polyester 5% Elastane<\/td>\n<\/tr>\n<\/tbody>\n<\/table>\n<p>&nbsp;<\/p>\n<p style=\"text-align: center;\">\u00a0The model has\u00a0<strong>169<\/strong>\u00a0cm tall, wears a size every day\u00a0<strong>S.<\/strong><\/p>\n<p style=\"text-align: center;\">The width at the bust is 92 cm<\/p>\n<p style=\"text-align: center;\">Waist width 62 cm<\/p>\n<p style=\"text-align: center;\">The width at the hips is 94 cm<\/p>\n<p>&nbsp;<\/p>","protected":false},"excerpt":{"rendered":"<p>Kurtka Zamszowa z Zamkiem Wrzosowa Cleo Kurtka Zamszowa z Zamkiem\u00a0 w kolorze Wrzosowym\u00a0Cleo wykonana z przyjemnego w dotyku zamszu wysokiej jako\u015bci. Posiada z przodu 2 funkcjonalne kieszenie zapinane na zamek. Kurtka taliowania \u015bwietnie podkre\u015bla tali\u0119. Przy lekko rozpi\u0119tym zamku g\u00f3ra uk\u0142ada si\u0119 w ko\u0142nierz z ozdobnymi napami. Polecamy \u0142\u0105czy\u0107 ten model z naszymi modelami sukienek,<\/p>\n<div class=\"klb-readmore post-buttons\"><a class=\"button black outline size-sm\" href=\"https:\/\/madelinefashion.pl\/en\/product\/kurtka-zamszowa-z-zamkiem-wrzosowa-cleo\/\">Read More <i class=\"klbth-icon-right-arrow\"><\/i><\/a><\/div>","protected":false},"featured_media":32896,"template":"","meta":[],"product_brand":[],"product_cat":[117],"product_tag":[506],"class_list":{"0":"post-9965","1":"product","2":"type-product","3":"status-publish","4":"has-post-thumbnail","6":"product_cat-kurtki","7":"product_tag-kurtka-zamszowa","8":"pa_rozmiar-s","9":"pa_rozmiar-m","10":"pa_rozmiar-l","11":"pa_rozmiar-xl","13":"first","14":"instock","15":"sale","16":"purchasable","17":"product-type-variable"},"_links":{"self":[{"href":"https:\/\/madelinefashion.pl\/en\/wp-json\/wp\/v2\/product\/9965","targetHints":{"allow":["GET"]}}],"collection":[{"href":"https:\/\/madelinefashion.pl\/en\/wp-json\/wp\/v2\/product"}],"about":[{"href":"https:\/\/madelinefashion.pl\/en\/wp-json\/wp\/v2\/types\/product"}],"wp:featuredmedia":[{"embeddable":true,"href":"https:\/\/madelinefashion.pl\/en\/wp-json\/wp\/v2\/media\/32896"}],"wp:attachment":[{"href":"https:\/\/madelinefashion.pl\/en\/wp-json\/wp\/v2\/media?parent=9965"}],"wp:term":[{"taxonomy":"product_brand","embeddable":true,"href":"https:\/\/madelinefashion.pl\/en\/wp-json\/wp\/v2\/product_brand?post=9965"},{"taxonomy":"product_cat","embeddable":true,"href":"https:\/\/madelinefashion.pl\/en\/wp-json\/wp\/v2\/product_cat?post=9965"},{"taxonomy":"product_tag","embeddable":true,"href":"https:\/\/madelinefashion.pl\/en\/wp-json\/wp\/v2\/product_tag?post=9965"}],"curies":[{"name":"wp","href":"https:\/\/api.w.org\/{rel}","templated":true}]}}

<p>Kurtka Zamszowa z Zamkiem Wrzosowa Cleo Kurtka Zamszowa z Zamkiem  w kolorze Wrzosowym Cleo wykonana z przyjemnego w dotyku zamszu wysokiej jakości. Posiada z przodu 2 funkcjonalne kieszenie zapinane na zamek. Kurtka taliowania świetnie podkreśla talię. Przy lekko rozpiętym zamku góra układa się w kołnierz z ozdobnymi napami. Polecamy łączyć ten model z naszymi modelami sukienek,</p>
<div class="klb-readmore post-buttons"><a class="button black outline size-sm" href="https://madelinefashion.pl/en/product/kurtka-zamszowa-z-zamkiem-wrzosowa-cleo/">Read More <i class="klbth-icon-right-arrow"></i></a></div>
