{"id":101971,"date":"2023-09-01T10:56:44","date_gmt":"2023-09-01T08:56:44","guid":{"rendered":"https:\/\/madelinefashion.pl\/?post_type=product&#038;p=101971"},"modified":"2025-09-09T13:13:45","modified_gmt":"2025-09-09T11:13:45","slug":"sukienka-pusia-zdobiona-piorkami-wrzosowa","status":"publish","type":"product","link":"https:\/\/madelinefashion.pl\/sk\/sukienka-pusia-zdobiona-piorkami-wrzosowa\/","title":{"rendered":"\u0160aty Pusia zdoben\u00e9 pierkami, vresov\u00e9"},"content":{"rendered":"<h3 style=\"text-align: center;\">\u0160aty Pusia zdoben\u00e9 pierkami, vresov\u00e9<\/h3>\n<p style=\"text-align: center;\"><span style=\"font-size: 10pt;\">Kr\u00e1sne kr\u00e1tke spolo\u010densk\u00e9 \u0161aty zdoben\u00e9 flitrami a pierkami. Kr\u00e1sne odha\u013euje \u017eensk\u00e9 tvary. Kr\u00e1tke \u0161aty maj\u00fa sexi v\u00fdstrih do V. \u0160aty dokonale zv\u00fdraz\u0148uj\u00fa \u017eensk\u00e9 tvary - mega <strong>vybaven\u00e9<\/strong> ur\u010dite pritiahne pozornos\u0165 ostatn\u00fdch. . <\/span><span style=\"font-size: 10pt;\">Zozn\u00e1mte sa s na\u0161ou ponukou <strong><a href=\"https:\/\/madelinefashion.pl\/sk\/sukienki-i-kombinezony\/sukienki-okolicznosciowe\/\">ve\u010dern\u00e9 \u0161aty<\/a>\u00a0a vyberte si model, <\/strong>v ktorom budete <strong>vyzera\u0165 ako hviezda a vy\u010dnieva\u0165 z davu. Mini\u0161aty sa vo svetle l\u00e1mp rozpr\u00e1vkovo trblietaj\u00fa. <\/strong>Nem\u00f4\u017eete by\u0165 k tomu \u013eahostajn\u00ed.<strong> \u0160aty v kr\u00e1tkej verzii nad kolen\u00e1 <\/strong><\/span><span style=\"font-size: 10pt;\">\u0160aty maj\u00fa vpredu v\u0161it\u00e9 ko\u0161\u00ed\u010dky, tak\u017ee nemus\u00edte nosi\u0165 podprsenku. Vyroben\u00e9 a \u0161it\u00e9 v Po\u013esku. <strong>Nad\u00fdchan\u00e9 \u0161aty <\/strong>\u00a0k dispoz\u00edcii <\/span><span style=\"font-size: 10pt;\">\u00a0vo ve\u013ekostiach <strong>34, 36, 38<\/strong> , <strong>40<\/strong>\u00a0 . \u0160aty <strong>Pekn\u00e1 \u017eena<\/strong> je vynikaj\u00facou vo\u013ebou na svadbu, ples, Silvestra a in\u00e9 elegantn\u00e9 \u0161peci\u00e1lne udalosti.\u00a0 <\/span><span style=\"font-size: 10pt;\">Model je vyroben\u00fd z elastick\u00e9ho materi\u00e1lu zdoben\u00e9ho flitrami, ktor\u00fd perfektne sed\u00ed na postave. Tento model m\u00e1 jemn\u00e9 ramienka, v p\u00e1se z\u00fa\u017een\u00e9, kr\u00e1sne zv\u00fdrazn\u00ed p\u00e1s. Chrb\u00e1t dokonale odha\u013euje chrb\u00e1t. \u0160aty s efektn\u00fdmi vzormi ur\u010dite up\u00fataj\u00fa ka\u017ed\u00e9ho - navy\u0161e zdoben\u00e9 \u010diernymi pierkami. <strong>\u0160aty p\u00f4sobia decentne v\u010faka klasick\u00e9mu strihu. <\/strong>\u00a0Dostupn\u00e9 na na\u0161om e-shope vo viacer\u00fdch farebn\u00fdch variantoch, tak nev\u00e1hajte a vyberte si t\u00fa, ktor\u00e1 je pre v\u00e1s ako stvoren\u00e1. Ak sa neviete rozhodn\u00fa\u0165 ak\u00fa farbu, <strong>ve\u013ekos\u0165<\/strong> je pre v\u00e1s to najlep\u0161ie <strong>kontaktuj n\u00e1s<\/strong> cez <a href=\"https:\/\/www.facebook.com\/madelinefashionbutik\" target=\"_blank\" rel=\"noopener\">Facebook<\/a> alebo <a href=\"https:\/\/madelinefashion.pl\/sk\/kontakt\/\">telef\u00f3n<\/a>. Ak ve\u013ekos\u0165 nie je na str\u00e1nke, kontaktujte n\u00e1s.\u00a0<\/span><\/p>\n<h3 style=\"text-align: center;\">ROZMERY \u0161iat:<\/h3>\n<p style=\"text-align: center;\"><img fetchpriority=\"high\" decoding=\"async\" class=\"alignnone size-medium wp-image-16801\" src=\"https:\/\/madelinefashion.pl\/wp-content\/uploads\/2021\/08\/wymiary-suknia-300x194.png\" alt=\"\" width=\"300\" height=\"194\" title=\"\"><\/p>\n<table width=\"749\">\n<tbody>\n<tr>\n<td>VE\u013dKOS\u0164<\/td>\n<td>34<\/td>\n<td>36<\/td>\n<td>38<\/td>\n<td>40<\/td>\n<\/tr>\n<tr>\n<td>poprsia<\/td>\n<td>84-86<\/td>\n<td>88-90<\/td>\n<td>92-94<\/td>\n<td>96-98<\/td>\n<\/tr>\n<tr>\n<td>P\u00e1s<\/td>\n<td>64<\/td>\n<td>68<\/td>\n<td>72<\/td>\n<td>76<\/td>\n<\/tr>\n<tr>\n<td>Boky<\/td>\n<td>\u00a0ak\u00fdko\u013evek<\/td>\n<td>\u00a0ak\u00fdko\u013evek<\/td>\n<td>\u00a0ak\u00fdko\u013evek<\/td>\n<td>ak\u00fdko\u013evek<\/td>\n<\/tr>\n<\/tbody>\n<\/table>\n<p style=\"text-align: center;\">\u00a0 celkov\u00e1 d\u013a\u017eka cca 95 cm<\/p>\n<p style=\"text-align: center;\">\u0160aty s\u00fa dostupn\u00e9 aj v in\u00fdch farb\u00e1ch - odpor\u00fa\u010dame v\u00e1m zozn\u00e1mi\u0165 sa s na\u0161imi \u010fal\u0161\u00edmi produktmi.<\/p>\n<p style=\"text-align: center;\">Rozmery sa m\u00f4\u017eu mierne l\u00ed\u0161i\u0165 od uveden\u00fdch +\/- 2cm.<\/p>\n<p style=\"text-align: center;\"><strong>\u00a0<\/strong><\/p>\n<p>&nbsp;<\/p>\n<table>\n<tbody>\n<tr>\n<td width=\"302\">Meno modela<\/td>\n<td width=\"302\">Pusia \u0161aty zdoben\u00e9 per\u00edm<\/td>\n<\/tr>\n<tr>\n<td width=\"302\">Farba<\/td>\n<td width=\"302\"><span style=\"font-size: 10pt;\">vres<\/span><\/td>\n<\/tr>\n<tr>\n<td width=\"302\">Marka<\/td>\n<td width=\"302\">Pekn\u00e1 \u017eena<\/td>\n<\/tr>\n<tr>\n<td width=\"302\">ve\u013ekosti<\/td>\n<td width=\"302\">34 36 38 40<\/td>\n<\/tr>\n<tr>\n<td width=\"302\">M\u00f3da<\/td>\n<td width=\"302\">Zhoda<\/td>\n<\/tr>\n<tr>\n<td width=\"302\">Materi\u00e1l<\/td>\n<td width=\"302\">Visk\u00f3za, polyester, bavlna<\/td>\n<\/tr>\n<tr>\n<td width=\"302\">D\u013a\u017eka<\/td>\n<td width=\"302\">Pred kolenom<\/td>\n<\/tr>\n<\/tbody>\n<\/table>\n<p>&nbsp;<\/p>\n<p style=\"text-align: center;\">Aby ste si vybrali\u00a0<strong>perfektn\u00e9 \u0161aty<\/strong>\u00a0kontaktujte n\u00e1s pros\u00edm telefonicky alebo cez n\u00e1\u0161 facebook.<br \/>\nN\u00e1\u0161 t\u00edm v\u00e1m pom\u00f4\u017ee\u00a0<strong>Vyberte si ten spr\u00e1vny<\/strong>\u00a0.\u00a0<strong>Na \u017eelanie kupuj\u00faceho vyrob\u00edme ak\u00e9ko\u013evek \u0161aty\u00a0<\/strong><strong>opatrne mera\u0165.\u00a0<\/strong><\/p>\n<div class=\"additional-details\">\n<p style=\"text-align: center;\">\n<\/div>","protected":false},"excerpt":{"rendered":"<p>Sukienka Pusia Zdobiona Pi\u00f3rkami Wrzosowa Pi\u0119kna kr\u00f3tka suknia wieczorowa zdobiona cekinami oraz pi\u00f3rkami. Pi\u0119knie eksponuje kobiece kszta\u0142ty. Kr\u00f3tka suknia posiada seksownie wyci\u0119ty dekolt w styl v. Sukienka \u015bwietnie podkre\u015bla kobiece kszta\u0142ty- mega dopasowana z ca\u0142\u0105 pewno\u015bci\u0105 skupi uwag\u0119 innych. . Zapoznaj si\u0119 z nasz\u0105 ofert\u0105 sukni wieczorowych\u00a0i wybierz model, w kt\u00f3rej b\u0119dziesz wygl\u0105da\u0107 jak gwiazda<\/p>\n<div class=\"klb-readmore post-buttons\"><a class=\"button black outline size-sm\" href=\"https:\/\/madelinefashion.pl\/sk\/sukienka-pusia-zdobiona-piorkami-wrzosowa\/\">\u010c\u00edta\u0165 \u010falej <i class=\"klbth-icon-right-arrow\"><\/i><\/a><\/div>","protected":false},"featured_media":153208,"template":"","meta":[],"product_brand":[],"product_cat":[124,395,562],"product_tag":[257,262],"class_list":{"0":"post-101971","1":"product","2":"type-product","3":"status-publish","4":"has-post-thumbnail","6":"product_cat-sukienki-okolicznosciowe","7":"product_cat-nowosci","8":"product_cat-sukienki-z-piorkami","9":"product_tag-madelinefashion","10":"product_tag-sukienki-krotkie","12":"first","13":"instock","14":"product-type-variable"},"_links":{"self":[{"href":"https:\/\/madelinefashion.pl\/sk\/wp-json\/wp\/v2\/product\/101971","targetHints":{"allow":["GET"]}}],"collection":[{"href":"https:\/\/madelinefashion.pl\/sk\/wp-json\/wp\/v2\/product"}],"about":[{"href":"https:\/\/madelinefashion.pl\/sk\/wp-json\/wp\/v2\/types\/product"}],"wp:featuredmedia":[{"embeddable":true,"href":"https:\/\/madelinefashion.pl\/sk\/wp-json\/wp\/v2\/media\/153208"}],"wp:attachment":[{"href":"https:\/\/madelinefashion.pl\/sk\/wp-json\/wp\/v2\/media?parent=101971"}],"wp:term":[{"taxonomy":"product_brand","embeddable":true,"href":"https:\/\/madelinefashion.pl\/sk\/wp-json\/wp\/v2\/product_brand?post=101971"},{"taxonomy":"product_cat","embeddable":true,"href":"https:\/\/madelinefashion.pl\/sk\/wp-json\/wp\/v2\/product_cat?post=101971"},{"taxonomy":"product_tag","embeddable":true,"href":"https:\/\/madelinefashion.pl\/sk\/wp-json\/wp\/v2\/product_tag?post=101971"}],"curies":[{"name":"pracovn\u00fd list","href":"https:\/\/api.w.org\/{rel}","templated":true}]}}

Šaty Pusia zdobené pierkami, vresové

<h3 style="text-align: center;">Šaty Pusia zdobené pierkami, vresové</h3>
<p style="text-align: center;"><span style="font-size: 10pt;">Krásne krátke spoločenské šaty zdobené flitrami a pierkami. Krásne odhaľuje ženské tvary. Krátke šaty majú sexi výstrih do V. Šaty dokonale zvýrazňujú ženské tvary - mega <strong>vybavené</strong> určite pritiahne pozornosť ostatných. . </span><span style="font-size: 10pt;">Zoznámte sa s našou ponukou <strong><a href="https://madelinefashion.pl/sk/sukienki-i-kombinezony/sukienki-okolicznosciowe/">večerné šaty</a> a vyberte si model, </strong>v ktorom budete <strong>vyzerať ako hviezda a vyčnievať z davu. Minišaty sa vo svetle lámp rozprávkovo trblietajú. </strong>Nemôžete byť k tomu ľahostajní.<strong> Šaty v krátkej verzii nad kolená </strong></span><span style="font-size: 10pt;">Šaty majú vpredu všité košíčky, takže nemusíte nosiť podprsenku. Vyrobené a šité v Poľsku. <strong>Nadýchané šaty </strong> k dispozícii </span><span style="font-size: 10pt;"> vo veľkostiach <strong>34, 36, 38</strong> , <strong>40</strong>  . Šaty <strong>Pekná žena</strong> je vynikajúcou voľbou na svadbu, ples, Silvestra a iné elegantné špeciálne udalosti.  </span><span style="font-size: 10pt;">Model je vyrobený z elastického materiálu zdobeného flitrami, ktorý perfektne sedí na postave. Tento model má jemné ramienka, v páse zúžené, krásne zvýrazní pás. Chrbát dokonale odhaľuje chrbát. Šaty s efektnými vzormi určite upútajú každého - navyše zdobené čiernymi pierkami. <strong>Šaty pôsobia decentne vďaka klasickému strihu. </strong> Dostupné na našom e-shope vo viacerých farebných variantoch, tak neváhajte a vyberte si tú, ktorá je pre vás ako stvorená. Ak sa neviete rozhodnúť akú farbu, <strong>veľkosť</strong> je pre vás to najlepšie <strong>kontaktuj nás</strong> cez <a href="https://www.facebook.com/madelinefashionbutik" target="_blank" rel="noopener">Facebook</a> alebo <a href="https://madelinefashion.pl/sk/kontakt/">telefón</a>. Ak veľkosť nie je na stránke, kontaktujte nás. </span></p>
<h3 style="text-align: center;">ROZMERY šiat:</h3>
<p style="text-align: center;"><img fetchpriority="high" decoding="async" class="alignnone size-medium wp-image-16801" src="https://madelinefashion.pl/wp-content/uploads/2021/08/wymiary-suknia-300x194.png" alt="" width="300" height="194" title=""></p>
<table width="749">
<tbody>
<tr>
<td>VEĽKOSŤ</td>
<td>34</td>
<td>36</td>
<td>38</td>
<td>40</td>
</tr>
<tr>
<td>poprsia</td>
<td>84-86</td>
<td>88-90</td>
<td>92-94</td>
<td>96-98</td>
</tr>
<tr>
<td>Pás</td>
<td>64</td>
<td>68</td>
<td>72</td>
<td>76</td>
</tr>
<tr>
<td>Boky</td>
<td> akýkoľvek</td>
<td> akýkoľvek</td>
<td> akýkoľvek</td>
<td>akýkoľvek</td>
</tr>
</tbody>
</table>
<p style="text-align: center;">  celková dĺžka cca 95 cm</p>
<p style="text-align: center;">Šaty sú dostupné aj v iných farbách - odporúčame vám zoznámiť sa s našimi ďalšími produktmi.</p>
<p style="text-align: center;">Rozmery sa môžu mierne líšiť od uvedených +/- 2cm.</p>
<p style="text-align: center;"><strong> </strong></p>
<p>&nbsp;</p>
<table>
<tbody>
<tr>
<td width="302">Meno modela</td>
<td width="302">Pusia šaty zdobené perím</td>
</tr>
<tr>
<td width="302">Farba</td>
<td width="302"><span style="font-size: 10pt;">vres</span></td>
</tr>
<tr>
<td width="302">Marka</td>
<td width="302">Pekná žena</td>
</tr>
<tr>
<td width="302">veľkosti</td>
<td width="302">34 36 38 40</td>
</tr>
<tr>
<td width="302">Móda</td>
<td width="302">Zhoda</td>
</tr>
<tr>
<td width="302">Materiál</td>
<td width="302">Viskóza, polyester, bavlna</td>
</tr>
<tr>
<td width="302">Dĺžka</td>
<td width="302">Pred kolenom</td>
</tr>
</tbody>
</table>
<p>&nbsp;</p>
<p style="text-align: center;">Aby ste si vybrali <strong>perfektné šaty</strong> kontaktujte nás prosím telefonicky alebo cez náš facebook.<br />
Náš tím vám pomôže <strong>Vyberte si ten správny</strong> . <strong>Na želanie kupujúceho vyrobíme akékoľvek šaty </strong><strong>opatrne merať. </strong></p>
<div class="additional-details">
<p style="text-align: center;">
</div>

<p>Sukienka Pusia Zdobiona Piórkami Wrzosowa Piękna krótka suknia wieczorowa zdobiona cekinami oraz piórkami. Pięknie eksponuje kobiece kształty. Krótka suknia posiada seksownie wycięty dekolt w styl v. Sukienka świetnie podkreśla kobiece kształty- mega dopasowana z całą pewnością skupi uwagę innych. . Zapoznaj się z naszą ofertą sukni wieczorowych i wybierz model, w której będziesz wyglądać jak gwiazda</p>
<div class="klb-readmore post-buttons"><a class="button black outline size-sm" href="https://madelinefashion.pl/sk/sukienka-pusia-zdobiona-piorkami-wrzosowa/">Čítať ďalej <i class="klbth-icon-right-arrow"></i></a></div>

pracovný list
