{"id":1033,"date":"2019-03-14T10:05:01","date_gmt":"2019-03-14T09:05:01","guid":{"rendered":"http:\/\/serwer2078743.home.pl\/?post_type=product&#038;p=1033"},"modified":"2026-01-15T12:43:42","modified_gmt":"2026-01-15T11:43:42","slug":"plaszcz-blekitny-plus-size-z-flauszu","status":"publish","type":"product","link":"https:\/\/madelinefashion.pl\/sk\/plaszcz-blekitny-plus-size-z-flauszu\/","title":{"rendered":"Modr\u00fd fleecov\u00fd kab\u00e1t ve\u013ekej ve\u013ekosti"},"content":{"rendered":"<h2 style=\"text-align: center;\">Modr\u00fd fleecov\u00fd kab\u00e1t ve\u013ekej ve\u013ekosti<\/h2>\n<p style=\"text-align: center;\">Modr\u00fd plus size fleecov\u00fd kab\u00e1t je skuto\u010dn\u00fdm hitom, ide\u00e1lny na jar, jese\u0148 a jemn\u00fa zimu.Je to spojenie elegancie, modernosti a funk\u010dnosti - n\u00e1\u0161 kab\u00e1t <strong>svetlo modr\u00e1<\/strong> \u2013 je nesporn\u00e9 <strong>najpred\u00e1vanej\u0161\u00ed. <\/strong>Kab\u00e1t je univerz\u00e1lny - hod\u00ed sa na ka\u017ed\u00fa pr\u00edle\u017eitos\u0165, bude sa hodi\u0165 v ka\u017edom ro\u010dnom obdob\u00ed, navy\u0161e vyroben\u00fd z fleecu skvele sed\u00ed.<\/p>\n<h2 style=\"text-align: center;\">Perfektn\u00fd kab\u00e1t na ka\u017ed\u00fa pr\u00edle\u017eitos\u0165<\/h2>\n<p style=\"text-align: center;\">Baby modr\u00e1 - t\u00e1to farba je skuto\u010dn\u00fdm hitom, <strong>zvolilo ve\u013ea \u017eien<\/strong>. Farba dod\u00e1va kab\u00e1tu charakter. Ide\u00e1lne do \u0161koly, pr\u00e1ce, na rande alebo na stretnutie s priate\u013emi! Ve\u013ekos\u0165 <strong>univerz\u00e1lna ve\u013ekos\u0165 plus <\/strong>\u00a0odpor\u00fa\u010dan\u00e9 pre\u00a0 <strong>P\u00e1n<\/strong> nosenie<strong> ve\u013ekos\u0165<\/strong> <strong>44,46,48,50<\/strong> \u010do je obrovsk\u00e1 v\u00fdhoda tohto modelu. V ponuke <strong>m\u00e1me<\/strong> tie\u017e <strong>men\u0161ie<\/strong> odpor\u00fa\u010dan\u00e9 pre SML XL. Kab\u00e1t je dostupn\u00fd aj v in\u00fdch farebn\u00fdch variantoch - odpor\u00fa\u010dame V\u00e1m zozn\u00e1mi\u0165 sa s na\u0161imi \u010fal\u0161\u00edmi produktmi. Na\u0161e kab\u00e1ty vyu\u017eijete na v\u00e4\u010d\u0161inu svojich outfitov, preto\u017ee farby s\u00fa tlmen\u00e9, <strong>elegantn\u00fd<\/strong> a \u0161ik.<\/p>\n<p style=\"text-align: center;\"><strong>Ide\u00e1lne pre ka\u017ed\u00fa pr\u00edle\u017eitos\u0165 a \u010das!<\/strong><\/p>\n<h2 style=\"text-align: center;\">Rozmery kab\u00e1ta nadmernej ve\u013ekosti:<\/h2>\n<ul style=\"text-align: center;\">\n<li>celkov\u00e1 d\u013a\u017eka chrbta: 90 cm<\/li>\n<li>\u0161\u00edrka od pazuchy po pazuchu: 59 cm<\/li>\n<li>d\u013a\u017eka ruk\u00e1va od ramena: 62 cm<\/li>\n<li>d\u013a\u017eka ruk\u00e1va od podpazu\u0161ia: 47 cm<\/li>\n<li>odpor\u00fa\u010dan\u00fd maxim\u00e1lny obvod poprsia: 130-145 cm<\/li>\n<li>\u0161\u00edrka v bicepsoch: 39 cm<\/li>\n<\/ul>\n<p style=\"text-align: center;\">Rozmery sa m\u00f4\u017eu mierne l\u00ed\u0161i\u0165 od uveden\u00fdch +\/- 2cm. V\u0161etky uveden\u00e9 rozmery s\u00fa meran\u00e9 plo\u0161ne.<\/p>\n<table>\n<tbody>\n<tr>\n<td width=\"302\">Meno modela<\/td>\n<td width=\"302\">Modr\u00fd fleecov\u00fd kab\u00e1t ve\u013ekosti plus<\/td>\n<\/tr>\n<tr>\n<td width=\"302\">Farba<\/td>\n<td width=\"302\">Modr\u00e1<\/td>\n<\/tr>\n<tr>\n<td width=\"302\">Zbierka<\/td>\n<td width=\"302\">jar\/jese\u0148\/zima<\/td>\n<\/tr>\n<tr>\n<td width=\"302\">ve\u013ekosti<\/td>\n<td width=\"302\">Univerz\u00e1lny<\/td>\n<\/tr>\n<tr>\n<td width=\"302\">M\u00f3da<\/td>\n<td width=\"302\">nadrozmern\u00e9<\/td>\n<\/tr>\n<tr>\n<td width=\"302\">Hood<\/td>\n<td width=\"302\">Bez kapucne<\/td>\n<\/tr>\n<tr>\n<td width=\"302\">izolovan\u00e9<\/td>\n<td width=\"302\">jednopl\u00e1\u0161\u0165ov\u00e9<\/td>\n<\/tr>\n<tr>\n<td width=\"302\">Materi\u00e1l<\/td>\n<td width=\"302\">Petersham<\/td>\n<\/tr>\n<\/tbody>\n<\/table>\n<p style=\"text-align: center;\">\u00a0Model m\u00e1\u00a0<strong>173<\/strong>\u00a0cm vysok\u00fd vo ve\u013ekosti <strong>Plusov\u00e1 velkos\u0165<\/strong><\/p>\n<p style=\"text-align: center;\">","protected":false},"excerpt":{"rendered":"<p>P\u0142aszcz B\u0142\u0119kitny Plus Size z Flauszu B\u0142\u0119kitny p\u0142aszcz Plus Size z flauszu to prawdziwy hit idealny na wiosn\u0119, jesie\u0144 delikatn\u0105 zim\u0119.. Jest to po\u0142\u0105czenie elegancji, nowoczesno\u015bci i funkcjonalno\u015bci \u2013 nasz p\u0142aszcz baby blue &#8211; to niekwestionowany bestseller. P\u0142aszcz jest uniwersalny \u2013 jest stosowny na ka\u017cd\u0105 okazj\u0119, \u015bwietnie sprawdzi si\u0119 w ka\u017cdej porze roku, dodatkowo wykonanie<\/p>\n<div class=\"klb-readmore post-buttons\"><a class=\"button black outline size-sm\" href=\"https:\/\/madelinefashion.pl\/sk\/plaszcz-blekitny-plus-size-z-flauszu\/\">\u010c\u00edta\u0165 \u010falej <i class=\"klbth-icon-right-arrow\"><\/i><\/a><\/div>","protected":false},"featured_media":6632,"template":"","meta":[],"product_brand":[],"product_cat":[102,279],"product_tag":[510],"class_list":{"0":"post-1033","1":"product","2":"type-product","3":"status-publish","4":"has-post-thumbnail","6":"product_cat-plaszcze-plus-size","7":"product_cat-plaszcze-wiosenne","8":"product_tag-plaszcze-flauszowe","10":"first","11":"instock","12":"sale","13":"purchasable","14":"product-type-simple"},"_links":{"self":[{"href":"https:\/\/madelinefashion.pl\/sk\/wp-json\/wp\/v2\/product\/1033","targetHints":{"allow":["GET"]}}],"collection":[{"href":"https:\/\/madelinefashion.pl\/sk\/wp-json\/wp\/v2\/product"}],"about":[{"href":"https:\/\/madelinefashion.pl\/sk\/wp-json\/wp\/v2\/types\/product"}],"wp:featuredmedia":[{"embeddable":true,"href":"https:\/\/madelinefashion.pl\/sk\/wp-json\/wp\/v2\/media\/6632"}],"wp:attachment":[{"href":"https:\/\/madelinefashion.pl\/sk\/wp-json\/wp\/v2\/media?parent=1033"}],"wp:term":[{"taxonomy":"product_brand","embeddable":true,"href":"https:\/\/madelinefashion.pl\/sk\/wp-json\/wp\/v2\/product_brand?post=1033"},{"taxonomy":"product_cat","embeddable":true,"href":"https:\/\/madelinefashion.pl\/sk\/wp-json\/wp\/v2\/product_cat?post=1033"},{"taxonomy":"product_tag","embeddable":true,"href":"https:\/\/madelinefashion.pl\/sk\/wp-json\/wp\/v2\/product_tag?post=1033"}],"curies":[{"name":"pracovn\u00fd list","href":"https:\/\/api.w.org\/{rel}","templated":true}]}}

Modrý fleecový kabát veľkej veľkosti

<h2 style="text-align: center;">Modrý fleecový kabát veľkej veľkosti</h2>
<p style="text-align: center;">Modrý plus size fleecový kabát je skutočným hitom, ideálny na jar, jeseň a jemnú zimu.Je to spojenie elegancie, modernosti a funkčnosti - náš kabát <strong>svetlo modrá</strong> – je nesporné <strong>najpredávanejší. </strong>Kabát je univerzálny - hodí sa na každú príležitosť, bude sa hodiť v každom ročnom období, navyše vyrobený z fleecu skvele sedí.</p>
<h2 style="text-align: center;">Perfektný kabát na každú príležitosť</h2>
<p style="text-align: center;">Baby modrá - táto farba je skutočným hitom, <strong>zvolilo veľa žien</strong>. Farba dodáva kabátu charakter. Ideálne do školy, práce, na rande alebo na stretnutie s priateľmi! Veľkosť <strong>univerzálna veľkosť plus </strong> odporúčané pre  <strong>Pán</strong> nosenie<strong> veľkosť</strong> <strong>44,46,48,50</strong> čo je obrovská výhoda tohto modelu. V ponuke <strong>máme</strong> tiež <strong>menšie</strong> odporúčané pre SML XL. Kabát je dostupný aj v iných farebných variantoch - odporúčame Vám zoznámiť sa s našimi ďalšími produktmi. Naše kabáty využijete na väčšinu svojich outfitov, pretože farby sú tlmené, <strong>elegantný</strong> a šik.</p>
<p style="text-align: center;"><strong>Ideálne pre každú príležitosť a čas!</strong></p>
<h2 style="text-align: center;">Rozmery kabáta nadmernej veľkosti:</h2>
<ul style="text-align: center;">
<li>celková dĺžka chrbta: 90 cm</li>
<li>šírka od pazuchy po pazuchu: 59 cm</li>
<li>dĺžka rukáva od ramena: 62 cm</li>
<li>dĺžka rukáva od podpazušia: 47 cm</li>
<li>odporúčaný maximálny obvod poprsia: 130-145 cm</li>
<li>šírka v bicepsoch: 39 cm</li>
</ul>
<p style="text-align: center;">Rozmery sa môžu mierne líšiť od uvedených +/- 2cm. Všetky uvedené rozmery sú merané plošne.</p>
<table>
<tbody>
<tr>
<td width="302">Meno modela</td>
<td width="302">Modrý fleecový kabát veľkosti plus</td>
</tr>
<tr>
<td width="302">Farba</td>
<td width="302">Modrá</td>
</tr>
<tr>
<td width="302">Zbierka</td>
<td width="302">jar/jeseň/zima</td>
</tr>
<tr>
<td width="302">veľkosti</td>
<td width="302">Univerzálny</td>
</tr>
<tr>
<td width="302">Móda</td>
<td width="302">nadrozmerné</td>
</tr>
<tr>
<td width="302">Hood</td>
<td width="302">Bez kapucne</td>
</tr>
<tr>
<td width="302">izolované</td>
<td width="302">jednoplášťové</td>
</tr>
<tr>
<td width="302">Materiál</td>
<td width="302">Petersham</td>
</tr>
</tbody>
</table>
<p style="text-align: center;"> Model má <strong>173</strong> cm vysoký vo veľkosti <strong>Plusová velkosť</strong></p>
<p style="text-align: center;">

<p>Płaszcz Błękitny Plus Size z Flauszu Błękitny płaszcz Plus Size z flauszu to prawdziwy hit idealny na wiosnę, jesień delikatną zimę.. Jest to połączenie elegancji, nowoczesności i funkcjonalności – nasz płaszcz baby blue &#8211; to niekwestionowany bestseller. Płaszcz jest uniwersalny – jest stosowny na każdą okazję, świetnie sprawdzi się w każdej porze roku, dodatkowo wykonanie</p>
<div class="klb-readmore post-buttons"><a class="button black outline size-sm" href="https://madelinefashion.pl/sk/plaszcz-blekitny-plus-size-z-flauszu/">Čítať ďalej <i class="klbth-icon-right-arrow"></i></a></div>

pracovný list
