{"id":10331,"date":"2021-04-28T23:08:43","date_gmt":"2021-04-28T21:08:43","guid":{"rendered":"https:\/\/madelinefashion.pl\/?post_type=product&#038;p=10331"},"modified":"2026-01-20T10:34:33","modified_gmt":"2026-01-20T09:34:33","slug":"bluzka-koronkowa-tesla-blekitna","status":"publish","type":"product","link":"https:\/\/madelinefashion.pl\/sk\/bluzka-koronkowa-tesla-blekitna\/","title":{"rendered":"\u010cipkovan\u00e1 bl\u00fazka Tesla Sky Blue"},"content":{"rendered":"<h3 style=\"text-align: center;\">\u010cipkovan\u00e1 bl\u00fazka Tesla Sky Blue<\/h3>\n<p style=\"text-align: center;\"><span style=\"font-size: 10pt;\">\u010cipkovan\u00e1 bl\u00fazka Tesla v nebesky modrej farbe je perfektnou vo\u013ebou na ka\u017edodenn\u00e9 nosenie aj na \u0161peci\u00e1lne pr\u00edle\u017eitosti. <strong>pr\u00e1zdninov\u00e9 pobyty!<\/strong> Asymetrick\u00e1 bl\u00fazka je vyroben\u00e1 z najkvalitnej\u0161ieho bavlnen\u00e9ho materi\u00e1lu, celok p\u00f4sob\u00ed ve\u013emi <strong>\u017eensk\u00fd<\/strong>. \u010cipkovan\u00e1 bl\u00fazka<strong>\u00a0boh\u00e9msky \u0161t\u00fdl <\/strong>je ide\u00e1lna ponuka na tepl\u00e9 jarn\u00e9 a letn\u00e9 dni. Je tie\u017e dokonal\u00fd ako <strong>p\u00e1r do plaviek.<\/strong> Tento model odpor\u00fa\u010dame nosi\u0165 ku \u0161ortk\u00e1m. Na dotyk pr\u00edjemn\u00fd bavlnen\u00fd materi\u00e1l a vo\u013enej\u0161\u00ed strih vyzeraj\u00fa skvele. Oversized strih zais\u0165uje pohodlie 100%.<strong> Prieh\u013eadn\u00fd materi\u00e1l guipure zd\u00f4raz\u0148uje \u017eensk\u00fa kr\u00e1su<\/strong> a d\u00e1va <strong>\u0161tyliz\u00e1cia postavy<\/strong>. Asymetrick\u00e1 prelamovan\u00e1 bl\u00fazka dostupn\u00e1 u n\u00e1s v nieko\u013ek\u00fdch farebn\u00fdch variantoch. <strong>odpor\u00fa\u010dan\u00e9<\/strong> pre d\u00e1my vo ve\u013e <strong>XS SML<\/strong>\u00a0 <strong>XL<\/strong> ak nos\u00edte v\u00e4\u010d\u0161iu ve\u013ekos\u0165, pozrite si tabu\u013eku ni\u017e\u0161ie.<\/span><\/p>\n<h3 style=\"text-align: center;\">Rozmery:<\/h3>\n<ul style=\"text-align: center;\">\n<li><span style=\"font-size: 10pt;\">\u00a0\u00a0\u00a0\u00a0\u00a0\u00a0\u00a0 \u00a0\u00a0\u00a0\u00a0\u00a0\u00a0\u00a0 celkov\u00e1 d\u013a\u017eka: 70 cm<br \/>\n<\/span><\/li>\n<li>celkov\u00e1 d\u013a\u017eka strany: 80 cm<\/li>\n<li><span style=\"font-size: 10pt;\">\u00a0\u00a0\u00a0\u00a0\u00a0\u00a0\u00a0 \u00a0\u00a0\u00a0\u00a0\u00a0\u00a0\u00a0 \u0161\u00edrka od pazuchy po pazuchu: 54-59 cm<br \/>\n<\/span><\/li>\n<li>d\u013a\u017eka ruk\u00e1va od podpazu\u0161ia: 24 cm<br \/>\nd\u013a\u017eka ruk\u00e1va od ramena: 40 cm<\/li>\n<li><\/li>\n<\/ul>\n<p style=\"text-align: center;\"><span style=\"font-size: 10pt;\">Rozmery sa m\u00f4\u017eu mierne l\u00ed\u0161i\u0165 od uveden\u00fdch +\/- 2cm. V\u0161etky uveden\u00e9 rozmery s\u00fa meran\u00e9 plo\u0161ne. rozmer x2<\/span><\/p>\n<p style=\"text-align: center;\"><span style=\"font-size: 10pt;\">\u00a0<\/span><\/p>\n<p style=\"text-align: center;\"><span style=\"font-size: 10pt;\"><strong>\u00a0<\/strong>\u00a0<\/span><\/p>\n<p>&nbsp;<\/p>\n<table>\n<tbody>\n<tr>\n<td width=\"302\"><span style=\"font-size: 10pt;\">Meno modela<\/span><\/td>\n<td width=\"302\">\u010cipkovan\u00e1 bl\u00fazka Tesla<\/td>\n<\/tr>\n<tr>\n<td width=\"302\"><span style=\"font-size: 10pt;\">Farba<\/span><\/td>\n<td width=\"302\">Modr\u00e1<\/td>\n<\/tr>\n<tr>\n<td width=\"302\"><span style=\"font-size: 10pt;\">M\u00f3da<\/span><\/td>\n<td width=\"302\"><span style=\"font-size: 10pt;\">nadrozmern\u00e9<\/span><\/td>\n<\/tr>\n<tr>\n<td width=\"302\"><span style=\"font-size: 10pt;\">Zlo\u017eenie<\/span><\/td>\n<td width=\"302\"><span style=\"font-size: 10pt;\">100% bavlna\u00a0<\/span><\/td>\n<\/tr>\n<tr>\n<td width=\"302\"><span style=\"font-size: 10pt;\">D\u013a\u017eka<\/span><\/td>\n<td width=\"302\"><span style=\"font-size: 10pt;\">Do polovice stehien<\/span><\/td>\n<\/tr>\n<\/tbody>\n<\/table>\n<p style=\"text-align: center;\"><span style=\"font-size: 10pt;\">\u00a0<\/span><\/p>\n<div class=\"additional-details\" style=\"text-align: center;\">\n<p>\u00a0Model m\u00e1\u00a0<strong>169<\/strong>\u00a0cm vysok\u00fd, nos\u00ed ve\u013ekos\u0165 ka\u017ed\u00fd de\u0148\u00a0<strong>S<\/strong><\/p>\n<p>\u0160\u00edrka cez prsia 92 cm<\/p>\n<p>\u0160\u00edrka v p\u00e1se 62 cm<\/p>\n<p>\u0160\u00edrka v bokoch 94 cm<\/p>\n<p style=\"text-align: center;\"><span style=\"font-size: 10pt;\">\u00a0<\/span><\/p>\n<p style=\"text-align: center;\"><span style=\"font-size: 10pt;\">\u00a0<\/span><\/p>\n<\/div>","protected":false},"excerpt":{"rendered":"<p>Bl\u00fazka Tesla s \u010dipkou v svetlomodrej farbe je perfektnou vo\u013ebou na ka\u017edodenn\u00e9 nosenie aj na letn\u00e9 v\u00fdlety! Asymetrick\u00e1 bl\u00fazka je vyroben\u00e1 z najkvalitnej\u0161ej bavlny, ktor\u00e1 vytv\u00e1ra ve\u013emi \u017eensk\u00fd vzh\u013ead. T\u00e1to \u010dipkovan\u00e1 bl\u00fazka v boh\u00e9mskom \u0161t\u00fdle je ide\u00e1lna na tepl\u00e9 jarn\u00e9 a letn\u00e9 dni. Skvele sa hod\u00ed aj ako pareo.<\/p>\n<div class=\"klb-readmore post-buttons\"><a class=\"button black outline size-sm\" href=\"https:\/\/madelinefashion.pl\/sk\/bluzka-koronkowa-tesla-blekitna\/\">\u010c\u00edta\u0165 \u010falej <i class=\"klbth-icon-right-arrow\"><\/i><\/a><\/div>","protected":false},"featured_media":50015,"template":"","meta":[],"product_brand":[],"product_cat":[77],"product_tag":[],"class_list":{"0":"post-10331","1":"product","2":"type-product","3":"status-publish","4":"has-post-thumbnail","6":"product_cat-bluzki","8":"first","9":"instock","10":"sale","11":"purchasable","12":"product-type-simple"},"_links":{"self":[{"href":"https:\/\/madelinefashion.pl\/sk\/wp-json\/wp\/v2\/product\/10331","targetHints":{"allow":["GET"]}}],"collection":[{"href":"https:\/\/madelinefashion.pl\/sk\/wp-json\/wp\/v2\/product"}],"about":[{"href":"https:\/\/madelinefashion.pl\/sk\/wp-json\/wp\/v2\/types\/product"}],"wp:featuredmedia":[{"embeddable":true,"href":"https:\/\/madelinefashion.pl\/sk\/wp-json\/wp\/v2\/media\/50015"}],"wp:attachment":[{"href":"https:\/\/madelinefashion.pl\/sk\/wp-json\/wp\/v2\/media?parent=10331"}],"wp:term":[{"taxonomy":"product_brand","embeddable":true,"href":"https:\/\/madelinefashion.pl\/sk\/wp-json\/wp\/v2\/product_brand?post=10331"},{"taxonomy":"product_cat","embeddable":true,"href":"https:\/\/madelinefashion.pl\/sk\/wp-json\/wp\/v2\/product_cat?post=10331"},{"taxonomy":"product_tag","embeddable":true,"href":"https:\/\/madelinefashion.pl\/sk\/wp-json\/wp\/v2\/product_tag?post=10331"}],"curies":[{"name":"pracovn\u00fd list","href":"https:\/\/api.w.org\/{rel}","templated":true}]}}

Čipkovaná blúzka Tesla Sky Blue

<h3 style="text-align: center;">Čipkovaná blúzka Tesla Sky Blue</h3>
<p style="text-align: center;"><span style="font-size: 10pt;">Čipkovaná blúzka Tesla v nebesky modrej farbe je perfektnou voľbou na každodenné nosenie aj na špeciálne príležitosti. <strong>prázdninové pobyty!</strong> Asymetrická blúzka je vyrobená z najkvalitnejšieho bavlneného materiálu, celok pôsobí veľmi <strong>ženský</strong>. Čipkovaná blúzka<strong> bohémsky štýl </strong>je ideálna ponuka na teplé jarné a letné dni. Je tiež dokonalý ako <strong>pár do plaviek.</strong> Tento model odporúčame nosiť ku šortkám. Na dotyk príjemný bavlnený materiál a voľnejší strih vyzerajú skvele. Oversized strih zaisťuje pohodlie 100%.<strong> Priehľadný materiál guipure zdôrazňuje ženskú krásu</strong> a dáva <strong>štylizácia postavy</strong>. Asymetrická prelamovaná blúzka dostupná u nás v niekoľkých farebných variantoch. <strong>odporúčané</strong> pre dámy vo veľ <strong>XS SML</strong>  <strong>XL</strong> ak nosíte väčšiu veľkosť, pozrite si tabuľku nižšie.</span></p>
<h3 style="text-align: center;">Rozmery:</h3>
<ul style="text-align: center;">
<li><span style="font-size: 10pt;">                celková dĺžka: 70 cm<br />
</span></li>
<li>celková dĺžka strany: 80 cm</li>
<li><span style="font-size: 10pt;">                šírka od pazuchy po pazuchu: 54-59 cm<br />
</span></li>
<li>dĺžka rukáva od podpazušia: 24 cm<br />
dĺžka rukáva od ramena: 40 cm</li>
<li></li>
</ul>
<p style="text-align: center;"><span style="font-size: 10pt;">Rozmery sa môžu mierne líšiť od uvedených +/- 2cm. Všetky uvedené rozmery sú merané plošne. rozmer x2</span></p>
<p style="text-align: center;"><span style="font-size: 10pt;"> </span></p>
<p style="text-align: center;"><span style="font-size: 10pt;"><strong> </strong> </span></p>
<p>&nbsp;</p>
<table>
<tbody>
<tr>
<td width="302"><span style="font-size: 10pt;">Meno modela</span></td>
<td width="302">Čipkovaná blúzka Tesla</td>
</tr>
<tr>
<td width="302"><span style="font-size: 10pt;">Farba</span></td>
<td width="302">Modrá</td>
</tr>
<tr>
<td width="302"><span style="font-size: 10pt;">Móda</span></td>
<td width="302"><span style="font-size: 10pt;">nadrozmerné</span></td>
</tr>
<tr>
<td width="302"><span style="font-size: 10pt;">Zloženie</span></td>
<td width="302"><span style="font-size: 10pt;">100% bavlna </span></td>
</tr>
<tr>
<td width="302"><span style="font-size: 10pt;">Dĺžka</span></td>
<td width="302"><span style="font-size: 10pt;">Do polovice stehien</span></td>
</tr>
</tbody>
</table>
<p style="text-align: center;"><span style="font-size: 10pt;"> </span></p>
<div class="additional-details" style="text-align: center;">
<p> Model má <strong>169</strong> cm vysoký, nosí veľkosť každý deň <strong>S</strong></p>
<p>Šírka cez prsia 92 cm</p>
<p>Šírka v páse 62 cm</p>
<p>Šírka v bokoch 94 cm</p>
<p style="text-align: center;"><span style="font-size: 10pt;"> </span></p>
<p style="text-align: center;"><span style="font-size: 10pt;"> </span></p>
</div>

<p>Blúzka Tesla s čipkou v svetlomodrej farbe je perfektnou voľbou na každodenné nosenie aj na letné výlety! Asymetrická blúzka je vyrobená z najkvalitnejšej bavlny, ktorá vytvára veľmi ženský vzhľad. Táto čipkovaná blúzka v bohémskom štýle je ideálna na teplé jarné a letné dni. Skvele sa hodí aj ako pareo.</p>
<div class="klb-readmore post-buttons"><a class="button black outline size-sm" href="https://madelinefashion.pl/sk/bluzka-koronkowa-tesla-blekitna/">Čítať ďalej <i class="klbth-icon-right-arrow"></i></a></div>

pracovný list
