{"id":10386,"date":"2021-04-29T00:32:36","date_gmt":"2021-04-28T22:32:36","guid":{"rendered":"https:\/\/madelinefashion.pl\/?post_type=product&#038;p=10386"},"modified":"2026-01-20T10:34:32","modified_gmt":"2026-01-20T09:34:32","slug":"bluzka-na-ramiaczkach-z-napisami-memories-pudrowy-roz","status":"publish","type":"product","link":"https:\/\/madelinefashion.pl\/sk\/bluzka-na-ramiaczkach-z-napisami-memories-pudrowy-roz\/","title":{"rendered":"Memories Printed T-Shirt Powder Pink"},"content":{"rendered":"<h3 style=\"text-align: center;\">Memories Printed T-Shirt Powder Pink<\/h3>\n<p style=\"text-align: center;\"><b>Tri\u010dko s n\u00e1pismi Memories vo farbe Powder pink. <\/b>V\u010faka nemu vytvor\u00edte nezabudnute\u013en\u00fa \u0161tyliz\u00e1ciu. \u010eal\u0161\u00ed n\u00e1vrh najm\u00f3dnej\u0161\u00edch bl\u00fazok tejto sez\u00f3ny na ramienka s n\u00e1pismi. Odpor\u00fa\u010dame! Bavlnen\u00e1 tie\u0148ovan\u00e1 bl\u00fazka v univerz\u00e1lnej ve\u013ekosti, odpor\u00fa\u010dan\u00e1 od S po XL.<\/p>\n<h2 style=\"text-align: center;\">Rozmery:<\/h2>\n<ul style=\"text-align: center;\">\n<li style=\"list-style-type: none;\">\n<ul>\n<li style=\"list-style-type: none;\">\n<ul>\n<li>Celkov\u00e1 predn\u00e1 d\u013a\u017eka: 60 cm<\/li>\n<li>\u0160\u00edrka od pazuchy po pazuchu: 43 - 53 cm<\/li>\n<li>\u0160\u00edrka v spodnej \u010dasti: 48-55 cm<\/li>\n<\/ul>\n<p>&nbsp;<\/li>\n<\/ul>\n<\/li>\n<\/ul>\n<p style=\"text-align: center;\">Rozmery sa m\u00f4\u017eu mierne l\u00ed\u0161i\u0165 od uveden\u00fdch +\/- 2cm. V\u0161etky uveden\u00e9 rozmery s\u00fa meran\u00e9 plo\u0161ne.<\/p>\n<p style=\"text-align: center;\"><span style=\"font-size: 10pt;\">\u00a0<\/span><\/p>\n<p style=\"text-align: center;\"><span style=\"font-size: 10pt;\">\u00a0<\/span><\/p>\n<table width=\"608\">\n<tbody>\n<tr>\n<td width=\"302\">Meno modela<\/td>\n<td width=\"302\">Spomienkov\u00e9 tri\u010dko<\/td>\n<\/tr>\n<tr>\n<td width=\"302\">Farba<\/td>\n<td width=\"302\">P\u00fadrov\u00e1 ru\u017eov\u00e1<\/td>\n<\/tr>\n<tr>\n<td width=\"302\">ve\u013ekosti<\/td>\n<td width=\"302\">Univerz\u00e1lny<\/td>\n<\/tr>\n<tr>\n<td width=\"302\">M\u00f3da<\/td>\n<td width=\"302\">nadrozmern\u00e9<\/td>\n<\/tr>\n<tr>\n<td width=\"302\">Materi\u00e1l<\/td>\n<td width=\"302\">100% bavlna<\/td>\n<\/tr>\n<\/tbody>\n<\/table>\n<p style=\"text-align: center;\"><span style=\"font-size: 10pt;\">\u00a0<\/span><\/p>\n<div class=\"tabs tabs-bb clear mb-80\">\n<div class=\"tab-content\">\n<div id=\"tab-description\" class=\"tab-pane fade in woocommerce-Tabs-panel--description active\">\n<p style=\"text-align: center;\">Model m\u00e1\u00a0<strong>169<\/strong>\u00a0cm vysok\u00fd, nos\u00ed ve\u013ekos\u0165 ka\u017ed\u00fd de\u0148\u00a0<strong>S<\/strong><\/p>\n<p style=\"text-align: center;\">\u0160\u00edrka cez prsia 92 cm<\/p>\n<p style=\"text-align: center;\">\u0160\u00edrka v p\u00e1se 62 cm<\/p>\n<p style=\"text-align: center;\">\u0160\u00edrka v bokoch 94 cm<\/p>\n<\/div>\n<\/div>\n<\/div>","protected":false},"excerpt":{"rendered":"<p>Bluzka Na Rami\u0105czkach z Napisami Memories Pudrowy R\u00f3\u017c Bluzka Na Rami\u0105czkach z Napisami Memories w kolorze Pudrowego r\u00f3\u017cu. Dzi\u0119ki niej stworzysz niezapomnian\u0105 stylizacj\u0119. Kolejna ju\u017c propozycja najmodniejszych w tym sezonie bluzek\u00a0 na rami\u0105czkach z napisami. Polecamy! Bluzka bawe\u0142niana cieniowana w rozmiarze\u00a0 uniwersalnym zalecana od S do XL. Wymiary: D\u0142ugo\u015b\u0107 ca\u0142kowita prz\u00f3d : 60 cm Szeroko\u015b\u0107<\/p>\n<div class=\"klb-readmore post-buttons\"><a class=\"button black outline size-sm\" href=\"https:\/\/madelinefashion.pl\/sk\/bluzka-na-ramiaczkach-z-napisami-memories-pudrowy-roz\/\">\u010c\u00edta\u0165 \u010falej <i class=\"klbth-icon-right-arrow\"><\/i><\/a><\/div>","protected":false},"featured_media":52341,"template":"","meta":[],"product_brand":[],"product_cat":[77,85],"product_tag":[292],"class_list":{"0":"post-10386","1":"product","2":"type-product","3":"status-publish","4":"has-post-thumbnail","6":"product_cat-bluzki","7":"product_cat-t-shirty","8":"product_tag-topy","10":"first","11":"instock","12":"sale","13":"purchasable","14":"product-type-simple"},"_links":{"self":[{"href":"https:\/\/madelinefashion.pl\/sk\/wp-json\/wp\/v2\/product\/10386","targetHints":{"allow":["GET"]}}],"collection":[{"href":"https:\/\/madelinefashion.pl\/sk\/wp-json\/wp\/v2\/product"}],"about":[{"href":"https:\/\/madelinefashion.pl\/sk\/wp-json\/wp\/v2\/types\/product"}],"wp:featuredmedia":[{"embeddable":true,"href":"https:\/\/madelinefashion.pl\/sk\/wp-json\/wp\/v2\/media\/52341"}],"wp:attachment":[{"href":"https:\/\/madelinefashion.pl\/sk\/wp-json\/wp\/v2\/media?parent=10386"}],"wp:term":[{"taxonomy":"product_brand","embeddable":true,"href":"https:\/\/madelinefashion.pl\/sk\/wp-json\/wp\/v2\/product_brand?post=10386"},{"taxonomy":"product_cat","embeddable":true,"href":"https:\/\/madelinefashion.pl\/sk\/wp-json\/wp\/v2\/product_cat?post=10386"},{"taxonomy":"product_tag","embeddable":true,"href":"https:\/\/madelinefashion.pl\/sk\/wp-json\/wp\/v2\/product_tag?post=10386"}],"curies":[{"name":"pracovn\u00fd list","href":"https:\/\/api.w.org\/{rel}","templated":true}]}}

<h3 style="text-align: center;">Memories Printed T-Shirt Powder Pink</h3>
<p style="text-align: center;"><b>Tričko s nápismi Memories vo farbe Powder pink. </b>Vďaka nemu vytvoríte nezabudnuteľnú štylizáciu. Ďalší návrh najmódnejších blúzok tejto sezóny na ramienka s nápismi. Odporúčame! Bavlnená tieňovaná blúzka v univerzálnej veľkosti, odporúčaná od S po XL.</p>
<h2 style="text-align: center;">Rozmery:</h2>
<ul style="text-align: center;">
<li style="list-style-type: none;">
<ul>
<li style="list-style-type: none;">
<ul>
<li>Celková predná dĺžka: 60 cm</li>
<li>Šírka od pazuchy po pazuchu: 43 - 53 cm</li>
<li>Šírka v spodnej časti: 48-55 cm</li>
</ul>
<p>&nbsp;</li>
</ul>
</li>
</ul>
<p style="text-align: center;">Rozmery sa môžu mierne líšiť od uvedených +/- 2cm. Všetky uvedené rozmery sú merané plošne.</p>
<p style="text-align: center;"><span style="font-size: 10pt;"> </span></p>
<p style="text-align: center;"><span style="font-size: 10pt;"> </span></p>
<table width="608">
<tbody>
<tr>
<td width="302">Meno modela</td>
<td width="302">Spomienkové tričko</td>
</tr>
<tr>
<td width="302">Farba</td>
<td width="302">Púdrová ružová</td>
</tr>
<tr>
<td width="302">veľkosti</td>
<td width="302">Univerzálny</td>
</tr>
<tr>
<td width="302">Móda</td>
<td width="302">nadrozmerné</td>
</tr>
<tr>
<td width="302">Materiál</td>
<td width="302">100% bavlna</td>
</tr>
</tbody>
</table>
<p style="text-align: center;"><span style="font-size: 10pt;"> </span></p>
<div class="tabs tabs-bb clear mb-80">
<div class="tab-content">
<div id="tab-description" class="tab-pane fade in woocommerce-Tabs-panel--description active">
<p style="text-align: center;">Model má <strong>169</strong> cm vysoký, nosí veľkosť každý deň <strong>S</strong></p>
<p style="text-align: center;">Šírka cez prsia 92 cm</p>
<p style="text-align: center;">Šírka v páse 62 cm</p>
<p style="text-align: center;">Šírka v bokoch 94 cm</p>
</div>
</div>
</div>

<p>Bluzka Na Ramiączkach z Napisami Memories Pudrowy Róż Bluzka Na Ramiączkach z Napisami Memories w kolorze Pudrowego różu. Dzięki niej stworzysz niezapomnianą stylizację. Kolejna już propozycja najmodniejszych w tym sezonie bluzek  na ramiączkach z napisami. Polecamy! Bluzka bawełniana cieniowana w rozmiarze  uniwersalnym zalecana od S do XL. Wymiary: Długość całkowita przód : 60 cm Szerokość</p>
<div class="klb-readmore post-buttons"><a class="button black outline size-sm" href="https://madelinefashion.pl/sk/bluzka-na-ramiaczkach-z-napisami-memories-pudrowy-roz/">Čítať ďalej <i class="klbth-icon-right-arrow"></i></a></div>

pracovný list
