{"id":10527,"date":"2021-05-01T13:51:10","date_gmt":"2021-05-01T11:51:10","guid":{"rendered":"https:\/\/madelinefashion.pl\/?post_type=product&#038;p=10527"},"modified":"2026-01-20T10:34:30","modified_gmt":"2026-01-20T09:34:30","slug":"bluzka-koronkowa-candit-czarna","status":"publish","type":"product","link":"https:\/\/madelinefashion.pl\/sk\/bluzka-koronkowa-candit-czarna\/","title":{"rendered":"\u010cierna \u010dipkovan\u00e1 bl\u00fazka Candit"},"content":{"rendered":"<h3 style=\"text-align: center;\">\u010cierna \u010dipkovan\u00e1 bl\u00fazka Candit<\/h3>\n<p style=\"text-align: center;\"><span style=\"font-size: 10pt;\"><strong>\u010cierna \u010dipkovan\u00e1 bl\u00fazka Candit\u00a0<\/strong> je model, ktor\u00fd sa skvele hod\u00ed na r\u00f4zne oslavy so suk\u0148ou a sakom, ako aj s nohavicami \u010di \u0161ortkami v ka\u017edodenn\u00fdch \u0161tyliz\u00e1ci\u00e1ch. Bl\u00fazka z \u010dipkovan\u00e9ho materi\u00e1lu zap\u00ednan\u00e1 vzadu na zips. Top vpredu m\u00e1 pod \u010dipkou jemn\u00fa bavlnen\u00fa pod\u0161\u00edvku. Model, v ktorom nezostanete bez pov\u0161imnutia. Odpor\u00fa\u010da sa pre \u017eeny vo ve\u013ekosti <strong>XS, S, M, L<\/strong><\/span><\/p>\n<h3 style=\"text-align: center;\">Rozmery:<\/h3>\n<ul style=\"text-align: center;\">\n<li>celkov\u00e1 d\u013a\u017eka: 58 cm<\/li>\n<li>\u0161\u00edrka od pazuchy po pazuchu: 43-52 cm<\/li>\n<li>\u0161\u00edrka p\u00e1sa: 35-38 cm<\/li>\n<li><\/li>\n<\/ul>\n<p style=\"text-align: center;\">Rozmery sa m\u00f4\u017eu mierne l\u00ed\u0161i\u0165 od uveden\u00fdch +\/- 2cm. V\u0161etky uveden\u00e9 rozmery s\u00fa meran\u00e9 plo\u0161ne. rozmer x2<\/p>\n<p style=\"text-align: center;\"><span style=\"font-size: 10pt;\">\u00a0<\/span><\/p>\n<p style=\"text-align: center;\"><span style=\"font-size: 10pt;\">\u00a0<\/span><\/p>\n<table width=\"621\">\n<tbody>\n<tr>\n<td width=\"302\">Meno modela<\/td>\n<td width=\"302\">\u010cipkovan\u00e1 bl\u00fazka Candit<\/td>\n<\/tr>\n<tr>\n<td width=\"302\">Farba<\/td>\n<td width=\"302\">\u010dierna<\/td>\n<\/tr>\n<tr>\n<td width=\"302\">ve\u013ekosti<\/td>\n<td width=\"302\">Univerz\u00e1lny<\/td>\n<\/tr>\n<tr>\n<td width=\"302\">M\u00f3da<\/td>\n<td width=\"302\">nadrozmern\u00e9<\/td>\n<\/tr>\n<tr>\n<td width=\"302\">Materi\u00e1l<\/td>\n<td width=\"302\">95 % Polyester 5% Bavlna<\/td>\n<\/tr>\n<\/tbody>\n<\/table>\n<p>&nbsp;<\/p>\n<div class=\"tabs tabs-bb clear mb-80\">\n<div class=\"tab-content\">\n<div id=\"tab-description\" class=\"tab-pane fade in woocommerce-Tabs-panel--description active\">\n<p style=\"text-align: center;\">Model m\u00e1\u00a0<strong>169<\/strong>\u00a0cm vysok\u00fd, nos\u00ed ve\u013ekos\u0165 ka\u017ed\u00fd de\u0148\u00a0<strong>S<\/strong><\/p>\n<p style=\"text-align: center;\">\u0160\u00edrka cez prsia 92 cm<\/p>\n<p style=\"text-align: center;\">\u0160\u00edrka v p\u00e1se 62 cm<\/p>\n<p style=\"text-align: center;\">\u0160\u00edrka v bokoch 94 cm<\/p>\n<\/div>\n<\/div>\n<\/div>","protected":false},"excerpt":{"rendered":"<p>Bluzka Koronkowa Candit Czarna Bluzka Koronkowa Candit Czarna\u00a0 to model, kt\u00f3ry idealnie sprawdzi si\u0119 na r\u00f3\u017cne uroczysto\u015bci do sp\u00f3dnicy i pod \u017cakiet, a tak\u017ce do spodni czy szort\u00f3w w codziennych stylizacjach. Bluzka wykonana z koronkowego materia\u0142u zapinana z ty\u0142u po ca\u0142o\u015bci na zamek.\u00a0 Top z przodu posiada delikatn\u0105 bawe\u0142nian\u0105 podszewk\u0119 pod koronk\u0105. Model, w kt\u00f3rym<\/p>\n<div class=\"klb-readmore post-buttons\"><a class=\"button black outline size-sm\" href=\"https:\/\/madelinefashion.pl\/sk\/bluzka-koronkowa-candit-czarna\/\">\u010c\u00edta\u0165 \u010falej <i class=\"klbth-icon-right-arrow\"><\/i><\/a><\/div>","protected":false},"featured_media":52282,"template":"","meta":[],"product_brand":[],"product_cat":[77],"product_tag":[252],"class_list":{"0":"post-10527","1":"product","2":"type-product","3":"status-publish","4":"has-post-thumbnail","6":"product_cat-bluzki","7":"product_tag-bluzka-czarna","9":"first","10":"instock","11":"sale","12":"purchasable","13":"product-type-simple"},"_links":{"self":[{"href":"https:\/\/madelinefashion.pl\/sk\/wp-json\/wp\/v2\/product\/10527","targetHints":{"allow":["GET"]}}],"collection":[{"href":"https:\/\/madelinefashion.pl\/sk\/wp-json\/wp\/v2\/product"}],"about":[{"href":"https:\/\/madelinefashion.pl\/sk\/wp-json\/wp\/v2\/types\/product"}],"wp:featuredmedia":[{"embeddable":true,"href":"https:\/\/madelinefashion.pl\/sk\/wp-json\/wp\/v2\/media\/52282"}],"wp:attachment":[{"href":"https:\/\/madelinefashion.pl\/sk\/wp-json\/wp\/v2\/media?parent=10527"}],"wp:term":[{"taxonomy":"product_brand","embeddable":true,"href":"https:\/\/madelinefashion.pl\/sk\/wp-json\/wp\/v2\/product_brand?post=10527"},{"taxonomy":"product_cat","embeddable":true,"href":"https:\/\/madelinefashion.pl\/sk\/wp-json\/wp\/v2\/product_cat?post=10527"},{"taxonomy":"product_tag","embeddable":true,"href":"https:\/\/madelinefashion.pl\/sk\/wp-json\/wp\/v2\/product_tag?post=10527"}],"curies":[{"name":"pracovn\u00fd list","href":"https:\/\/api.w.org\/{rel}","templated":true}]}}

Čierna čipkovaná blúzka Candit

<h3 style="text-align: center;">Čierna čipkovaná blúzka Candit</h3>
<p style="text-align: center;"><span style="font-size: 10pt;"><strong>Čierna čipkovaná blúzka Candit </strong> je model, ktorý sa skvele hodí na rôzne oslavy so sukňou a sakom, ako aj s nohavicami či šortkami v každodenných štylizáciách. Blúzka z čipkovaného materiálu zapínaná vzadu na zips. Top vpredu má pod čipkou jemnú bavlnenú podšívku. Model, v ktorom nezostanete bez povšimnutia. Odporúča sa pre ženy vo veľkosti <strong>XS, S, M, L</strong></span></p>
<h3 style="text-align: center;">Rozmery:</h3>
<ul style="text-align: center;">
<li>celková dĺžka: 58 cm</li>
<li>šírka od pazuchy po pazuchu: 43-52 cm</li>
<li>šírka pása: 35-38 cm</li>
<li></li>
</ul>
<p style="text-align: center;">Rozmery sa môžu mierne líšiť od uvedených +/- 2cm. Všetky uvedené rozmery sú merané plošne. rozmer x2</p>
<p style="text-align: center;"><span style="font-size: 10pt;"> </span></p>
<p style="text-align: center;"><span style="font-size: 10pt;"> </span></p>
<table width="621">
<tbody>
<tr>
<td width="302">Meno modela</td>
<td width="302">Čipkovaná blúzka Candit</td>
</tr>
<tr>
<td width="302">Farba</td>
<td width="302">čierna</td>
</tr>
<tr>
<td width="302">veľkosti</td>
<td width="302">Univerzálny</td>
</tr>
<tr>
<td width="302">Móda</td>
<td width="302">nadrozmerné</td>
</tr>
<tr>
<td width="302">Materiál</td>
<td width="302">95 % Polyester 5% Bavlna</td>
</tr>
</tbody>
</table>
<p>&nbsp;</p>
<div class="tabs tabs-bb clear mb-80">
<div class="tab-content">
<div id="tab-description" class="tab-pane fade in woocommerce-Tabs-panel--description active">
<p style="text-align: center;">Model má <strong>169</strong> cm vysoký, nosí veľkosť každý deň <strong>S</strong></p>
<p style="text-align: center;">Šírka cez prsia 92 cm</p>
<p style="text-align: center;">Šírka v páse 62 cm</p>
<p style="text-align: center;">Šírka v bokoch 94 cm</p>
</div>
</div>
</div>

<p>Bluzka Koronkowa Candit Czarna Bluzka Koronkowa Candit Czarna  to model, który idealnie sprawdzi się na różne uroczystości do spódnicy i pod żakiet, a także do spodni czy szortów w codziennych stylizacjach. Bluzka wykonana z koronkowego materiału zapinana z tyłu po całości na zamek.  Top z przodu posiada delikatną bawełnianą podszewkę pod koronką. Model, w którym</p>
<div class="klb-readmore post-buttons"><a class="button black outline size-sm" href="https://madelinefashion.pl/sk/bluzka-koronkowa-candit-czarna/">Čítať ďalej <i class="klbth-icon-right-arrow"></i></a></div>

pracovný list
