{"id":105754,"date":"2023-10-10T13:25:17","date_gmt":"2023-10-10T11:25:17","guid":{"rendered":"https:\/\/madelinefashion.pl\/?post_type=product&#038;p=105754"},"modified":"2026-04-14T17:35:33","modified_gmt":"2026-04-14T15:35:33","slug":"sukienka-maripossa-krotka-czerwona","status":"publish","type":"product","link":"https:\/\/madelinefashion.pl\/sk\/sukienka-maripossa-krotka-czerwona\/","title":{"rendered":"Kr\u00e1tke \u010derven\u00e9 \u0161aty Maripossa"},"content":{"rendered":"<h3 style=\"text-align: center;\">Kr\u00e1tke \u010derven\u00e9 \u0161aty Maripossa<\/h3>\n<p style=\"text-align: center;\">kr\u00e1sne <strong>\u0161aty po kolen\u00e1<\/strong> Vyroben\u00e9 z vzdu\u0161n\u00e9ho materi\u00e1lu. Cel\u00e9 vyroben\u00e9 zo spl\u00fdvav\u00e9ho materi\u00e1lu. \u0160aty maj\u00fa ozdobn\u00e9 riasenie. Vyroben\u00e9 a u\u0161it\u00e9 v Po\u013esku. \u0160aty <strong>Maripossa<\/strong> V midi verzii je to perfektn\u00e1 vo\u013eba pre \u0161peci\u00e1lne udalosti. T\u00e1to kre\u00e1cia spln\u00ed svoju \u00falohu v 100% \u2013 up\u00fata pozornos\u0165 host\u00ed a dod\u00e1... <strong>v\u00fdnimo\u010dn\u00e9 sebavedomie<\/strong>.<br \/>\nDostupn\u00e9 vo ve\u013ekostiach 40, 42, 44, 46, 48, 50. Dostupn\u00e9 v na\u0161om e-shope, tak nev\u00e1hajte a vyberte si t\u00fa, ktor\u00e1 je pre v\u00e1s ako stvoren\u00e1. Ak sa neviete rozhodn\u00fa\u0165 ak\u00fa farbu, <strong>ve\u013ekos\u0165<\/strong>\u00a0je pre v\u00e1s to najlep\u0161ie\u00a0<strong>kontaktuj n\u00e1s<\/strong>\u00a0cez\u00a0<a href=\"https:\/\/www.facebook.com\/madelinefashionbutik\" target=\"_blank\" rel=\"noopener\">Facebook<\/a>\u00a0alebo\u00a0<a href=\"https:\/\/madelinefashion.pl\/sk\/kontakt\/\">telef\u00f3n<\/a>. Ak ve\u013ekos\u0165 nie je na str\u00e1nke, kontaktujte n\u00e1s.<\/p>\n<h3 style=\"text-align: center;\">ROZMERY \u0161iat:<\/h3>\n<table width=\"556\">\n<tbody>\n<tr>\n<td><strong>VE\u013dKOS\u0164<\/strong><\/td>\n<td><strong>poprsia<\/strong><\/td>\n<td><strong>P\u00e1s<\/strong><\/td>\n<td><strong>Boky<\/strong><\/td>\n<\/tr>\n<tr>\n<td><strong>40<\/strong><\/td>\n<td>96-98<\/td>\n<td>76<\/td>\n<td>\u00a0ak\u00fdko\u013evek<\/td>\n<\/tr>\n<tr>\n<td><strong>42<\/strong><\/td>\n<td>100-104<\/td>\n<td>80<\/td>\n<td>\u00a0ak\u00fdko\u013evek<\/td>\n<\/tr>\n<tr>\n<td><strong>44<\/strong><\/td>\n<td>102-106<\/td>\n<td>86<\/td>\n<td>\u00a0ak\u00fdko\u013evek<\/td>\n<\/tr>\n<tr>\n<td><strong>46<\/strong><\/td>\n<td>106-110<\/td>\n<td>88<\/td>\n<td>\u00a0ak\u00fdko\u013evek<\/td>\n<\/tr>\n<tr>\n<td><strong>48<\/strong><\/td>\n<td>110-112<\/td>\n<td>92<\/td>\n<td>\u00a0ak\u00fdko\u013evek<\/td>\n<\/tr>\n<tr>\n<td><strong>50<\/strong><\/td>\n<td>114-116<\/td>\n<td>96<\/td>\n<td>\u00a0ak\u00fdko\u013evek<\/td>\n<\/tr>\n<\/tbody>\n<\/table>\n<p style=\"text-align: center;\"><span style=\"font-size: 10pt;\">celkov\u00e1 d\u013a\u017eka cca 105 cm\u00a0\u00a0<\/span><\/p>\n<p style=\"text-align: center;\"><span style=\"font-size: 10pt;\">\u0160aty s\u00fa dostupn\u00e9 aj v in\u00fdch farb\u00e1ch - odpor\u00fa\u010dame v\u00e1m zozn\u00e1mi\u0165 sa s na\u0161imi \u010fal\u0161\u00edmi produktmi.\u00a0<\/span><\/p>\n<p style=\"text-align: center;\"><span style=\"font-size: 10pt;\">Rozmery sa m\u00f4\u017eu mierne l\u00ed\u0161i\u0165 od uveden\u00fdch +\/- 2cm.\u00a0<\/span><\/p>\n<p style=\"text-align: center;\"><span style=\"font-size: 10pt;\"><strong>\u00a0<\/strong>\u00a0<\/span><\/p>\n<table width=\"616\">\n<tbody>\n<tr>\n<td width=\"302\">Meno modela<\/td>\n<td width=\"302\">\u0160if\u00f3nov\u00e9 \u0161aty Maripossa s ruk\u00e1vmi<\/td>\n<\/tr>\n<tr>\n<td width=\"302\">Farba<\/td>\n<td width=\"302\">\u010cerven\u00e1<\/td>\n<\/tr>\n<tr>\n<td width=\"302\">Marka<\/td>\n<td width=\"302\">Pekn\u00e1 \u017eena<\/td>\n<\/tr>\n<tr>\n<td width=\"302\">ve\u013ekosti<\/td>\n<td width=\"302\">\u00a040 42 44 46 48 50<\/td>\n<\/tr>\n<tr>\n<td width=\"302\">M\u00f3da<\/td>\n<td width=\"302\">Zhoda<\/td>\n<\/tr>\n<tr>\n<td width=\"302\">Materi\u00e1l<\/td>\n<td width=\"302\">Visk\u00f3za, polyester, bavlna<\/td>\n<\/tr>\n<tr>\n<td width=\"302\">D\u013a\u017eka<\/td>\n<td width=\"302\">Do kolena<\/td>\n<\/tr>\n<\/tbody>\n<\/table>\n<p style=\"text-align: center;\"><span style=\"font-size: 10pt;\">\u00a0<\/span><\/p>\n<p>&nbsp;<\/p>\n<p style=\"text-align: center;\"><span style=\"font-size: 10pt;\">Aby ste si vybrali\u00a0<strong>perfektn\u00e9 \u0161aty<\/strong>\u00a0kontaktujte n\u00e1s telefonicky alebo prostredn\u00edctvom na\u0161ej webovej str\u00e1nky <a href=\"https:\/\/www.facebook.com\/madelinefashionbutik\" target=\"_blank\" rel=\"noopener\">Facebook<\/a> .<\/span><br \/>\n<span style=\"font-size: 10pt;\">N\u00e1\u0161 t\u00edm v\u00e1m pom\u00f4\u017ee\u00a0<strong>Vyberte si ten spr\u00e1vny<\/strong>\u00a0.\u00a0<strong>Na \u017eelanie kupuj\u00faceho vyrob\u00edme ak\u00e9ko\u013evek \u0161aty\u00a0<\/strong><strong>opatrne mera\u0165.\u00a0<\/strong><\/span><\/p>\n<div class=\"additional-details\">\n<p style=\"text-align: center;\"><span style=\"font-size: 10pt;\">\u00a0<\/span><\/p>\n<\/div>","protected":false},"excerpt":{"rendered":"<p>Sukienka Maripossa Kr\u00f3tka Czerwona Pi\u0119kna sukienka do kolana ze zwiewnego materia\u0142u. Wykonana w ca\u0142o\u015bci z lej\u0105cego si\u0119 materia\u0142u. Sukienka posiada ozdobne marszczenia .Wyprodukowana i uszyta w Polsce. Sukienka Maripossa w wersji midi to idealna propozycja\u00a0 imprezy okoliczno\u015bciowe. Kreacja spe\u0142ni swoj\u0105 rol\u0119 w 100% \u2013 przyci\u0105gnie wzrok go\u015bci i doda wyj\u0105tkowej pewno\u015bci siebie. Dost\u0119pna w rozmiarach<\/p>\n<div class=\"klb-readmore post-buttons\"><a class=\"button black outline size-sm\" href=\"https:\/\/madelinefashion.pl\/sk\/sukienka-maripossa-krotka-czerwona\/\">\u010c\u00edta\u0165 \u010falej <i class=\"klbth-icon-right-arrow\"><\/i><\/a><\/div>","protected":false},"featured_media":105724,"template":"","meta":[],"product_brand":[],"product_cat":[124,559,564,568,380],"product_tag":[257,385,258,262],"class_list":{"0":"post-105754","1":"product","2":"type-product","3":"status-publish","4":"has-post-thumbnail","6":"product_cat-sukienki-okolicznosciowe","7":"product_cat-noworoczna-sekcja-okazji","8":"product_cat-sukienki-plus-size","9":"product_cat-sukienki-rozkloszowane-szyfonowe","10":"product_cat-wyprzedaz","11":"product_tag-madelinefashion","12":"product_tag-plus-size","13":"product_tag-sukienka-czerwona","14":"product_tag-sukienki-krotkie","16":"first","17":"instock","18":"sale","19":"purchasable","20":"product-type-variable"},"_links":{"self":[{"href":"https:\/\/madelinefashion.pl\/sk\/wp-json\/wp\/v2\/product\/105754","targetHints":{"allow":["GET"]}}],"collection":[{"href":"https:\/\/madelinefashion.pl\/sk\/wp-json\/wp\/v2\/product"}],"about":[{"href":"https:\/\/madelinefashion.pl\/sk\/wp-json\/wp\/v2\/types\/product"}],"wp:featuredmedia":[{"embeddable":true,"href":"https:\/\/madelinefashion.pl\/sk\/wp-json\/wp\/v2\/media\/105724"}],"wp:attachment":[{"href":"https:\/\/madelinefashion.pl\/sk\/wp-json\/wp\/v2\/media?parent=105754"}],"wp:term":[{"taxonomy":"product_brand","embeddable":true,"href":"https:\/\/madelinefashion.pl\/sk\/wp-json\/wp\/v2\/product_brand?post=105754"},{"taxonomy":"product_cat","embeddable":true,"href":"https:\/\/madelinefashion.pl\/sk\/wp-json\/wp\/v2\/product_cat?post=105754"},{"taxonomy":"product_tag","embeddable":true,"href":"https:\/\/madelinefashion.pl\/sk\/wp-json\/wp\/v2\/product_tag?post=105754"}],"curies":[{"name":"pracovn\u00fd list","href":"https:\/\/api.w.org\/{rel}","templated":true}]}}

Krátke červené šaty Maripossa

<h3 style="text-align: center;">Krátke červené šaty Maripossa</h3>
<p style="text-align: center;">krásne <strong>šaty po kolená</strong> Vyrobené z vzdušného materiálu. Celé vyrobené zo splývavého materiálu. Šaty majú ozdobné riasenie. Vyrobené a ušité v Poľsku. Šaty <strong>Maripossa</strong> V midi verzii je to perfektná voľba pre špeciálne udalosti. Táto kreácia splní svoju úlohu v 100% – upúta pozornosť hostí a dodá... <strong>výnimočné sebavedomie</strong>.<br />
Dostupné vo veľkostiach 40, 42, 44, 46, 48, 50. Dostupné v našom e-shope, tak neváhajte a vyberte si tú, ktorá je pre vás ako stvorená. Ak sa neviete rozhodnúť akú farbu, <strong>veľkosť</strong> je pre vás to najlepšie <strong>kontaktuj nás</strong> cez <a href="https://www.facebook.com/madelinefashionbutik" target="_blank" rel="noopener">Facebook</a> alebo <a href="https://madelinefashion.pl/sk/kontakt/">telefón</a>. Ak veľkosť nie je na stránke, kontaktujte nás.</p>
<h3 style="text-align: center;">ROZMERY šiat:</h3>
<table width="556">
<tbody>
<tr>
<td><strong>VEĽKOSŤ</strong></td>
<td><strong>poprsia</strong></td>
<td><strong>Pás</strong></td>
<td><strong>Boky</strong></td>
</tr>
<tr>
<td><strong>40</strong></td>
<td>96-98</td>
<td>76</td>
<td> akýkoľvek</td>
</tr>
<tr>
<td><strong>42</strong></td>
<td>100-104</td>
<td>80</td>
<td> akýkoľvek</td>
</tr>
<tr>
<td><strong>44</strong></td>
<td>102-106</td>
<td>86</td>
<td> akýkoľvek</td>
</tr>
<tr>
<td><strong>46</strong></td>
<td>106-110</td>
<td>88</td>
<td> akýkoľvek</td>
</tr>
<tr>
<td><strong>48</strong></td>
<td>110-112</td>
<td>92</td>
<td> akýkoľvek</td>
</tr>
<tr>
<td><strong>50</strong></td>
<td>114-116</td>
<td>96</td>
<td> akýkoľvek</td>
</tr>
</tbody>
</table>
<p style="text-align: center;"><span style="font-size: 10pt;">celková dĺžka cca 105 cm  </span></p>
<p style="text-align: center;"><span style="font-size: 10pt;">Šaty sú dostupné aj v iných farbách - odporúčame vám zoznámiť sa s našimi ďalšími produktmi. </span></p>
<p style="text-align: center;"><span style="font-size: 10pt;">Rozmery sa môžu mierne líšiť od uvedených +/- 2cm. </span></p>
<p style="text-align: center;"><span style="font-size: 10pt;"><strong> </strong> </span></p>
<table width="616">
<tbody>
<tr>
<td width="302">Meno modela</td>
<td width="302">Šifónové šaty Maripossa s rukávmi</td>
</tr>
<tr>
<td width="302">Farba</td>
<td width="302">Červená</td>
</tr>
<tr>
<td width="302">Marka</td>
<td width="302">Pekná žena</td>
</tr>
<tr>
<td width="302">veľkosti</td>
<td width="302"> 40 42 44 46 48 50</td>
</tr>
<tr>
<td width="302">Móda</td>
<td width="302">Zhoda</td>
</tr>
<tr>
<td width="302">Materiál</td>
<td width="302">Viskóza, polyester, bavlna</td>
</tr>
<tr>
<td width="302">Dĺžka</td>
<td width="302">Do kolena</td>
</tr>
</tbody>
</table>
<p style="text-align: center;"><span style="font-size: 10pt;"> </span></p>
<p>&nbsp;</p>
<p style="text-align: center;"><span style="font-size: 10pt;">Aby ste si vybrali <strong>perfektné šaty</strong> kontaktujte nás telefonicky alebo prostredníctvom našej webovej stránky <a href="https://www.facebook.com/madelinefashionbutik" target="_blank" rel="noopener">Facebook</a> .</span><br />
<span style="font-size: 10pt;">Náš tím vám pomôže <strong>Vyberte si ten správny</strong> . <strong>Na želanie kupujúceho vyrobíme akékoľvek šaty </strong><strong>opatrne merať. </strong></span></p>
<div class="additional-details">
<p style="text-align: center;"><span style="font-size: 10pt;"> </span></p>
</div>

<p>Sukienka Maripossa Krótka Czerwona Piękna sukienka do kolana ze zwiewnego materiału. Wykonana w całości z lejącego się materiału. Sukienka posiada ozdobne marszczenia .Wyprodukowana i uszyta w Polsce. Sukienka Maripossa w wersji midi to idealna propozycja  imprezy okolicznościowe. Kreacja spełni swoją rolę w 100% – przyciągnie wzrok gości i doda wyjątkowej pewności siebie. Dostępna w rozmiarach</p>
<div class="klb-readmore post-buttons"><a class="button black outline size-sm" href="https://madelinefashion.pl/sk/sukienka-maripossa-krotka-czerwona/">Čítať ďalej <i class="klbth-icon-right-arrow"></i></a></div>

pracovný list
