{"id":107305,"date":"2023-10-28T10:52:13","date_gmt":"2023-10-28T08:52:13","guid":{"rendered":"https:\/\/madelinefashion.pl\/?post_type=product&#038;p=107305"},"modified":"2026-01-15T12:43:00","modified_gmt":"2026-01-15T11:43:00","slug":"plaszcz-w-krate-wiazany-classy-bezowy","status":"publish","type":"product","link":"https:\/\/madelinefashion.pl\/sk\/plaszcz-w-krate-wiazany-classy-bezowy\/","title":{"rendered":"P\u0142aszcz W Krat\u0119 Wi\u0105zany Classy Be\u017cowy"},"content":{"rendered":"<h3 style=\"text-align: center;\">P\u0142aszcz W Krat\u0119 Wi\u0105zany Classy Be\u017cowy<\/h3>\n<p style=\"text-align: center;\">P\u0142aszcz o d\u0142u\u017cszym fasonie w kilkukolorowy kraciasty wz\u00f3r doskonale uzupe\u0142ni looki na ch\u0142odniejsze dni. To model o oversizowym kroju z zapi\u0119ciem na guzik. Posiada ko\u0142nierz, z przodu znajduj\u0105 si\u0119 funkcjonalne kieszenie.<br \/>\nOdpowiedni dla rozmiar\u00f3w S M L XL<\/p>\n<p style=\"text-align: center;\">\u2013<\/p>\n<h3 style=\"text-align: center;\">Rozmery:<\/h3>\n<p style=\"text-align: center;\"><strong><br \/>\n<\/strong>Szeroko\u015b\u0107 od pachy do pachy: 56-63 cm<br \/>\nSzeroko\u015b\u0107 w pasie: 51-57 cm ( mo\u017cliwo\u015b\u0107 regulacji paskiem )<br \/>\nD\u013a\u017eka ruk\u00e1va od ramena: 64 cm<br \/>\nD\u013a\u017eka ruk\u00e1va od podpazu\u0161ia: 45 cm<br \/>\nCelkov\u00e1 d\u013a\u017eka: 100 cm<\/p>\n<p style=\"text-align: center;\">Rozmery sa m\u00f4\u017eu mierne l\u00ed\u0161i\u0165 od uveden\u00fdch +\/- 2cm. <strong>V\u0161etky uveden\u00e9 rozmery s\u00fa meran\u00e9 plo\u0161ne - rozmer x2\u00a0<\/strong><\/p>\n<p style=\"text-align: center;\"><strong><span style=\"font-size: 10pt;\">\u00a0<\/span><\/strong><\/p>\n<table class=\"table\" width=\"618\">\n<tbody>\n<tr>\n<td width=\"302\">Meno modela<\/td>\n<td width=\"302\">P\u0142aszcz W Krat\u0119 Wi\u0105zany Classy<\/td>\n<\/tr>\n<tr>\n<td width=\"302\">Farba<\/td>\n<td width=\"302\">Bez<\/td>\n<\/tr>\n<tr>\n<td width=\"302\">ve\u013ekosti<\/td>\n<td width=\"302\">Univerz\u00e1lny SML XL<\/td>\n<\/tr>\n<tr>\n<td width=\"302\">M\u00f3da<\/td>\n<td width=\"302\">Na mieru<\/td>\n<\/tr>\n<tr>\n<td width=\"302\">Hood<\/td>\n<td width=\"302\">Bez kapucne<\/td>\n<\/tr>\n<tr>\n<td width=\"302\">Zlo\u017eenie<\/td>\n<td width=\"302\">Polyester 100%<\/td>\n<\/tr>\n<\/tbody>\n<\/table>\n<p style=\"text-align: center;\">Model m\u00e1\u00a0<strong>169<\/strong>\u00a0cm vysok\u00fd, nos\u00ed ve\u013ekos\u0165 ka\u017ed\u00fd de\u0148\u00a0<strong>S<\/strong><\/p>\n<p style=\"text-align: center;\">\u0160\u00edrka hrudn\u00edka 91 cm<\/p>\n<p style=\"text-align: center;\">\u0160\u00edrka p\u00e1su 71 cm<\/p>\n<p style=\"text-align: center;\">\u0160\u00edrka bokov 96 cm<\/p>","protected":false},"excerpt":{"rendered":"<p>P\u0142aszcz W Krat\u0119 Wi\u0105zany Classy Be\u017cowy P\u0142aszcz o d\u0142u\u017cszym fasonie w kilkukolorowy kraciasty wz\u00f3r doskonale uzupe\u0142ni looki na ch\u0142odniejsze dni. To model o oversizowym kroju z zapi\u0119ciem na guzik. Posiada ko\u0142nierz, z przodu znajduj\u0105 si\u0119 funkcjonalne kieszenie. Odpowiedni dla rozmiar\u00f3w S M L XL &#8211; Wymiary: Szeroko\u015b\u0107 od pachy do pachy: 56-63 cm Szeroko\u015b\u0107 w<\/p>\n<div class=\"klb-readmore post-buttons\"><a class=\"button black outline size-sm\" href=\"https:\/\/madelinefashion.pl\/sk\/plaszcz-w-krate-wiazany-classy-bezowy\/\">\u010c\u00edta\u0165 \u010falej <i class=\"klbth-icon-right-arrow\"><\/i><\/a><\/div>","protected":false},"featured_media":107299,"template":"","meta":[],"product_brand":[],"product_cat":[117,118,120,395,279],"product_tag":[],"class_list":{"0":"post-107305","1":"product","2":"type-product","3":"status-publish","4":"has-post-thumbnail","6":"product_cat-kurtki","7":"product_cat-plaszcze","8":"product_cat-plaszcze-dlugie","9":"product_cat-nowosci","10":"product_cat-plaszcze-wiosenne","11":"pa_rozmiar-s","12":"pa_rozmiar-m","13":"pa_rozmiar-l","15":"first","16":"outofstock","17":"sale","18":"purchasable","19":"product-type-simple"},"_links":{"self":[{"href":"https:\/\/madelinefashion.pl\/sk\/wp-json\/wp\/v2\/product\/107305","targetHints":{"allow":["GET"]}}],"collection":[{"href":"https:\/\/madelinefashion.pl\/sk\/wp-json\/wp\/v2\/product"}],"about":[{"href":"https:\/\/madelinefashion.pl\/sk\/wp-json\/wp\/v2\/types\/product"}],"wp:featuredmedia":[{"embeddable":true,"href":"https:\/\/madelinefashion.pl\/sk\/wp-json\/wp\/v2\/media\/107299"}],"wp:attachment":[{"href":"https:\/\/madelinefashion.pl\/sk\/wp-json\/wp\/v2\/media?parent=107305"}],"wp:term":[{"taxonomy":"product_brand","embeddable":true,"href":"https:\/\/madelinefashion.pl\/sk\/wp-json\/wp\/v2\/product_brand?post=107305"},{"taxonomy":"product_cat","embeddable":true,"href":"https:\/\/madelinefashion.pl\/sk\/wp-json\/wp\/v2\/product_cat?post=107305"},{"taxonomy":"product_tag","embeddable":true,"href":"https:\/\/madelinefashion.pl\/sk\/wp-json\/wp\/v2\/product_tag?post=107305"}],"curies":[{"name":"pracovn\u00fd list","href":"https:\/\/api.w.org\/{rel}","templated":true}]}}

Płaszcz W Kratę Wiązany Classy Beżowy

<h3 style="text-align: center;">Płaszcz W Kratę Wiązany Classy Beżowy</h3>
<p style="text-align: center;">Płaszcz o dłuższym fasonie w kilkukolorowy kraciasty wzór doskonale uzupełni looki na chłodniejsze dni. To model o oversizowym kroju z zapięciem na guzik. Posiada kołnierz, z przodu znajdują się funkcjonalne kieszenie.<br />
Odpowiedni dla rozmiarów S M L XL</p>
<p style="text-align: center;">–</p>
<h3 style="text-align: center;">Rozmery:</h3>
<p style="text-align: center;"><strong><br />
</strong>Szerokość od pachy do pachy: 56-63 cm<br />
Szerokość w pasie: 51-57 cm ( możliwość regulacji paskiem )<br />
Dĺžka rukáva od ramena: 64 cm<br />
Dĺžka rukáva od podpazušia: 45 cm<br />
Celková dĺžka: 100 cm</p>
<p style="text-align: center;">Rozmery sa môžu mierne líšiť od uvedených +/- 2cm. <strong>Všetky uvedené rozmery sú merané plošne - rozmer x2 </strong></p>
<p style="text-align: center;"><strong><span style="font-size: 10pt;"> </span></strong></p>
<table class="table" width="618">
<tbody>
<tr>
<td width="302">Meno modela</td>
<td width="302">Płaszcz W Kratę Wiązany Classy</td>
</tr>
<tr>
<td width="302">Farba</td>
<td width="302">Bez</td>
</tr>
<tr>
<td width="302">veľkosti</td>
<td width="302">Univerzálny SML XL</td>
</tr>
<tr>
<td width="302">Móda</td>
<td width="302">Na mieru</td>
</tr>
<tr>
<td width="302">Hood</td>
<td width="302">Bez kapucne</td>
</tr>
<tr>
<td width="302">Zloženie</td>
<td width="302">Polyester 100%</td>
</tr>
</tbody>
</table>
<p style="text-align: center;">Model má <strong>169</strong> cm vysoký, nosí veľkosť každý deň <strong>S</strong></p>
<p style="text-align: center;">Šírka hrudníka 91 cm</p>
<p style="text-align: center;">Šírka pásu 71 cm</p>
<p style="text-align: center;">Šírka bokov 96 cm</p>

<p>Płaszcz W Kratę Wiązany Classy Beżowy Płaszcz o dłuższym fasonie w kilkukolorowy kraciasty wzór doskonale uzupełni looki na chłodniejsze dni. To model o oversizowym kroju z zapięciem na guzik. Posiada kołnierz, z przodu znajdują się funkcjonalne kieszenie. Odpowiedni dla rozmiarów S M L XL &#8211; Wymiary: Szerokość od pachy do pachy: 56-63 cm Szerokość w</p>
<div class="klb-readmore post-buttons"><a class="button black outline size-sm" href="https://madelinefashion.pl/sk/plaszcz-w-krate-wiazany-classy-bezowy/">Čítať ďalej <i class="klbth-icon-right-arrow"></i></a></div>

pracovný list
