{"id":10752,"date":"2021-05-03T13:20:45","date_gmt":"2021-05-03T11:20:45","guid":{"rendered":"https:\/\/madelinefashion.pl\/?post_type=product&#038;p=10752"},"modified":"2026-03-26T12:40:36","modified_gmt":"2026-03-26T11:40:36","slug":"komplet-bluzka-spodnica-love-czerwony","status":"publish","type":"product","link":"https:\/\/madelinefashion.pl\/sk\/komplet-bluzka-spodnica-love-czerwony\/","title":{"rendered":"S\u00faprava Bl\u00fazka + Suk\u0148a Love Red"},"content":{"rendered":"<h3 style=\"text-align: center;\">S\u00faprava Bl\u00fazka + Suk\u0148a Love Red<\/h3>\n<p style=\"text-align: center;\"><strong>S\u00faprava Bl\u00fazka + Suk\u0148a Love Red<\/strong> vyroben\u00e9 z ve\u013emi kvalitnej, m\u00e4kkej a <strong>pr\u00edjemn\u00e9<\/strong> v kontakte <strong>materi\u00e1l<\/strong>. Tepl\u00e1kov\u00e1 s\u00faprava s p\u00e1skou <strong>l\u00e1ska <\/strong>v spodnej \u010dasti bl\u00fazky, v p\u00e1se a na boku sukne. Kr\u00e1tky oblek <strong>\u00a0<\/strong>je vynikaj\u00facou ponukou pre t\u00fdch, ktor\u00ed miluj\u00fa ma\u0165 ka\u017ed\u00fd de\u0148 pocit pohodlia a z\u00e1rove\u0148 pocit priate\u013esk\u00e9ho a m\u00e4kk\u00e9ho dotyku. S\u00faprava je vyroben\u00e1 z kvalitn\u00e9ho materi\u00e1lu - je ve\u013emi pr\u00edjemn\u00e1 na dotyk a zvn\u00fatra ve\u013emi jemn\u00e1. Vr\u00e1tane Cami Top+ <strong>suk\u0148a vybaven\u00e1 ruchom.<\/strong> Celok vytv\u00e1ra ve\u013emi \u0161t\u00fdlov\u00fd a efektn\u00fd set<br \/>\nS\u00faprava v univerz\u00e1lnej ve\u013ekosti odpor\u00fa\u010dan\u00e1 pre \u017eeny vo ve\u013ekosti <strong>SML XL<\/strong> .<br \/>\nT\u00fato s\u00fapravu rozhodne mus\u00edte ma\u0165 <strong>v\u00e1\u0161 \u0161atn\u00edk<\/strong>!<br \/>\nSkontrolujte tie\u017e\u00a0<a href=\"https:\/\/madelinefashion.pl\/sk\/product-tag\/komplety-dresowe\/\">d\u00e1mske tepl\u00e1kov\u00e9 s\u00fapravy<\/a>\u00a0dostupn\u00e9 v na\u0161ej najnov\u0161ej ponuke.<\/p>\n<h3 style=\"text-align: center;\">\u00a0 \u00a0 \u00a0Rozmery :<\/h3>\n<p style=\"text-align: center;\"><strong>Rozmery bl\u00fazky <\/strong><\/p>\n<ul style=\"text-align: center;\">\n<li>celkov\u00e1 d\u013a\u017eka: 43 cm<\/li>\n<li>\u0161\u00edrka od pazuchy po pazuchu: 43-51 cm<\/li>\n<li>\u0161\u00edrka dole: 38-48 cm<\/li>\n<li>d\u013a\u017eka ruk\u00e1va od podpazu\u0161ia: 0 cm<\/li>\n<li>d\u013a\u017eka ruk\u00e1va od ramena: 0 cm<\/li>\n<\/ul>\n<p style=\"text-align: center;\"><strong>Rozmery sukne<\/strong><\/p>\n<ul>\n<li style=\"text-align: center;\">celkov\u00e1 d\u013a\u017eka: 57 cm<\/li>\n<li style=\"text-align: center;\">\u0161\u00edrka p\u00e1sa: 35-48 cm<\/li>\n<li style=\"text-align: center;\">\u0161\u00edrka bokov: 42-49 cm<\/li>\n<li style=\"text-align: center;\">d\u013a\u017eka na strihanie: 36 cm<\/li>\n<\/ul>\n<p>&nbsp;<\/p>\n<p style=\"text-align: center;\">Rozmery sa m\u00f4\u017eu mierne l\u00ed\u0161i\u0165 od uveden\u00fdch +\/- 2cm. <strong>V\u0161etky rozmery s\u00fa meran\u00e9 plo\u0161ne x2\u00a0<\/strong><\/p>\n<h3 style=\"text-align: center;\"><\/h3>\n<table width=\"615\">\n<tbody>\n<tr>\n<td width=\"302\">Meno modela<\/td>\n<td width=\"302\">S\u00faprava Bl\u00fazka + Suk\u0148a Love<\/td>\n<\/tr>\n<tr>\n<td width=\"302\">Farba<\/td>\n<td width=\"302\">\u010cerven\u00e1<\/td>\n<\/tr>\n<tr>\n<td width=\"302\">ve\u013ekosti<\/td>\n<td width=\"302\">Univerz\u00e1lny<\/td>\n<\/tr>\n<tr>\n<td width=\"302\">M\u00f3da<\/td>\n<td width=\"302\">Zhoda<\/td>\n<\/tr>\n<tr>\n<td width=\"302\">Materi\u00e1l<\/td>\n<td width=\"302\">95 % Bavlna 5lastan<\/td>\n<\/tr>\n<\/tbody>\n<\/table>\n<p>&nbsp;<\/p>\n<div class=\"tabs tabs-bb clear mb-80\">\n<div class=\"tab-content\">\n<div id=\"tab-description\" class=\"tab-pane fade in woocommerce-Tabs-panel--description active\">\n<div class=\"tabs tabs-bb clear mb-80\">\n<div class=\"tab-content\">\n<div id=\"tab-description\" class=\"tab-pane fade in woocommerce-Tabs-panel--description active\">\n<p style=\"text-align: center;\">\u00a0Model m\u00e1\u00a0<strong>175<\/strong>\u00a0cm vysok\u00fd, nos\u00ed ve\u013ekos\u0165 ka\u017ed\u00fd de\u0148\u00a0<strong>S<\/strong><\/p>\n<\/div>\n<\/div>\n<\/div>\n<\/div>\n<\/div>\n<\/div>","protected":false},"excerpt":{"rendered":"<p>Komplet Bluzka + Sp\u00f3dnica Love Czerwony Komplet Bluzka + Sp\u00f3dnica Love Czerwony wykonany z bardzo dobrej jako\u015bci, mi\u0119kkiego i przyjemnego w dotyku materia\u0142u. Dres z ta\u015bm\u0105 Love zar\u00f3wno na dole bluzki jak i w pasie i na boku sp\u00f3dnicy. Kr\u00f3tki komplet \u00a0to doskona\u0142a propozycja dla tych, kt\u00f3re uwielbiaj\u0105 na co dzie\u0144 mie\u0107 poczucie komfortu, a<\/p>\n<div class=\"klb-readmore post-buttons\"><a class=\"button black outline size-sm\" href=\"https:\/\/madelinefashion.pl\/sk\/komplet-bluzka-spodnica-love-czerwony\/\">\u010c\u00edta\u0165 \u010falej <i class=\"klbth-icon-right-arrow\"><\/i><\/a><\/div>","protected":false},"featured_media":10746,"template":"","meta":[],"product_brand":[],"product_cat":[89,380],"product_tag":[282],"class_list":{"0":"post-10752","1":"product","2":"type-product","3":"status-publish","4":"has-post-thumbnail","6":"product_cat-komplety","7":"product_cat-wyprzedaz","8":"product_tag-komplety-dresowe","9":"pa_rozmiar-s-m","10":"pa_rozmiar-l-xl","12":"first","13":"instock","14":"sale","15":"purchasable","16":"product-type-simple"},"_links":{"self":[{"href":"https:\/\/madelinefashion.pl\/sk\/wp-json\/wp\/v2\/product\/10752","targetHints":{"allow":["GET"]}}],"collection":[{"href":"https:\/\/madelinefashion.pl\/sk\/wp-json\/wp\/v2\/product"}],"about":[{"href":"https:\/\/madelinefashion.pl\/sk\/wp-json\/wp\/v2\/types\/product"}],"wp:featuredmedia":[{"embeddable":true,"href":"https:\/\/madelinefashion.pl\/sk\/wp-json\/wp\/v2\/media\/10746"}],"wp:attachment":[{"href":"https:\/\/madelinefashion.pl\/sk\/wp-json\/wp\/v2\/media?parent=10752"}],"wp:term":[{"taxonomy":"product_brand","embeddable":true,"href":"https:\/\/madelinefashion.pl\/sk\/wp-json\/wp\/v2\/product_brand?post=10752"},{"taxonomy":"product_cat","embeddable":true,"href":"https:\/\/madelinefashion.pl\/sk\/wp-json\/wp\/v2\/product_cat?post=10752"},{"taxonomy":"product_tag","embeddable":true,"href":"https:\/\/madelinefashion.pl\/sk\/wp-json\/wp\/v2\/product_tag?post=10752"}],"curies":[{"name":"pracovn\u00fd list","href":"https:\/\/api.w.org\/{rel}","templated":true}]}}

Súprava Blúzka + Sukňa Love Red

<h3 style="text-align: center;">Súprava Blúzka + Sukňa Love Red</h3>
<p style="text-align: center;"><strong>Súprava Blúzka + Sukňa Love Red</strong> vyrobené z veľmi kvalitnej, mäkkej a <strong>príjemné</strong> v kontakte <strong>materiál</strong>. Tepláková súprava s páskou <strong>láska </strong>v spodnej časti blúzky, v páse a na boku sukne. Krátky oblek <strong> </strong>je vynikajúcou ponukou pre tých, ktorí milujú mať každý deň pocit pohodlia a zároveň pocit priateľského a mäkkého dotyku. Súprava je vyrobená z kvalitného materiálu - je veľmi príjemná na dotyk a zvnútra veľmi jemná. Vrátane Cami Top+ <strong>sukňa vybavená ruchom.</strong> Celok vytvára veľmi štýlový a efektný set<br />
Súprava v univerzálnej veľkosti odporúčaná pre ženy vo veľkosti <strong>SML XL</strong> .<br />
Túto súpravu rozhodne musíte mať <strong>váš šatník</strong>!<br />
Skontrolujte tiež <a href="https://madelinefashion.pl/sk/product-tag/komplety-dresowe/">dámske teplákové súpravy</a> dostupné v našej najnovšej ponuke.</p>
<h3 style="text-align: center;">     Rozmery :</h3>
<p style="text-align: center;"><strong>Rozmery blúzky </strong></p>
<ul style="text-align: center;">
<li>celková dĺžka: 43 cm</li>
<li>šírka od pazuchy po pazuchu: 43-51 cm</li>
<li>šírka dole: 38-48 cm</li>
<li>dĺžka rukáva od podpazušia: 0 cm</li>
<li>dĺžka rukáva od ramena: 0 cm</li>
</ul>
<p style="text-align: center;"><strong>Rozmery sukne</strong></p>
<ul>
<li style="text-align: center;">celková dĺžka: 57 cm</li>
<li style="text-align: center;">šírka pása: 35-48 cm</li>
<li style="text-align: center;">šírka bokov: 42-49 cm</li>
<li style="text-align: center;">dĺžka na strihanie: 36 cm</li>
</ul>
<p>&nbsp;</p>
<p style="text-align: center;">Rozmery sa môžu mierne líšiť od uvedených +/- 2cm. <strong>Všetky rozmery sú merané plošne x2 </strong></p>
<h3 style="text-align: center;"></h3>
<table width="615">
<tbody>
<tr>
<td width="302">Meno modela</td>
<td width="302">Súprava Blúzka + Sukňa Love</td>
</tr>
<tr>
<td width="302">Farba</td>
<td width="302">Červená</td>
</tr>
<tr>
<td width="302">veľkosti</td>
<td width="302">Univerzálny</td>
</tr>
<tr>
<td width="302">Móda</td>
<td width="302">Zhoda</td>
</tr>
<tr>
<td width="302">Materiál</td>
<td width="302">95 % Bavlna 5lastan</td>
</tr>
</tbody>
</table>
<p>&nbsp;</p>
<div class="tabs tabs-bb clear mb-80">
<div class="tab-content">
<div id="tab-description" class="tab-pane fade in woocommerce-Tabs-panel--description active">
<div class="tabs tabs-bb clear mb-80">
<div class="tab-content">
<div id="tab-description" class="tab-pane fade in woocommerce-Tabs-panel--description active">
<p style="text-align: center;"> Model má <strong>175</strong> cm vysoký, nosí veľkosť každý deň <strong>S</strong></p>
</div>
</div>
</div>
</div>
</div>
</div>

<p>Komplet Bluzka + Spódnica Love Czerwony Komplet Bluzka + Spódnica Love Czerwony wykonany z bardzo dobrej jakości, miękkiego i przyjemnego w dotyku materiału. Dres z taśmą Love zarówno na dole bluzki jak i w pasie i na boku spódnicy. Krótki komplet  to doskonała propozycja dla tych, które uwielbiają na co dzień mieć poczucie komfortu, a</p>
<div class="klb-readmore post-buttons"><a class="button black outline size-sm" href="https://madelinefashion.pl/sk/komplet-bluzka-spodnica-love-czerwony/">Čítať ďalej <i class="klbth-icon-right-arrow"></i></a></div>

pracovný list
