{"id":107551,"date":"2023-10-30T11:56:18","date_gmt":"2023-10-30T10:56:18","guid":{"rendered":"https:\/\/madelinefashion.pl\/?post_type=product&#038;p=107551"},"modified":"2026-02-20T14:57:07","modified_gmt":"2026-02-20T13:57:07","slug":"sweter-polgolf-alpaka-ignes-fuksja","status":"publish","type":"product","link":"https:\/\/madelinefashion.pl\/sk\/sweter-polgolf-alpaka-ignes-fuksja\/","title":{"rendered":"Rol\u00e1k Ignes Fuchsia Alpaca sveter"},"content":{"rendered":"<h3 style=\"text-align: center;\">Rol\u00e1k Ignes Fuchsia Alpaca sveter<\/h3>\n<p style=\"text-align: center;\">Zamilovali ste sa do kab\u00e1tov z alpaky nato\u013eko, \u017ee sa objavil najnov\u0161\u00ed model svetra, ktor\u00fd splnil va\u0161e o\u010dak\u00e1vania. <strong>Mega \u0161t\u00fdlov\u00fd sveter z alpaky<\/strong>\u00a0s dlh\u00fdmi ruk\u00e1vmi <strong>ukon\u010den\u00e9 lemom<\/strong> \u2013 vyroben\u00e9 z priadze najvy\u0161\u0161ej kvality. <span style=\"font-size: 10pt;\"><strong>Sveter z alpaky je neoddelite\u013enou s\u00fa\u010das\u0165ou ka\u017ed\u00e9ho \u0161atn\u00edka!\u00a0 <\/strong><\/span><strong>M\u00e4kk\u00fd sveter s <span style=\"font-size: 10pt;\">\u00a0polorol\u00e1k,<\/span>\u00a0St<\/strong>Skvel\u00fd svetr\u00edk z pr\u00edjemnej hebkej hebkej mierne elastickej l\u00e1tky. Vo\u013en\u00fd a pohodln\u00fd strih s dlh\u00fdmi ruk\u00e1vmi. Ide\u00e1lne na ka\u017ed\u00fd de\u0148 a vo v\u00fdstupnej verzii. Hod\u00ed sa k mnoh\u00fdm veciam: d\u017e\u00ednsy, ceruzkov\u00e1 suk\u0148a, diev\u010densk\u00e1 suk\u0148a, elegantn\u00e9 nohavice. <span style=\"font-size: 10pt;\"><strong>N\u00e1\u0161 model je perfektnou ponukou na jesenn\u00e9 a zimn\u00e9 dni, bude vyzera\u0165 skvele v ka\u017edodenn\u00fdch \u0161tyliz\u00e1ci\u00e1ch.\u00a0<\/strong> Produkt je dostupn\u00fd vo viacer\u00fdch farebn\u00fdch variantoch. Jedna ve\u013ekos\u0165 sadne v\u0161etk\u00fdm odpor\u00fa\u010dan\u00fdm od <strong>S a\u017e XL<\/strong><\/span><\/p>\n<p>&nbsp;<\/p>\n<h3 style=\"text-align: center;\">Charakteristika.<\/h3>\n<ul>\n<li style=\"text-align: center;\">nadrozmern\u00e9<\/li>\n<li style=\"text-align: center;\">Neuverite\u013ene m\u00e4kk\u00e9 a pr\u00edjemn\u00e9 na telo<\/li>\n<li style=\"text-align: center;\">M\u00e4sit\u00e9 a \u00fa\u017easn\u00e9<\/li>\n<li style=\"text-align: center;\">Half-golf<\/li>\n<li style=\"text-align: center;\">Dlh\u00fd ruk\u00e1v<\/li>\n<\/ul>\n<h3 style=\"text-align: center;\">Rozmery:<\/h3>\n<ul style=\"text-align: center;\">\n<li>Celkov\u00e1 d\u013a\u017eka: 69 cm<\/li>\n<li>\u0160\u00edrka od podpazu\u0161ia: 48-67 cm<\/li>\n<li>D\u013a\u017eka ruk\u00e1va od ramena: 66 cm<\/li>\n<li>D\u013a\u017eka ruk\u00e1va od podpazu\u0161ia: 43 cm<\/li>\n<\/ul>\n<p style=\"text-align: center;\"><span style=\"font-size: 10pt;\">Rozmery sa m\u00f4\u017eu mierne l\u00ed\u0161i\u0165 od uveden\u00fdch +\/- 2cm. V\u0161etky uveden\u00e9 rozmery s\u00fa meran\u00e9 plo\u0161ne.<\/span><\/p>\n<p style=\"text-align: center;\"><span style=\"font-size: 10pt;\"><strong>\u00a0<\/strong>\u00a0<\/span><\/p>\n<table width=\"610\">\n<tbody>\n<tr>\n<td width=\"302\">Meno modela<\/td>\n<td width=\"302\">Rol\u00e1k Ignes Alpaca sveter<\/td>\n<\/tr>\n<tr>\n<td width=\"302\">Farba<\/td>\n<td width=\"302\">Fuchsiov\u00e1<\/td>\n<\/tr>\n<tr>\n<td width=\"302\">ve\u013ekosti<\/td>\n<td width=\"302\">Univerz\u00e1lny<\/td>\n<\/tr>\n<tr>\n<td width=\"302\">M\u00f3da<\/td>\n<td width=\"302\">nadrozmern\u00e9<\/td>\n<\/tr>\n<tr>\n<td width=\"302\">Zbierka<\/td>\n<td width=\"302\">Jese\u0148 Zima Jar<\/td>\n<\/tr>\n<tr>\n<td width=\"302\">izolovan\u00e9<\/td>\n<td width=\"302\">jednopl\u00e1\u0161\u0165ov\u00e9<\/td>\n<\/tr>\n<tr>\n<td width=\"302\">Materi\u00e1l<\/td>\n<td width=\"302\">100% Polyamid<\/td>\n<\/tr>\n<\/tbody>\n<\/table>\n<div class=\"additional-details\" style=\"text-align: center;\">\n<div class=\"tabs tabs-bb clear mb-80\">\n<div class=\"tab-content\">\n<div id=\"tab-description\" class=\"tab-pane fade in woocommerce-Tabs-panel--description active\">\n<p>Model m\u00e1\u00a0<strong>169<\/strong>\u00a0cm vysok\u00fd, nos\u00ed ve\u013ekos\u0165 ka\u017ed\u00fd de\u0148\u00a0<strong>S<\/strong><\/p>\n<p>\u0160\u00edrka hrudn\u00edka 91 cm<\/p>\n<p>\u0160\u00edrka p\u00e1su 71 cm<\/p>\n<p>\u0160\u00edrka bokov 96 cm<\/p>\n<p>&nbsp;<\/p>\n<\/div>\n<\/div>\n<\/div>\n<section class=\"up-sells upsells products mb-80\"><\/section>\n<\/div>","protected":false},"excerpt":{"rendered":"<p>Sweter P\u00f3\u0142golf Alpaka Ignes Fuksja Tak pokocha\u0142y\u015bcie p\u0142aszcze alpaki, \u017ce wychodz\u0105c naprzeciw Waszym oczekiwaniom pojawi\u0142 si\u0119 najnowszy model swetra. Mega stylowy sweter alpaka\u00a0z d\u0142ugim r\u0119kawem zako\u0144czonym \u015bci\u0105gaczem &#8211; wykonany z najwy\u017cszej jako\u015bci prz\u0119dzy. Sweter alpaka to nieod\u0142\u0105czny element ka\u017cdej garderoby!\u00a0 Mi\u0119kki sweter z \u00a0p\u00f3\u0142golfem,\u00a0\u015bwietny sweterek wykonany z przyjemnej, mi\u0119kkiej, puszystej, lekko elastycznej dzianiny. Lu\u017any i<\/p>\n<div class=\"klb-readmore post-buttons\"><a class=\"button black outline size-sm\" href=\"https:\/\/madelinefashion.pl\/sk\/sweter-polgolf-alpaka-ignes-fuksja\/\">\u010c\u00edta\u0165 \u010falej <i class=\"klbth-icon-right-arrow\"><\/i><\/a><\/div>","protected":false},"featured_media":585498,"template":"","meta":[],"product_brand":[],"product_cat":[78],"product_tag":[],"class_list":{"0":"post-107551","1":"product","2":"type-product","3":"status-publish","4":"has-post-thumbnail","6":"product_cat-swetry-damskie","8":"first","9":"instock","10":"purchasable","11":"product-type-simple"},"_links":{"self":[{"href":"https:\/\/madelinefashion.pl\/sk\/wp-json\/wp\/v2\/product\/107551","targetHints":{"allow":["GET"]}}],"collection":[{"href":"https:\/\/madelinefashion.pl\/sk\/wp-json\/wp\/v2\/product"}],"about":[{"href":"https:\/\/madelinefashion.pl\/sk\/wp-json\/wp\/v2\/types\/product"}],"wp:featuredmedia":[{"embeddable":true,"href":"https:\/\/madelinefashion.pl\/sk\/wp-json\/wp\/v2\/media\/585498"}],"wp:attachment":[{"href":"https:\/\/madelinefashion.pl\/sk\/wp-json\/wp\/v2\/media?parent=107551"}],"wp:term":[{"taxonomy":"product_brand","embeddable":true,"href":"https:\/\/madelinefashion.pl\/sk\/wp-json\/wp\/v2\/product_brand?post=107551"},{"taxonomy":"product_cat","embeddable":true,"href":"https:\/\/madelinefashion.pl\/sk\/wp-json\/wp\/v2\/product_cat?post=107551"},{"taxonomy":"product_tag","embeddable":true,"href":"https:\/\/madelinefashion.pl\/sk\/wp-json\/wp\/v2\/product_tag?post=107551"}],"curies":[{"name":"pracovn\u00fd list","href":"https:\/\/api.w.org\/{rel}","templated":true}]}}

Rolák Ignes Fuchsia Alpaca sveter

<h3 style="text-align: center;">Rolák Ignes Fuchsia Alpaca sveter</h3>
<p style="text-align: center;">Zamilovali ste sa do kabátov z alpaky natoľko, že sa objavil najnovší model svetra, ktorý splnil vaše očakávania. <strong>Mega štýlový sveter z alpaky</strong> s dlhými rukávmi <strong>ukončené lemom</strong> – vyrobené z priadze najvyššej kvality. <span style="font-size: 10pt;"><strong>Sveter z alpaky je neoddeliteľnou súčasťou každého šatníka!  </strong></span><strong>Mäkký sveter s <span style="font-size: 10pt;"> polorolák,</span> St</strong>Skvelý svetrík z príjemnej hebkej hebkej mierne elastickej látky. Voľný a pohodlný strih s dlhými rukávmi. Ideálne na každý deň a vo výstupnej verzii. Hodí sa k mnohým veciam: džínsy, ceruzková sukňa, dievčenská sukňa, elegantné nohavice. <span style="font-size: 10pt;"><strong>Náš model je perfektnou ponukou na jesenné a zimné dni, bude vyzerať skvele v každodenných štylizáciách. </strong> Produkt je dostupný vo viacerých farebných variantoch. Jedna veľkosť sadne všetkým odporúčaným od <strong>S až XL</strong></span></p>
<p>&nbsp;</p>
<h3 style="text-align: center;">Charakteristika.</h3>
<ul>
<li style="text-align: center;">nadrozmerné</li>
<li style="text-align: center;">Neuveriteľne mäkké a príjemné na telo</li>
<li style="text-align: center;">Mäsité a úžasné</li>
<li style="text-align: center;">Half-golf</li>
<li style="text-align: center;">Dlhý rukáv</li>
</ul>
<h3 style="text-align: center;">Rozmery:</h3>
<ul style="text-align: center;">
<li>Celková dĺžka: 69 cm</li>
<li>Šírka od podpazušia: 48-67 cm</li>
<li>Dĺžka rukáva od ramena: 66 cm</li>
<li>Dĺžka rukáva od podpazušia: 43 cm</li>
</ul>
<p style="text-align: center;"><span style="font-size: 10pt;">Rozmery sa môžu mierne líšiť od uvedených +/- 2cm. Všetky uvedené rozmery sú merané plošne.</span></p>
<p style="text-align: center;"><span style="font-size: 10pt;"><strong> </strong> </span></p>
<table width="610">
<tbody>
<tr>
<td width="302">Meno modela</td>
<td width="302">Rolák Ignes Alpaca sveter</td>
</tr>
<tr>
<td width="302">Farba</td>
<td width="302">Fuchsiová</td>
</tr>
<tr>
<td width="302">veľkosti</td>
<td width="302">Univerzálny</td>
</tr>
<tr>
<td width="302">Móda</td>
<td width="302">nadrozmerné</td>
</tr>
<tr>
<td width="302">Zbierka</td>
<td width="302">Jeseň Zima Jar</td>
</tr>
<tr>
<td width="302">izolované</td>
<td width="302">jednoplášťové</td>
</tr>
<tr>
<td width="302">Materiál</td>
<td width="302">100% Polyamid</td>
</tr>
</tbody>
</table>
<div class="additional-details" style="text-align: center;">
<div class="tabs tabs-bb clear mb-80">
<div class="tab-content">
<div id="tab-description" class="tab-pane fade in woocommerce-Tabs-panel--description active">
<p>Model má <strong>169</strong> cm vysoký, nosí veľkosť každý deň <strong>S</strong></p>
<p>Šírka hrudníka 91 cm</p>
<p>Šírka pásu 71 cm</p>
<p>Šírka bokov 96 cm</p>
<p>&nbsp;</p>
</div>
</div>
</div>
<section class="up-sells upsells products mb-80"></section>
</div>

<p>Sweter Półgolf Alpaka Ignes Fuksja Tak pokochałyście płaszcze alpaki, że wychodząc naprzeciw Waszym oczekiwaniom pojawił się najnowszy model swetra. Mega stylowy sweter alpaka z długim rękawem zakończonym ściągaczem &#8211; wykonany z najwyższej jakości przędzy. Sweter alpaka to nieodłączny element każdej garderoby!  Miękki sweter z  półgolfem, świetny sweterek wykonany z przyjemnej, miękkiej, puszystej, lekko elastycznej dzianiny. Luźny i</p>
<div class="klb-readmore post-buttons"><a class="button black outline size-sm" href="https://madelinefashion.pl/sk/sweter-polgolf-alpaka-ignes-fuksja/">Čítať ďalej <i class="klbth-icon-right-arrow"></i></a></div>

pracovný list
