{"id":107672,"date":"2023-10-30T16:00:31","date_gmt":"2023-10-30T15:00:31","guid":{"rendered":"https:\/\/madelinefashion.pl\/?post_type=product&#038;p=107672"},"modified":"2026-02-20T14:57:06","modified_gmt":"2026-02-20T13:57:06","slug":"sweter-z-polgolfem-gladki-mietowy","status":"publish","type":"product","link":"https:\/\/madelinefashion.pl\/sk\/sweter-z-polgolfem-gladki-mietowy\/","title":{"rendered":"Jednoduch\u00fd m\u00e4tov\u00fd rol\u00e1k"},"content":{"rendered":"<h3 style=\"text-align: center;\">Jednoduch\u00fd m\u00e4tov\u00fd rol\u00e1k<\/h3>\n<p style=\"text-align: center;\">\u00a0Sveter vyroben\u00fd z mimoriadne pr\u00edjemn\u00e9ho materi\u00e1lu. Oble\u010denie cez hlavu, s rol\u00e1kom, perfektne sed\u00ed na tele. <strong>Sveter<\/strong> dlh\u00fd ruk\u00e1v v najm\u00f3dnej\u0161om vzore tejto sez\u00f3ny. Jednoduch\u00fd strih a klasick\u00fd vzor zapadn\u00fa do mnoh\u00fdch \u0161t\u00fdlov. S \u00faspechom ju m\u00f4\u017eete nosi\u0165 na ka\u017edodenn\u00e9 v\u00fdlety, do pr\u00e1ce, na rodinn\u00e9 stretnutie alebo aj na v\u00fdznamnej\u0161iu pr\u00edle\u017eitos\u0165. V\u010faka \u0161trukt\u00fare materi\u00e1lu sa s n\u00edm bude lep\u0161ie pracova\u0165 <strong>po\u010das chladnej\u0161\u00edch dn\u00ed a prechodn\u00fdch obdob\u00ed<\/strong> alebo na <strong>zima s bundou<\/strong>. Odpor\u00fa\u010dame skombinova\u0165 s vysok\u00fdmi \u010di\u017emami, v\u010faka ktor\u00fdm vyniknete z davu.\u00a0 <strong>Ve\u013ekos\u0165 je UNIVERZ\u00c1LNA<\/strong> odpor\u00fa\u010dan\u00e9 pre d\u00e1my <strong> SML XL<\/strong><strong>,<\/strong>\u00a0ale odpor\u00fa\u010dame\u00a0<strong>presn\u00e9 meranie <\/strong>pod\u013ea ni\u017e\u0161ie uvedenej tabu\u013eky rozmerov. Dostupn\u00e9 na na\u0161om e-shope vo viacer\u00fdch farebn\u00fdch variantoch, tak nev\u00e1hajte a vyberte si t\u00fa, ktor\u00e1 je pre v\u00e1s ako stvoren\u00e1. Ak sa neviete rozhodn\u00fa\u0165, ktor\u00e1 farba je pre v\u00e1s najlep\u0161ia, kontaktujte n\u00e1s prostredn\u00edctvom <strong>Facebook<\/strong>\u00a0alebo telef\u00f3n.<\/p>\n<h3 style=\"text-align: center;\">Rozmery svetra:<\/h3>\n<ul>\n<li style=\"text-align: center;\">Celkov\u00e1 d\u013a\u017eka: 65 cm<\/li>\n<li style=\"text-align: center;\">\u0160\u00edrka od podpazu\u0161ia k podpazu\u0161iu: 60-78 cm<\/li>\n<li style=\"text-align: center;\">D\u013a\u017eka ruk\u00e1va od ramena: 63 cm<\/li>\n<li style=\"text-align: center;\">D\u013a\u017eka ruk\u00e1va od podpazu\u0161ia: 45 cm<\/li>\n<li style=\"text-align: center;\"><\/li>\n<li style=\"text-align: center;\"><\/li>\n<\/ul>\n<p style=\"text-align: center;\">Rozmery sa m\u00f4\u017eu mierne l\u00ed\u0161i\u0165 od uveden\u00fdch +\/- 2cm. V\u0161etky uveden\u00e9 rozmery s\u00fa meran\u00e9 plo\u0161ne.<\/p>\n<table width=\"610\">\n<tbody>\n<tr>\n<td width=\"302\">Meno modela<\/td>\n<td width=\"302\">Jednoduch\u00fd rol\u00e1k<\/td>\n<\/tr>\n<tr>\n<td width=\"302\">Farba<\/td>\n<td width=\"302\">m\u00e4ta<\/td>\n<\/tr>\n<tr>\n<td width=\"302\">ve\u013ekosti<\/td>\n<td width=\"302\">Univerz\u00e1lny<\/td>\n<\/tr>\n<tr>\n<td width=\"302\">Zbierka<\/td>\n<td width=\"302\">jar\/jese\u0148\/zima<\/td>\n<\/tr>\n<tr>\n<td width=\"302\">\u0160tiepenie<\/td>\n<td width=\"302\">pod krkom<\/td>\n<\/tr>\n<tr>\n<td width=\"302\">izolovan\u00e9<\/td>\n<td width=\"302\">jednopl\u00e1\u0161\u0165ov\u00e9<\/td>\n<\/tr>\n<tr>\n<td width=\"302\">Materi\u00e1l<\/td>\n<td width=\"302\">40% Akryl 40% Moh\u00e9r 20% Lana<\/td>\n<\/tr>\n<\/tbody>\n<\/table>\n<section class=\"page-product-box\">\n<div class=\"rte\">\n<div class=\"tabs tabs-bb clear mb-80\">\n<div class=\"tab-content\">\n<div id=\"tab-description\" class=\"tab-pane fade in woocommerce-Tabs-panel--description active\">\n<p style=\"text-align: center;\">Model m\u00e1\u00a0<strong>169<\/strong>\u00a0cm vysok\u00fd, nos\u00ed ve\u013ekos\u0165 ka\u017ed\u00fd de\u0148\u00a0<strong>S<\/strong><\/p>\n<p style=\"text-align: center;\">\u0160\u00edrka hrudn\u00edka 91 cm<\/p>\n<p style=\"text-align: center;\">\u0160\u00edrka p\u00e1su 71 cm<\/p>\n<p style=\"text-align: center;\">\u0160\u00edrka bokov 96 cm<\/p>\n<\/div>\n<\/div>\n<\/div>\n<\/div>\n<\/section>","protected":false},"excerpt":{"rendered":"<p>Sweter z P\u00f3\u0142golfem G\u0142adki Mi\u0119towy \u00a0Sweterek wykonany z niezwykle przyjemnego materia\u0142u. Wk\u0142adany przez g\u0142ow\u0119, z p\u00f3\u0142golfem \u015bwietnie uk\u0142ada si\u0119 na ciele. Sweter na d\u0142ugi r\u0119kaw w najmodniejszy w tym sezonie wz\u00f3r.\u00a0 Prosty kr\u00f3j i klasyczny wz\u00f3r wpisze si\u0119 w wiele stylizacji. Z powodzeniem mo\u017cesz go ubra\u0107 na codzienne wyj\u015bcia, do pracy, spotkanie rodzinne czy nawet<\/p>\n<div class=\"klb-readmore post-buttons\"><a class=\"button black outline size-sm\" href=\"https:\/\/madelinefashion.pl\/sk\/sweter-z-polgolfem-gladki-mietowy\/\">\u010c\u00edta\u0165 \u010falej <i class=\"klbth-icon-right-arrow\"><\/i><\/a><\/div>","protected":false},"featured_media":585589,"template":"","meta":[],"product_brand":[],"product_cat":[90,395],"product_tag":[],"class_list":{"0":"post-107672","1":"product","2":"type-product","3":"status-publish","4":"has-post-thumbnail","6":"product_cat-swetry","7":"product_cat-nowosci","9":"first","10":"instock","11":"purchasable","12":"product-type-simple"},"_links":{"self":[{"href":"https:\/\/madelinefashion.pl\/sk\/wp-json\/wp\/v2\/product\/107672","targetHints":{"allow":["GET"]}}],"collection":[{"href":"https:\/\/madelinefashion.pl\/sk\/wp-json\/wp\/v2\/product"}],"about":[{"href":"https:\/\/madelinefashion.pl\/sk\/wp-json\/wp\/v2\/types\/product"}],"wp:featuredmedia":[{"embeddable":true,"href":"https:\/\/madelinefashion.pl\/sk\/wp-json\/wp\/v2\/media\/585589"}],"wp:attachment":[{"href":"https:\/\/madelinefashion.pl\/sk\/wp-json\/wp\/v2\/media?parent=107672"}],"wp:term":[{"taxonomy":"product_brand","embeddable":true,"href":"https:\/\/madelinefashion.pl\/sk\/wp-json\/wp\/v2\/product_brand?post=107672"},{"taxonomy":"product_cat","embeddable":true,"href":"https:\/\/madelinefashion.pl\/sk\/wp-json\/wp\/v2\/product_cat?post=107672"},{"taxonomy":"product_tag","embeddable":true,"href":"https:\/\/madelinefashion.pl\/sk\/wp-json\/wp\/v2\/product_tag?post=107672"}],"curies":[{"name":"pracovn\u00fd list","href":"https:\/\/api.w.org\/{rel}","templated":true}]}}

Jednoduchý mätový rolák

<h3 style="text-align: center;">Jednoduchý mätový rolák</h3>
<p style="text-align: center;"> Sveter vyrobený z mimoriadne príjemného materiálu. Oblečenie cez hlavu, s rolákom, perfektne sedí na tele. <strong>Sveter</strong> dlhý rukáv v najmódnejšom vzore tejto sezóny. Jednoduchý strih a klasický vzor zapadnú do mnohých štýlov. S úspechom ju môžete nosiť na každodenné výlety, do práce, na rodinné stretnutie alebo aj na významnejšiu príležitosť. Vďaka štruktúre materiálu sa s ním bude lepšie pracovať <strong>počas chladnejších dní a prechodných období</strong> alebo na <strong>zima s bundou</strong>. Odporúčame skombinovať s vysokými čižmami, vďaka ktorým vyniknete z davu.  <strong>Veľkosť je UNIVERZÁLNA</strong> odporúčané pre dámy <strong> SML XL</strong><strong>,</strong> ale odporúčame <strong>presné meranie </strong>podľa nižšie uvedenej tabuľky rozmerov. Dostupné na našom e-shope vo viacerých farebných variantoch, tak neváhajte a vyberte si tú, ktorá je pre vás ako stvorená. Ak sa neviete rozhodnúť, ktorá farba je pre vás najlepšia, kontaktujte nás prostredníctvom <strong>Facebook</strong> alebo telefón.</p>
<h3 style="text-align: center;">Rozmery svetra:</h3>
<ul>
<li style="text-align: center;">Celková dĺžka: 65 cm</li>
<li style="text-align: center;">Šírka od podpazušia k podpazušiu: 60-78 cm</li>
<li style="text-align: center;">Dĺžka rukáva od ramena: 63 cm</li>
<li style="text-align: center;">Dĺžka rukáva od podpazušia: 45 cm</li>
<li style="text-align: center;"></li>
<li style="text-align: center;"></li>
</ul>
<p style="text-align: center;">Rozmery sa môžu mierne líšiť od uvedených +/- 2cm. Všetky uvedené rozmery sú merané plošne.</p>
<table width="610">
<tbody>
<tr>
<td width="302">Meno modela</td>
<td width="302">Jednoduchý rolák</td>
</tr>
<tr>
<td width="302">Farba</td>
<td width="302">mäta</td>
</tr>
<tr>
<td width="302">veľkosti</td>
<td width="302">Univerzálny</td>
</tr>
<tr>
<td width="302">Zbierka</td>
<td width="302">jar/jeseň/zima</td>
</tr>
<tr>
<td width="302">Štiepenie</td>
<td width="302">pod krkom</td>
</tr>
<tr>
<td width="302">izolované</td>
<td width="302">jednoplášťové</td>
</tr>
<tr>
<td width="302">Materiál</td>
<td width="302">40% Akryl 40% Mohér 20% Lana</td>
</tr>
</tbody>
</table>
<section class="page-product-box">
<div class="rte">
<div class="tabs tabs-bb clear mb-80">
<div class="tab-content">
<div id="tab-description" class="tab-pane fade in woocommerce-Tabs-panel--description active">
<p style="text-align: center;">Model má <strong>169</strong> cm vysoký, nosí veľkosť každý deň <strong>S</strong></p>
<p style="text-align: center;">Šírka hrudníka 91 cm</p>
<p style="text-align: center;">Šírka pásu 71 cm</p>
<p style="text-align: center;">Šírka bokov 96 cm</p>
</div>
</div>
</div>
</div>
</section>

<p>Sweter z Półgolfem Gładki Miętowy  Sweterek wykonany z niezwykle przyjemnego materiału. Wkładany przez głowę, z półgolfem świetnie układa się na ciele. Sweter na długi rękaw w najmodniejszy w tym sezonie wzór.  Prosty krój i klasyczny wzór wpisze się w wiele stylizacji. Z powodzeniem możesz go ubrać na codzienne wyjścia, do pracy, spotkanie rodzinne czy nawet</p>
<div class="klb-readmore post-buttons"><a class="button black outline size-sm" href="https://madelinefashion.pl/sk/sweter-z-polgolfem-gladki-mietowy/">Čítať ďalej <i class="klbth-icon-right-arrow"></i></a></div>

pracovný list
