{"id":107886,"date":"2023-11-02T11:43:14","date_gmt":"2023-11-02T10:43:14","guid":{"rendered":"https:\/\/madelinefashion.pl\/?post_type=product&#038;p=107886"},"modified":"2026-02-20T14:57:04","modified_gmt":"2026-02-20T13:57:04","slug":"sweter-z-golfem-dopasowany-letters-karmelowy","status":"publish","type":"product","link":"https:\/\/madelinefashion.pl\/sk\/sweter-z-golfem-dopasowany-letters-karmelowy\/","title":{"rendered":"Karamelov\u00fd priliehav\u00fd rol\u00e1k s p\u00edsmenami"},"content":{"rendered":"<h3 style=\"text-align: center;\">Karamelov\u00fd priliehav\u00fd rol\u00e1k s p\u00edsmenami<\/h3>\n<p style=\"text-align: center;\">Rol\u00e1k s dlh\u00fdmi ruk\u00e1vmi z klasickej tkaniny. Sveter je perfektn\u00fd. <strong>prisp\u00f4sob\u00ed sa siluete<\/strong> a dopln\u00ed ka\u017ed\u00fd outfit. Perfektn\u00fd sveter na chladnej\u0161ie dni. ve\u013ekos\u0165 je <strong>univerz\u00e1lny<\/strong>\u00a0perfektne sed\u00ed\u00a0<strong>S, M, L<\/strong>\u00a0, v pr\u00edpade v\u00e4\u010d\u0161ieho rozmeru odpor\u00fa\u010dame presn\u00e9 meranie pod\u013ea rozmerovej tabu\u013eky ni\u017e\u0161ie. V na\u0161om internetovom obchode n\u00e1jdete tento produkt v r\u00f4znych farebn\u00fdch variantoch za bezkonkuren\u010dn\u00fa cenu <strong>n\u00edzka cena<\/strong>. Preto nev\u00e1hajte a objedn\u00e1vajte \u010do najsk\u00f4r. Ak m\u00e1te \u010fal\u0161ie ot\u00e1zky k tomuto produktu, nev\u00e1hajte n\u00e1s kontaktova\u0165 telefonicky alebo cez Facebook.<\/p>\n<p style=\"text-align: center;\">\u00a0.<\/p>\n<h3 style=\"text-align: center;\">Rozmery :<\/h3>\n<ul style=\"text-align: center;\">\n<li>Od podpazu\u0161ia k podpazu\u0161iu 41-58 cm<\/li>\n<li>Celkov\u00e1 d\u013a\u017eka 60 cm<\/li>\n<li>D\u013a\u017eka ruk\u00e1va od podpazu\u0161ia 48 cm<\/li>\n<li>D\u013a\u017eka ruk\u00e1va od ramena 63 cm<\/li>\n<li>Odpor\u00fa\u010dan\u00fd maxim\u00e1lny obvod hrudn\u00edka: 116 cm<\/li>\n<\/ul>\n<p style=\"text-align: center;\">Rozmery sa m\u00f4\u017eu mierne l\u00ed\u0161i\u0165 od uveden\u00fdch +\/- 2cm. V\u0161etky uveden\u00e9 rozmery s\u00fa meran\u00e9 plo\u0161ne.<strong>\u00a0<\/strong><\/p>\n<table width=\"355\">\n<tbody>\n<tr>\n<td width=\"302\">Meno modela<\/td>\n<td width=\"302\">Priliehav\u00fd rol\u00e1k s p\u00edsmenami<\/td>\n<\/tr>\n<tr>\n<td width=\"302\">Zbierka<\/td>\n<td width=\"302\">jar\/jese\u0148\/zima<\/td>\n<\/tr>\n<tr>\n<td width=\"302\">ve\u013ekosti<\/td>\n<td width=\"302\">Univerz\u00e1lny<\/td>\n<\/tr>\n<tr>\n<td width=\"302\">Farba<\/td>\n<td width=\"302\">\u010dierna<\/td>\n<\/tr>\n<tr>\n<td width=\"302\">v\u00fdstrihu<\/td>\n<td width=\"302\">Golf<\/td>\n<\/tr>\n<tr>\n<td width=\"302\">Materi\u00e1l<\/td>\n<td width=\"302\">50% Visk\u00f3za 22% Nylon 28% PBT<\/td>\n<\/tr>\n<\/tbody>\n<\/table>\n<div class=\"rte\" style=\"text-align: center;\">\n<p>Model m\u00e1\u00a0<strong>169<\/strong>\u00a0cm vysok\u00fd, nos\u00ed ve\u013ekos\u0165 ka\u017ed\u00fd de\u0148\u00a0<strong>S<\/strong><\/p>\n<p>\u0160\u00edrka hrudn\u00edka 91 cm<\/p>\n<p>\u0160\u00edrka p\u00e1su 71 cm<\/p>\n<p>\u0160\u00edrka bokov 96 cm<\/p>\n<\/div>\n<p style=\"text-align: center;\">","protected":false},"excerpt":{"rendered":"<p>Sweter Z Golfem Dopasowany Letters Karmelowy Sweterek z golfem z d\u0142ugim r\u0119kawem o klasycznym splocie. Sweter\u00a0 idealnie dopasowuje si\u0119 do sylwetki i uzupe\u0142nia ka\u017cd\u0105 stylizacj\u0119. Sweter idealny na ch\u0142odniejsze dni. Rozmiar jest uniwersalny\u00a0, idealnie pasuje do\u00a0S, M, L\u00a0, w przypadku wi\u0119kszego rozmiaru zalecamy dok\u0142adny pomiar wed\u0142ug poni\u017cszej tabeli wymiar\u00f3w. W naszym sklepie internetowym znajdziesz ten<\/p>\n<div class=\"klb-readmore post-buttons\"><a class=\"button black outline size-sm\" href=\"https:\/\/madelinefashion.pl\/sk\/sweter-z-golfem-dopasowany-letters-karmelowy\/\">\u010c\u00edta\u0165 \u010falej <i class=\"klbth-icon-right-arrow\"><\/i><\/a><\/div>","protected":false},"featured_media":585534,"template":"","meta":[],"product_brand":[],"product_cat":[78],"product_tag":[],"class_list":{"0":"post-107886","1":"product","2":"type-product","3":"status-publish","4":"has-post-thumbnail","6":"product_cat-swetry-damskie","8":"first","9":"instock","10":"purchasable","11":"product-type-simple"},"_links":{"self":[{"href":"https:\/\/madelinefashion.pl\/sk\/wp-json\/wp\/v2\/product\/107886","targetHints":{"allow":["GET"]}}],"collection":[{"href":"https:\/\/madelinefashion.pl\/sk\/wp-json\/wp\/v2\/product"}],"about":[{"href":"https:\/\/madelinefashion.pl\/sk\/wp-json\/wp\/v2\/types\/product"}],"wp:featuredmedia":[{"embeddable":true,"href":"https:\/\/madelinefashion.pl\/sk\/wp-json\/wp\/v2\/media\/585534"}],"wp:attachment":[{"href":"https:\/\/madelinefashion.pl\/sk\/wp-json\/wp\/v2\/media?parent=107886"}],"wp:term":[{"taxonomy":"product_brand","embeddable":true,"href":"https:\/\/madelinefashion.pl\/sk\/wp-json\/wp\/v2\/product_brand?post=107886"},{"taxonomy":"product_cat","embeddable":true,"href":"https:\/\/madelinefashion.pl\/sk\/wp-json\/wp\/v2\/product_cat?post=107886"},{"taxonomy":"product_tag","embeddable":true,"href":"https:\/\/madelinefashion.pl\/sk\/wp-json\/wp\/v2\/product_tag?post=107886"}],"curies":[{"name":"pracovn\u00fd list","href":"https:\/\/api.w.org\/{rel}","templated":true}]}}

Karamelový priliehavý rolák s písmenami

<h3 style="text-align: center;">Karamelový priliehavý rolák s písmenami</h3>
<p style="text-align: center;">Rolák s dlhými rukávmi z klasickej tkaniny. Sveter je perfektný. <strong>prispôsobí sa siluete</strong> a doplní každý outfit. Perfektný sveter na chladnejšie dni. veľkosť je <strong>univerzálny</strong> perfektne sedí <strong>S, M, L</strong> , v prípade väčšieho rozmeru odporúčame presné meranie podľa rozmerovej tabuľky nižšie. V našom internetovom obchode nájdete tento produkt v rôznych farebných variantoch za bezkonkurenčnú cenu <strong>nízka cena</strong>. Preto neváhajte a objednávajte čo najskôr. Ak máte ďalšie otázky k tomuto produktu, neváhajte nás kontaktovať telefonicky alebo cez Facebook.</p>
<p style="text-align: center;"> .</p>
<h3 style="text-align: center;">Rozmery :</h3>
<ul style="text-align: center;">
<li>Od podpazušia k podpazušiu 41-58 cm</li>
<li>Celková dĺžka 60 cm</li>
<li>Dĺžka rukáva od podpazušia 48 cm</li>
<li>Dĺžka rukáva od ramena 63 cm</li>
<li>Odporúčaný maximálny obvod hrudníka: 116 cm</li>
</ul>
<p style="text-align: center;">Rozmery sa môžu mierne líšiť od uvedených +/- 2cm. Všetky uvedené rozmery sú merané plošne.<strong> </strong></p>
<table width="355">
<tbody>
<tr>
<td width="302">Meno modela</td>
<td width="302">Priliehavý rolák s písmenami</td>
</tr>
<tr>
<td width="302">Zbierka</td>
<td width="302">jar/jeseň/zima</td>
</tr>
<tr>
<td width="302">veľkosti</td>
<td width="302">Univerzálny</td>
</tr>
<tr>
<td width="302">Farba</td>
<td width="302">čierna</td>
</tr>
<tr>
<td width="302">výstrihu</td>
<td width="302">Golf</td>
</tr>
<tr>
<td width="302">Materiál</td>
<td width="302">50% Viskóza 22% Nylon 28% PBT</td>
</tr>
</tbody>
</table>
<div class="rte" style="text-align: center;">
<p>Model má <strong>169</strong> cm vysoký, nosí veľkosť každý deň <strong>S</strong></p>
<p>Šírka hrudníka 91 cm</p>
<p>Šírka pásu 71 cm</p>
<p>Šírka bokov 96 cm</p>
</div>
<p style="text-align: center;">

<p>Sweter Z Golfem Dopasowany Letters Karmelowy Sweterek z golfem z długim rękawem o klasycznym splocie. Sweter  idealnie dopasowuje się do sylwetki i uzupełnia każdą stylizację. Sweter idealny na chłodniejsze dni. Rozmiar jest uniwersalny , idealnie pasuje do S, M, L , w przypadku większego rozmiaru zalecamy dokładny pomiar według poniższej tabeli wymiarów. W naszym sklepie internetowym znajdziesz ten</p>
<div class="klb-readmore post-buttons"><a class="button black outline size-sm" href="https://madelinefashion.pl/sk/sweter-z-golfem-dopasowany-letters-karmelowy/">Čítať ďalej <i class="klbth-icon-right-arrow"></i></a></div>

pracovný list
