{"id":107903,"date":"2023-11-02T11:50:20","date_gmt":"2023-11-02T10:50:20","guid":{"rendered":"https:\/\/madelinefashion.pl\/?post_type=product&#038;p=107903"},"modified":"2026-01-20T10:33:21","modified_gmt":"2026-01-20T09:33:21","slug":"bluzka-z-dlugim-rekawem-krotka-glen-czarna","status":"publish","type":"product","link":"https:\/\/madelinefashion.pl\/sk\/bluzka-z-dlugim-rekawem-krotka-glen-czarna\/","title":{"rendered":"\u010cierna bl\u00fazka s dlh\u00fdm ruk\u00e1vom Glen"},"content":{"rendered":"<h3 style=\"text-align: center;\">\u010cierna bl\u00fazka s dlh\u00fdm ruk\u00e1vom Glen<\/h3>\n<p style=\"text-align: center;\">Bl\u00fazka s dlh\u00fdm ruk\u00e1vom, kr\u00e1tka biela. Stavte na outfit s paz\u00farikom Elastick\u00e1 l\u00e1tka sa dokonale prisp\u00f4sob\u00ed postave. Zvolen\u00fd pre mnoh\u00e9 jarn\u00e9 a letn\u00e9 \u0161tyliz\u00e1cie. <strong>Model, ktor\u00fd si zamilujete<\/strong>. M\u00f4\u017eete ju nosi\u0165 s kra\u0165asmi, d\u017e\u00ednsami alebo suk\u0148ou. T\u00e1to kr\u00e1tka bl\u00fazka je vyroben\u00e1 zo sat\u00e9nu.<strong>\u00a0materi\u00e1l<\/strong> M\u00e1 kr\u00e1sne naf\u00faknut\u00e9 ruk\u00e1vy s man\u017eetami a gomb\u00edkmi. Vystu\u017een\u00fd korzetov\u00fd vrch, <strong>Mega \u017eensk\u00fd, zmyseln\u00fd sexi top <\/strong>Eur\u00f3psky v\u00fdrobok, ve\u013emi dobr\u00e1 kvalita.<strong>\u00a0<\/strong>Ve\u013ekos\u0165\u00a0<strong>odpor\u00fa\u010dan\u00e9 univerz\u00e1lne<\/strong>\u00a0pre d\u00e1my vo ve\u013ekosti od<strong> XS a\u017e L\u00a0 \u00a0<\/strong>\u0160irok\u00e1 \u0161k\u00e1la farieb v\u00e1m umo\u017en\u00ed vybra\u0165 si top, ktor\u00fd zv\u00fdrazn\u00ed va\u0161u postavu!<\/p>\n<h3 style=\"text-align: center;\">Rozmery<\/h3>\n<ul style=\"text-align: center;\">\n<li>celkov\u00e1 d\u013a\u017eka: 36 cm<\/li>\n<li>\u0161\u00edrka od pazuchy k pazuche 38-48 cm<\/li>\n<li>d\u013a\u017eka ruk\u00e1va od pazuchy: 46 cm<\/li>\n<li>d\u013a\u017eka ruk\u00e1va od ramena: 63 cm<br \/>\np\u00e1s: 31-41 cm<\/li>\n<\/ul>\n<p style=\"text-align: center;\">Rozmery sa m\u00f4\u017eu mierne l\u00ed\u0161i\u0165 od uveden\u00fdch +\/- 2cm. V\u0161etky uveden\u00e9 rozmery s\u00fa meran\u00e9 plo\u0161ne. <strong>rozmer x2<\/strong><\/p>\n<p style=\"text-align: center;\"><strong>\u00a0<\/strong><\/p>\n<table width=\"623\">\n<tbody>\n<tr>\n<td width=\"302\">Meno modela<\/td>\n<td width=\"302\">Bl\u00fazka s dlh\u00fdm ruk\u00e1vom Glen<\/td>\n<\/tr>\n<tr>\n<td width=\"302\">Farba<\/td>\n<td width=\"302\">\u010dierna<\/td>\n<\/tr>\n<tr>\n<td width=\"302\">Zbierka<\/td>\n<td width=\"302\">Jar Leto Jese\u0148<\/td>\n<\/tr>\n<tr>\n<td width=\"302\">ve\u013ekosti<\/td>\n<td width=\"302\">Univerz\u00e1lny<\/td>\n<\/tr>\n<tr>\n<td width=\"302\">M\u00f3da<\/td>\n<td width=\"302\">Zhoda<\/td>\n<\/tr>\n<tr>\n<td width=\"302\">\u0160tiepenie<\/td>\n<td width=\"302\">V<\/td>\n<\/tr>\n<tr>\n<td width=\"302\">Ko\u0161\u00ed\u010dky na spevnenie poprsia<\/td>\n<td width=\"302\">\u00c1no<\/td>\n<\/tr>\n<tr>\n<td width=\"302\">Materi\u00e1l<\/td>\n<td width=\"302\">Polyester 100%<\/td>\n<\/tr>\n<\/tbody>\n<\/table>\n<p>&nbsp;<\/p>\n<p style=\"text-align: center;\">Model m\u00e1\u00a0<strong>169<\/strong>\u00a0cm vysok\u00fd, nos\u00ed ve\u013ekos\u0165 ka\u017ed\u00fd de\u0148\u00a0<strong>S<\/strong><\/p>\n<p style=\"text-align: center;\">\u0160\u00edrka hrudn\u00edka 91 cm<\/p>\n<p style=\"text-align: center;\">\u0160\u00edrka p\u00e1su 71 cm<\/p>\n<p style=\"text-align: center;\">\u0160\u00edrka bokov 96 cm<\/p>","protected":false},"excerpt":{"rendered":"<p>Bluzka Z D\u0142ugim R\u0119kawem Kr\u00f3tka Glen Czarna Bluzka Z D\u0142ugim R\u0119kawem Kr\u00f3tka Bia\u0142a. Postaw na outfit z pazurem Elastyczna tkanina idealnie dopasowuje si\u0119 do sylwetki. Wybierany do wielu wiosennych i letnich stylizacji. Model w kt\u00f3rym si\u0119 zakochasz. Mo\u017cesz j\u0105 nosi\u0107 do szort\u00f3w, d\u017cins\u00f3w czy sp\u00f3dnicy. Kr\u00f3tka bluzka wykonana z satynowego\u00a0materia\u0142u posiada pi\u0119kne bufiaste r\u0119kawki ze<\/p>\n<div class=\"klb-readmore post-buttons\"><a class=\"button black outline size-sm\" href=\"https:\/\/madelinefashion.pl\/sk\/bluzka-z-dlugim-rekawem-krotka-glen-czarna\/\">\u010c\u00edta\u0165 \u010falej <i class=\"klbth-icon-right-arrow\"><\/i><\/a><\/div>","protected":false},"featured_media":565898,"template":"","meta":[],"product_brand":[],"product_cat":[77],"product_tag":[478,477,252],"class_list":{"0":"post-107903","1":"product","2":"type-product","3":"status-publish","4":"has-post-thumbnail","6":"product_cat-bluzki","7":"product_tag-bluzki-hiszpanki","8":"product_tag-bluzki-z-dlugim-rekawem","9":"product_tag-bluzka-czarna","11":"first","12":"instock","13":"sale","14":"purchasable","15":"product-type-simple"},"_links":{"self":[{"href":"https:\/\/madelinefashion.pl\/sk\/wp-json\/wp\/v2\/product\/107903","targetHints":{"allow":["GET"]}}],"collection":[{"href":"https:\/\/madelinefashion.pl\/sk\/wp-json\/wp\/v2\/product"}],"about":[{"href":"https:\/\/madelinefashion.pl\/sk\/wp-json\/wp\/v2\/types\/product"}],"wp:featuredmedia":[{"embeddable":true,"href":"https:\/\/madelinefashion.pl\/sk\/wp-json\/wp\/v2\/media\/565898"}],"wp:attachment":[{"href":"https:\/\/madelinefashion.pl\/sk\/wp-json\/wp\/v2\/media?parent=107903"}],"wp:term":[{"taxonomy":"product_brand","embeddable":true,"href":"https:\/\/madelinefashion.pl\/sk\/wp-json\/wp\/v2\/product_brand?post=107903"},{"taxonomy":"product_cat","embeddable":true,"href":"https:\/\/madelinefashion.pl\/sk\/wp-json\/wp\/v2\/product_cat?post=107903"},{"taxonomy":"product_tag","embeddable":true,"href":"https:\/\/madelinefashion.pl\/sk\/wp-json\/wp\/v2\/product_tag?post=107903"}],"curies":[{"name":"pracovn\u00fd list","href":"https:\/\/api.w.org\/{rel}","templated":true}]}}

Čierna blúzka s dlhým rukávom Glen

<h3 style="text-align: center;">Čierna blúzka s dlhým rukávom Glen</h3>
<p style="text-align: center;">Blúzka s dlhým rukávom, krátka biela. Stavte na outfit s pazúrikom Elastická látka sa dokonale prispôsobí postave. Zvolený pre mnohé jarné a letné štylizácie. <strong>Model, ktorý si zamilujete</strong>. Môžete ju nosiť s kraťasmi, džínsami alebo sukňou. Táto krátka blúzka je vyrobená zo saténu.<strong> materiál</strong> Má krásne nafúknuté rukávy s manžetami a gombíkmi. Vystužený korzetový vrch, <strong>Mega ženský, zmyselný sexi top </strong>Európsky výrobok, veľmi dobrá kvalita.<strong> </strong>Veľkosť <strong>odporúčané univerzálne</strong> pre dámy vo veľkosti od<strong> XS až L   </strong>Široká škála farieb vám umožní vybrať si top, ktorý zvýrazní vašu postavu!</p>
<h3 style="text-align: center;">Rozmery</h3>
<ul style="text-align: center;">
<li>celková dĺžka: 36 cm</li>
<li>šírka od pazuchy k pazuche 38-48 cm</li>
<li>dĺžka rukáva od pazuchy: 46 cm</li>
<li>dĺžka rukáva od ramena: 63 cm<br />
pás: 31-41 cm</li>
</ul>
<p style="text-align: center;">Rozmery sa môžu mierne líšiť od uvedených +/- 2cm. Všetky uvedené rozmery sú merané plošne. <strong>rozmer x2</strong></p>
<p style="text-align: center;"><strong> </strong></p>
<table width="623">
<tbody>
<tr>
<td width="302">Meno modela</td>
<td width="302">Blúzka s dlhým rukávom Glen</td>
</tr>
<tr>
<td width="302">Farba</td>
<td width="302">čierna</td>
</tr>
<tr>
<td width="302">Zbierka</td>
<td width="302">Jar Leto Jeseň</td>
</tr>
<tr>
<td width="302">veľkosti</td>
<td width="302">Univerzálny</td>
</tr>
<tr>
<td width="302">Móda</td>
<td width="302">Zhoda</td>
</tr>
<tr>
<td width="302">Štiepenie</td>
<td width="302">V</td>
</tr>
<tr>
<td width="302">Košíčky na spevnenie poprsia</td>
<td width="302">Áno</td>
</tr>
<tr>
<td width="302">Materiál</td>
<td width="302">Polyester 100%</td>
</tr>
</tbody>
</table>
<p>&nbsp;</p>
<p style="text-align: center;">Model má <strong>169</strong> cm vysoký, nosí veľkosť každý deň <strong>S</strong></p>
<p style="text-align: center;">Šírka hrudníka 91 cm</p>
<p style="text-align: center;">Šírka pásu 71 cm</p>
<p style="text-align: center;">Šírka bokov 96 cm</p>

<p>Bluzka Z Długim Rękawem Krótka Glen Czarna Bluzka Z Długim Rękawem Krótka Biała. Postaw na outfit z pazurem Elastyczna tkanina idealnie dopasowuje się do sylwetki. Wybierany do wielu wiosennych i letnich stylizacji. Model w którym się zakochasz. Możesz ją nosić do szortów, dżinsów czy spódnicy. Krótka bluzka wykonana z satynowego materiału posiada piękne bufiaste rękawki ze</p>
<div class="klb-readmore post-buttons"><a class="button black outline size-sm" href="https://madelinefashion.pl/sk/bluzka-z-dlugim-rekawem-krotka-glen-czarna/">Čítať ďalej <i class="klbth-icon-right-arrow"></i></a></div>

pracovný list
