{"id":108079,"date":"2023-11-02T15:48:46","date_gmt":"2023-11-02T14:48:46","guid":{"rendered":"https:\/\/madelinefashion.pl\/?post_type=product&#038;p=108079"},"modified":"2026-01-20T10:33:20","modified_gmt":"2026-01-20T09:33:20","slug":"golf-dzianinowy-gladki-ciemny-bez","status":"publish","type":"product","link":"https:\/\/madelinefashion.pl\/sk\/golf-dzianinowy-gladki-ciemny-bez\/","title":{"rendered":"Hladk\u00fd pleten\u00fd rol\u00e1k tmavo b\u00e9\u017eovej farby"},"content":{"rendered":"<h3 style=\"text-align: center;\">Hladk\u00fd pleten\u00fd rol\u00e1k tmavo b\u00e9\u017eovej farby<\/h3>\n<p style=\"text-align: center;\">Klasick\u00e1 jednofarebn\u00e1 rol\u00e1kov\u00e1 bl\u00fazka. Vyroben\u00e1 z elastick\u00e9ho materi\u00e1lu. Tento rebrovan\u00fd rol\u00e1k m\u00e1 univerz\u00e1lnu ve\u013ekos\u0165. Ide\u00e1lny na jesenn\u00e9, zimn\u00e9 a jarn\u00e9 outfity. Vyroben\u00fd z m\u00e4kk\u00e9ho, elastick\u00e9ho materi\u00e1lu. Univerz\u00e1lna ve\u013ekos\u0165, odpor\u00fa\u010dan\u00e9 od S do XL.<\/p>\n<h3 style=\"text-align: center;\">\u00a0 \u00a0 \u00a0Rozmery:<\/h3>\n<ul style=\"text-align: center;\">\n<li>celkov\u00e1 d\u013a\u017eka: 68 cm<\/li>\n<li>\u0161\u00edrka od pazuchy k pazuche: 56 cm - 75 cm<\/li>\n<li>d\u013a\u017eka ruk\u00e1va od ramena: 65 cm<\/li>\n<li>d\u013a\u017eka ruk\u00e1va od podpazu\u0161ia: 43 cm<\/li>\n<li><\/li>\n<\/ul>\n<p>&nbsp;<\/p>\n<p style=\"text-align: center;\">Rozmery sa m\u00f4\u017eu mierne l\u00ed\u0161i\u0165 od uveden\u00fdch +\/- 2cm. V\u0161etky uveden\u00e9 rozmery s\u00fa meran\u00e9 plo\u0161ne.<\/p>\n<h3 style=\"text-align: center;\">Charakteristika:<\/h3>\n<ul>\n<li style=\"text-align: center;\">rol\u00e1k rol\u00e1k<\/li>\n<li style=\"text-align: center;\">rebrovan\u00e1 tkanina<\/li>\n<li style=\"text-align: center;\">rebrovan\u00e1 \u00faprava<\/li>\n<\/ul>\n<table>\n<tbody>\n<tr>\n<td width=\"302\">Meno modela<\/td>\n<td width=\"302\">Hladk\u00fd pleten\u00fd rol\u00e1k<\/td>\n<\/tr>\n<tr>\n<td width=\"302\">Farba<\/td>\n<td width=\"302\">Tmavo b\u00e9\u017eov\u00e1<\/td>\n<\/tr>\n<tr>\n<td width=\"302\">ve\u013ekosti<\/td>\n<td width=\"302\">Univerz\u00e1lny<\/td>\n<\/tr>\n<tr>\n<td width=\"302\">M\u00f3da<\/td>\n<td width=\"302\">Na mieru<\/td>\n<\/tr>\n<tr>\n<td width=\"302\">Materi\u00e1l<\/td>\n<td width=\"302\">45 % Visk\u00f3za 27% Polyester 23% Nylon<\/td>\n<\/tr>\n<\/tbody>\n<\/table>\n<p>&nbsp;<\/p>\n<p>&nbsp;<\/p>\n<p style=\"text-align: center;\">Model m\u00e1\u00a0<strong>169<\/strong>\u00a0cm vysok\u00fd, nos\u00ed ve\u013ekos\u0165 ka\u017ed\u00fd de\u0148\u00a0<strong>S<\/strong><\/p>\n<p style=\"text-align: center;\">\u0160\u00edrka hrudn\u00edka 91 cm<\/p>\n<p style=\"text-align: center;\">\u0160\u00edrka p\u00e1su 71 cm<\/p>\n<p style=\"text-align: center;\">\u0160\u00edrka bokov 96 cm<\/p>\n<p style=\"text-align: center;\">","protected":false},"excerpt":{"rendered":"<p>Golf Dzianinowy G\u0142adki Ciemny Be\u017c Jednokolorowa klasyczna bluzka z golfem. Uszyta z elastycznego materia\u0142u. Pr\u0105\u017ckowany golf w rozmiarze uniwersalnym. \u015awietnie sprawdzi si\u0119 w jesiennych, zimowych jak i wiosennych\u00a0 stylizacjach. Wykonany z przyjemnego w dotyku elastycznego materia\u0142u. Rozmiar uniwersalny zalecany od S do XL \u00a0 \u00a0 \u00a0Wymiary: d\u0142ugo\u015b\u0107 ca\u0142kowita : 68 cm szeroko\u015b\u0107 od pachy do<\/p>\n<div class=\"klb-readmore post-buttons\"><a class=\"button black outline size-sm\" href=\"https:\/\/madelinefashion.pl\/sk\/golf-dzianinowy-gladki-ciemny-bez\/\">\u010c\u00edta\u0165 \u010falej <i class=\"klbth-icon-right-arrow\"><\/i><\/a><\/div>","protected":false},"featured_media":585607,"template":"","meta":[],"product_brand":[],"product_cat":[77],"product_tag":[],"class_list":{"0":"post-108079","1":"product","2":"type-product","3":"status-publish","4":"has-post-thumbnail","6":"product_cat-bluzki","8":"first","9":"instock","10":"sale","11":"purchasable","12":"product-type-simple"},"_links":{"self":[{"href":"https:\/\/madelinefashion.pl\/sk\/wp-json\/wp\/v2\/product\/108079","targetHints":{"allow":["GET"]}}],"collection":[{"href":"https:\/\/madelinefashion.pl\/sk\/wp-json\/wp\/v2\/product"}],"about":[{"href":"https:\/\/madelinefashion.pl\/sk\/wp-json\/wp\/v2\/types\/product"}],"wp:featuredmedia":[{"embeddable":true,"href":"https:\/\/madelinefashion.pl\/sk\/wp-json\/wp\/v2\/media\/585607"}],"wp:attachment":[{"href":"https:\/\/madelinefashion.pl\/sk\/wp-json\/wp\/v2\/media?parent=108079"}],"wp:term":[{"taxonomy":"product_brand","embeddable":true,"href":"https:\/\/madelinefashion.pl\/sk\/wp-json\/wp\/v2\/product_brand?post=108079"},{"taxonomy":"product_cat","embeddable":true,"href":"https:\/\/madelinefashion.pl\/sk\/wp-json\/wp\/v2\/product_cat?post=108079"},{"taxonomy":"product_tag","embeddable":true,"href":"https:\/\/madelinefashion.pl\/sk\/wp-json\/wp\/v2\/product_tag?post=108079"}],"curies":[{"name":"pracovn\u00fd list","href":"https:\/\/api.w.org\/{rel}","templated":true}]}}

Hladký pletený rolák tmavo béžovej farby

<h3 style="text-align: center;">Hladký pletený rolák tmavo béžovej farby</h3>
<p style="text-align: center;">Klasická jednofarebná roláková blúzka. Vyrobená z elastického materiálu. Tento rebrovaný rolák má univerzálnu veľkosť. Ideálny na jesenné, zimné a jarné outfity. Vyrobený z mäkkého, elastického materiálu. Univerzálna veľkosť, odporúčané od S do XL.</p>
<h3 style="text-align: center;">     Rozmery:</h3>
<ul style="text-align: center;">
<li>celková dĺžka: 68 cm</li>
<li>šírka od pazuchy k pazuche: 56 cm - 75 cm</li>
<li>dĺžka rukáva od ramena: 65 cm</li>
<li>dĺžka rukáva od podpazušia: 43 cm</li>
<li></li>
</ul>
<p>&nbsp;</p>
<p style="text-align: center;">Rozmery sa môžu mierne líšiť od uvedených +/- 2cm. Všetky uvedené rozmery sú merané plošne.</p>
<h3 style="text-align: center;">Charakteristika:</h3>
<ul>
<li style="text-align: center;">rolák rolák</li>
<li style="text-align: center;">rebrovaná tkanina</li>
<li style="text-align: center;">rebrovaná úprava</li>
</ul>
<table>
<tbody>
<tr>
<td width="302">Meno modela</td>
<td width="302">Hladký pletený rolák</td>
</tr>
<tr>
<td width="302">Farba</td>
<td width="302">Tmavo béžová</td>
</tr>
<tr>
<td width="302">veľkosti</td>
<td width="302">Univerzálny</td>
</tr>
<tr>
<td width="302">Móda</td>
<td width="302">Na mieru</td>
</tr>
<tr>
<td width="302">Materiál</td>
<td width="302">45 % Viskóza 27% Polyester 23% Nylon</td>
</tr>
</tbody>
</table>
<p>&nbsp;</p>
<p>&nbsp;</p>
<p style="text-align: center;">Model má <strong>169</strong> cm vysoký, nosí veľkosť každý deň <strong>S</strong></p>
<p style="text-align: center;">Šírka hrudníka 91 cm</p>
<p style="text-align: center;">Šírka pásu 71 cm</p>
<p style="text-align: center;">Šírka bokov 96 cm</p>
<p style="text-align: center;">

<p>Golf Dzianinowy Gładki Ciemny Beż Jednokolorowa klasyczna bluzka z golfem. Uszyta z elastycznego materiału. Prążkowany golf w rozmiarze uniwersalnym. Świetnie sprawdzi się w jesiennych, zimowych jak i wiosennych  stylizacjach. Wykonany z przyjemnego w dotyku elastycznego materiału. Rozmiar uniwersalny zalecany od S do XL      Wymiary: długość całkowita : 68 cm szerokość od pachy do</p>
<div class="klb-readmore post-buttons"><a class="button black outline size-sm" href="https://madelinefashion.pl/sk/golf-dzianinowy-gladki-ciemny-bez/">Čítať ďalej <i class="klbth-icon-right-arrow"></i></a></div>

pracovný list
