{"id":108170,"date":"2023-11-03T11:32:12","date_gmt":"2023-11-03T10:32:12","guid":{"rendered":"https:\/\/madelinefashion.pl\/?post_type=product&#038;p=108170"},"modified":"2026-02-20T14:57:01","modified_gmt":"2026-02-20T13:57:01","slug":"sweterek-zapinany-z-ozdobnym-kolnierzem-czarny","status":"publish","type":"product","link":"https:\/\/madelinefashion.pl\/sk\/sweterek-zapinany-z-ozdobnym-kolnierzem-czarny\/","title":{"rendered":"\u010cierny sveter na gomb\u00edky s ozdobn\u00fdm golierom"},"content":{"rendered":"<h3 style=\"text-align: center;\">\u010cierny sveter na gomb\u00edky s ozdobn\u00fdm golierom<\/h3>\n<p style=\"text-align: center;\"><span style=\"font-size: 10pt;\"><strong>Kr\u00e1sny sveter so zipsom<\/strong> . M\u00e1 kr\u00e1sny golier zdoben\u00fd kamienkami. Je to skvel\u00e1 vo\u013eba pre \u017eeny, ktor\u00e9 h\u013eadaj\u00fa dokonal\u00fd sveter. Ur\u010dite n\u00e1jdete tak\u00fd, ktor\u00fd sa hod\u00ed k v\u00e1\u0161mu \u0161atn\u00edku. Budete sa v \u0148om c\u00edti\u0165 pohodlne a kr\u00e1sne. Tento pohodln\u00fd a \u00fatuln\u00fd sveter m\u00e1 jednoduch\u00fd dizajn. M\u00e1 dlh\u00e9 ruk\u00e1vy a je vyroben\u00fd z m\u00e4kkej, elastickej l\u00e1tky. V na\u0161om obchode je dostupn\u00fd v dvoch farebn\u00fdch prevedeniach. Odpor\u00fa\u010da sa pre \u017eeny vo ve\u013ekostiach SML-XL.<\/span><\/p>\n<h3 style=\"text-align: center;\">\u00a0 \u00a0 \u00a0Rozmery<\/h3>\n<p style=\"text-align: center;\" align=\"center\">Celkov\u00e1 d\u013a\u017eka - 59 cm<br \/>\n\u0160\u00edrka od podpazu\u0161ia k podpazu\u0161iu - 56-69 cm x2<br \/>\nD\u013a\u017eka ruk\u00e1va od podpazu\u0161ia - 40 cm<br \/>\nD\u013a\u017eka ruk\u00e1va od ramena - 59 cm<\/p>\n<p style=\"text-align: center;\"><span style=\"font-size: 10pt;\">\u00a0Rozmery sa m\u00f4\u017eu mierne l\u00ed\u0161i\u0165 od uveden\u00fdch +\/- 2cm. V\u0161etky uveden\u00e9 rozmery s\u00fa meran\u00e9 plo\u0161ne. rozmer x2<\/span><\/p>\n<table>\n<tbody>\n<tr>\n<td width=\"302\">Meno modela<\/td>\n<td width=\"302\">Sveter na gomb\u00edky s ozdobn\u00fdm golierom<\/td>\n<\/tr>\n<tr>\n<td width=\"302\">Farba<\/td>\n<td width=\"302\">\u010dierna<\/td>\n<\/tr>\n<tr>\n<td width=\"302\">ve\u013ekosti<\/td>\n<td width=\"302\">Univerz\u00e1lny<\/td>\n<\/tr>\n<tr>\n<td width=\"302\">M\u00f3da<\/td>\n<td width=\"302\">nadrozmern\u00e9<\/td>\n<\/tr>\n<tr>\n<td width=\"302\">izolovan\u00e9<\/td>\n<td width=\"302\">jednopl\u00e1\u0161\u0165ov\u00e9<\/td>\n<\/tr>\n<tr>\n<td width=\"302\">Materi\u00e1l<\/td>\n<td width=\"302\">100% visk\u00f3za<\/td>\n<\/tr>\n<\/tbody>\n<\/table>\n<p style=\"text-align: center;\">Model m\u00e1\u00a0<strong>169<\/strong>\u00a0cm vysok\u00fd, nos\u00ed ve\u013ekos\u0165 ka\u017ed\u00fd de\u0148\u00a0<strong>S<\/strong><\/p>\n<p style=\"text-align: center;\">\u0160\u00edrka hrudn\u00edka 91 cm<\/p>\n<p style=\"text-align: center;\">\u0160\u00edrka p\u00e1su 71 cm<\/p>\n<p style=\"text-align: center;\">\u0160\u00edrka bokov 96 cm<\/p>","protected":false},"excerpt":{"rendered":"<p>Sweterek Zapinany Z Ozdobnym Ko\u0142nierzem Czarny Przepi\u0119kny, sweterek, zapinany na zamek b\u0142yskawiczny . Posiada \u015bliczny zdobiony kamieniami ko\u0142nierz. Jest to propozycja dla Pa\u0144 kt\u00f3re poszukuj\u0105 idealnego sweterka. Z pewno\u015bci\u0105 dopasujesz do swojej szafy. B\u0119dziesz czu\u0107 si\u0119 w nim wygodnie i\u00a0 pi\u0119knie . Wygodny, przytulny w dotyku, komfortowy sweterek o prostym fasonie. Model z d\u0142ugimi r\u0119kawami.<\/p>\n<div class=\"klb-readmore post-buttons\"><a class=\"button black outline size-sm\" href=\"https:\/\/madelinefashion.pl\/sk\/sweterek-zapinany-z-ozdobnym-kolnierzem-czarny\/\">\u010c\u00edta\u0165 \u010falej <i class=\"klbth-icon-right-arrow\"><\/i><\/a><\/div>","protected":false},"featured_media":582387,"template":"","meta":[],"product_brand":[],"product_cat":[78],"product_tag":[298],"class_list":{"0":"post-108170","1":"product","2":"type-product","3":"status-publish","4":"has-post-thumbnail","6":"product_cat-swetry-damskie","7":"product_tag-swetry-czarne","9":"first","10":"instock","11":"purchasable","12":"product-type-simple"},"_links":{"self":[{"href":"https:\/\/madelinefashion.pl\/sk\/wp-json\/wp\/v2\/product\/108170","targetHints":{"allow":["GET"]}}],"collection":[{"href":"https:\/\/madelinefashion.pl\/sk\/wp-json\/wp\/v2\/product"}],"about":[{"href":"https:\/\/madelinefashion.pl\/sk\/wp-json\/wp\/v2\/types\/product"}],"wp:featuredmedia":[{"embeddable":true,"href":"https:\/\/madelinefashion.pl\/sk\/wp-json\/wp\/v2\/media\/582387"}],"wp:attachment":[{"href":"https:\/\/madelinefashion.pl\/sk\/wp-json\/wp\/v2\/media?parent=108170"}],"wp:term":[{"taxonomy":"product_brand","embeddable":true,"href":"https:\/\/madelinefashion.pl\/sk\/wp-json\/wp\/v2\/product_brand?post=108170"},{"taxonomy":"product_cat","embeddable":true,"href":"https:\/\/madelinefashion.pl\/sk\/wp-json\/wp\/v2\/product_cat?post=108170"},{"taxonomy":"product_tag","embeddable":true,"href":"https:\/\/madelinefashion.pl\/sk\/wp-json\/wp\/v2\/product_tag?post=108170"}],"curies":[{"name":"pracovn\u00fd list","href":"https:\/\/api.w.org\/{rel}","templated":true}]}}

Čierny sveter na gombíky s ozdobným golierom

<h3 style="text-align: center;">Čierny sveter na gombíky s ozdobným golierom</h3>
<p style="text-align: center;"><span style="font-size: 10pt;"><strong>Krásny sveter so zipsom</strong> . Má krásny golier zdobený kamienkami. Je to skvelá voľba pre ženy, ktoré hľadajú dokonalý sveter. Určite nájdete taký, ktorý sa hodí k vášmu šatníku. Budete sa v ňom cítiť pohodlne a krásne. Tento pohodlný a útulný sveter má jednoduchý dizajn. Má dlhé rukávy a je vyrobený z mäkkej, elastickej látky. V našom obchode je dostupný v dvoch farebných prevedeniach. Odporúča sa pre ženy vo veľkostiach SML-XL.</span></p>
<h3 style="text-align: center;">     Rozmery</h3>
<p style="text-align: center;" align="center">Celková dĺžka - 59 cm<br />
Šírka od podpazušia k podpazušiu - 56-69 cm x2<br />
Dĺžka rukáva od podpazušia - 40 cm<br />
Dĺžka rukáva od ramena - 59 cm</p>
<p style="text-align: center;"><span style="font-size: 10pt;"> Rozmery sa môžu mierne líšiť od uvedených +/- 2cm. Všetky uvedené rozmery sú merané plošne. rozmer x2</span></p>
<table>
<tbody>
<tr>
<td width="302">Meno modela</td>
<td width="302">Sveter na gombíky s ozdobným golierom</td>
</tr>
<tr>
<td width="302">Farba</td>
<td width="302">čierna</td>
</tr>
<tr>
<td width="302">veľkosti</td>
<td width="302">Univerzálny</td>
</tr>
<tr>
<td width="302">Móda</td>
<td width="302">nadrozmerné</td>
</tr>
<tr>
<td width="302">izolované</td>
<td width="302">jednoplášťové</td>
</tr>
<tr>
<td width="302">Materiál</td>
<td width="302">100% viskóza</td>
</tr>
</tbody>
</table>
<p style="text-align: center;">Model má <strong>169</strong> cm vysoký, nosí veľkosť každý deň <strong>S</strong></p>
<p style="text-align: center;">Šírka hrudníka 91 cm</p>
<p style="text-align: center;">Šírka pásu 71 cm</p>
<p style="text-align: center;">Šírka bokov 96 cm</p>

<p>Sweterek Zapinany Z Ozdobnym Kołnierzem Czarny Przepiękny, sweterek, zapinany na zamek błyskawiczny . Posiada śliczny zdobiony kamieniami kołnierz. Jest to propozycja dla Pań które poszukują idealnego sweterka. Z pewnością dopasujesz do swojej szafy. Będziesz czuć się w nim wygodnie i  pięknie . Wygodny, przytulny w dotyku, komfortowy sweterek o prostym fasonie. Model z długimi rękawami.</p>
<div class="klb-readmore post-buttons"><a class="button black outline size-sm" href="https://madelinefashion.pl/sk/sweterek-zapinany-z-ozdobnym-kolnierzem-czarny/">Čítať ďalej <i class="klbth-icon-right-arrow"></i></a></div>

pracovný list
