{"id":10867,"date":"2021-05-03T17:36:18","date_gmt":"2021-05-03T15:36:18","guid":{"rendered":"https:\/\/madelinefashion.pl\/?post_type=product&#038;p=10867"},"modified":"2026-03-26T12:40:36","modified_gmt":"2026-03-26T11:40:36","slug":"kurtka-pikowana-slim-classic-szara","status":"publish","type":"product","link":"https:\/\/madelinefashion.pl\/sk\/kurtka-pikowana-slim-classic-szara\/","title":{"rendered":"Tenk\u00e1 klasick\u00e1 pre\u0161\u00edvan\u00e1 bunda siv\u00e1"},"content":{"rendered":"<h3 style=\"text-align: center;\">Tenk\u00e1 klasick\u00e1 pre\u0161\u00edvan\u00e1 bunda siv\u00e1<\/h3>\n<p style=\"text-align: center;\"><strong>Tenk\u00e1 klasick\u00e1 pre\u0161\u00edvan\u00e1 bunda siv\u00e1<\/strong> je n\u00e1\u0161 n\u00e1vrh na bl\u00ed\u017eiace sa jarn\u00e9 a chladnej\u0161ie letn\u00e9 dni. D\u00e1 sa pou\u017ei\u0165 v akomko\u013evek <strong>styling<\/strong>, oboje ku klasick\u00fdm d\u017e\u00ednsom, biele <a href=\"https:\/\/madelinefashion.pl\/sk\/bluzka-fashion-biala-gladka\/\">tri\u010dko<\/a> na ka\u017edodenn\u00e9 vych\u00e1dzky. Je to ist\u00e9 <strong>musie\u0165 ma\u0165<\/strong> v ka\u017edom \u0161atn\u00edku! Vypasovan\u00e1 pre\u0161\u00edvan\u00e1 bunda m\u00e1 zap\u00ednanie na zips a dve vreck\u00e1 na zips. Jarn\u00e1 bunda, ktor\u00e1 dod\u00e1 ka\u017ed\u00e9mu outfitu charakter a umo\u017en\u00ed v\u00e1m vynikn\u00fa\u0165 z davu. Odpor\u00fa\u010dame to s na\u0161imi <a href=\"https:\/\/madelinefashion.pl\/sk\/casual-clothes\/t-shirty\/\">topy<\/a> a nohavice <a href=\"https:\/\/madelinefashion.pl\/sk\/spodnie-jeans-boyfriend-star\/\">boyfriend d\u017e\u00ednsy<\/a>.<strong> Prechodn\u00e1 bunda dostupn\u00e1 vo viacer\u00fdch farb\u00e1ch<\/strong>. Tento model je ide\u00e1lny pre <strong>jarn\u00e9 a chladnej\u0161ie letn\u00e9 dni.<\/strong>\u00a0V\u010faka vhodne zvolen\u00fdm doplnkom \u013eahko vytvor\u00edte jedine\u010dn\u00e9 \u0161tyliz\u00e1cie na spolo\u010densk\u00e9 udalosti \u010di oslavy. Vyst\u00fapte z davu s na\u0161ou bundou. <strong>Pre\u0161\u00edvan\u00e1 bunda bez kapucne v zo\u0161t\u00edhlenej verzii<\/strong> dokonale zahreje v chladnej\u0161\u00edch d\u0148och a dopln\u00ed ka\u017ed\u00fd ka\u017edodenn\u00fd styling. Vypasovan\u00e1 d\u00e1mska bunda m\u00e1 jemn\u00fd stoja\u010dik. <strong>vodeodoln\u00fd<\/strong>syntetick\u00e1 v\u00fdpl\u0148 zahreje za ka\u017ed\u00fdch podmienok.Bunda je dostupn\u00e1 vo ve\u013e<strong> SML XL XXL.\u00a0 <\/strong>V z\u00e1vislosti od sez\u00f3ny a aktu\u00e1lnych m\u00f3dnych trendov v ponuke <a href=\"https:\/\/madelinefashion.pl\/sk\/\"><strong>Madelinefashion<\/strong><\/a> n\u00e1jdete aj tepl\u00e9 <a href=\"https:\/\/madelinefashion.pl\/sk\/kurtki-i-plaszcze\/\">vrchn\u00e9 oble\u010denie<\/a> \u017eeny, <strong>\u0161t\u00fdlov\u00fd <a href=\"https:\/\/madelinefashion.pl\/sk\/?s=ramoneska&amp;post_type=product\">Ramones<\/a><\/strong>, elegantn\u00fd <a href=\"https:\/\/madelinefashion.pl\/sk\/kurtki-i-plaszcze\/plaszcze\/\">kab\u00e1ty <\/a>. Zozn\u00e1mte sa s ponukou a n\u00e1jdite si ide\u00e1lny model pre v\u00e1s.<\/p>\n<p>\u2013<\/p>\n<h3 style=\"text-align: center;\">Rozmery:<\/h3>\n<p style=\"text-align: center;\"><strong>S\/36<br \/>\n<\/strong>\u0160\u00edrka od pazuchy po pazuchu: 42 cm<br \/>\n\u0160\u00edrka v spodnej \u010dasti: 46 cm<br \/>\nD\u013a\u017eka ruk\u00e1va od ramena: 62 cm<br \/>\nD\u013a\u017eka ruk\u00e1va od podpazu\u0161ia: 44 cm<br \/>\nCelkov\u00e1 d\u013a\u017eka: 62 cm<\/p>\n<p style=\"text-align: center;\"><strong>M\/38<br \/>\n<\/strong>\u0160\u00edrka od pazuchy po pazuchu: 44 cm<br \/>\n\u0160\u00edrka v spodnej \u010dasti: 48 cm<br \/>\nD\u013a\u017eka ruk\u00e1va od ramena: 64 cm<br \/>\nD\u013a\u017eka ruk\u00e1va od podpazu\u0161ia: 46 cm<br \/>\nCelkov\u00e1 d\u013a\u017eka: 63 cm<br \/>\n<strong><br \/>\nL\/40<\/strong><br \/>\n\u0160\u00edrka od pazuchy po pazuchu: 47 cm<br \/>\n\u0160\u00edrka v spodnej \u010dasti: 50 cm<br \/>\nD\u013a\u017eka ruk\u00e1va od ramena: 64 cm<br \/>\nD\u013a\u017eka ruk\u00e1va od podpazu\u0161ia: 46 cm<br \/>\nCelkov\u00e1 d\u013a\u017eka: 65 cm<\/p>\n<p>&nbsp;<\/p>\n<p style=\"text-align: center;\"><strong>XL\/42<\/strong><br \/>\n\u0160\u00edrka od pazuchy po pazuchu: 49 cm<br \/>\n\u0160\u00edrka v spodnej \u010dasti: 52 cm<br \/>\nD\u013a\u017eka ruk\u00e1va od ramena: 65 cm<br \/>\nD\u013a\u017eka ruk\u00e1va od podpazu\u0161ia: 47 cm<br \/>\nCelkov\u00e1 d\u013a\u017eka: 68 cm<\/p>\n<p style=\"text-align: center;\"><strong>XXL\/44<\/strong><br \/>\n\u0160\u00edrka od pazuchy po pazuchu: 52 cm<br \/>\n\u0160\u00edrka v spodnej \u010dasti: 55 cm<br \/>\nD\u013a\u017eka ruk\u00e1va od ramena: 66 cm<br \/>\nD\u013a\u017eka ruk\u00e1va od podpazu\u0161ia: 48 cm<br \/>\nCelkov\u00e1 d\u013a\u017eka: 71 cm<\/p>\n<p>&nbsp;<\/p>\n<p style=\"text-align: center;\">Rozmery sa m\u00f4\u017eu mierne l\u00ed\u0161i\u0165 od uveden\u00fdch +\/- 2cm. <strong>V\u0161etky uveden\u00e9 rozmery s\u00fa meran\u00e9 plo\u0161ne - rozmer x2\u00a0<\/strong><\/p>\n<p style=\"text-align: center;\"><strong><span style=\"font-size: 10pt;\">\u00a0<\/span><\/strong><\/p>\n<div class=\"tabs tabs-bb clear mb-80\">\n<div class=\"tab-content\">\n<div id=\"tab-description\" class=\"tab-pane fade in woocommerce-Tabs-panel--description active\">\n<p style=\"text-align: center;\">\u00a0Model m\u00e1\u00a0<strong>165<\/strong> cm vysok\u00fd, be\u017ene nos\u00ed ve\u013ekos\u0165 S<\/p>\n<\/div>\n<\/div>\n<\/div>","protected":false},"excerpt":{"rendered":"<p>Kurtka Pikowana Slim Classic Szara Kurtka Pikowana Slim Classic Szara to nasza propozycja na nadchodz\u0105c\u0105 wiosn\u0119 oraz ch\u0142odniejsze letnie dni. Mo\u017cna j\u0105 wykorzysta\u0107 w ka\u017cdej stylizacji, zar\u00f3wno do klasycznych jeans\u00f3w, bia\u0142ego t-shirtu na codzienne wyj\u015bcia.\u00a0Jest to zdecydowany must have w ka\u017cdej garderobie! Kurtka dopasowan pikowana posiada zamek b\u0142yskawiczny oraz dwie kieszonki zamykane na zamek. Kurtka<\/p>\n<div class=\"klb-readmore post-buttons\"><a class=\"button black outline size-sm\" href=\"https:\/\/madelinefashion.pl\/sk\/kurtka-pikowana-slim-classic-szara\/\">\u010c\u00edta\u0165 \u010falej <i class=\"klbth-icon-right-arrow\"><\/i><\/a><\/div>","protected":false},"featured_media":10866,"template":"","meta":[],"product_brand":[],"product_cat":[117,380],"product_tag":[],"class_list":{"0":"post-10867","1":"product","2":"type-product","3":"status-publish","4":"has-post-thumbnail","6":"product_cat-kurtki","7":"product_cat-wyprzedaz","8":"pa_rozmiar-m-38","9":"pa_rozmiar-l-40","10":"pa_rozmiar-xl-42","11":"pa_rozmiar-xxl-44","12":"pa_rozmiar-s-36","14":"first","15":"instock","16":"sale","17":"purchasable","18":"product-type-variable"},"_links":{"self":[{"href":"https:\/\/madelinefashion.pl\/sk\/wp-json\/wp\/v2\/product\/10867","targetHints":{"allow":["GET"]}}],"collection":[{"href":"https:\/\/madelinefashion.pl\/sk\/wp-json\/wp\/v2\/product"}],"about":[{"href":"https:\/\/madelinefashion.pl\/sk\/wp-json\/wp\/v2\/types\/product"}],"wp:featuredmedia":[{"embeddable":true,"href":"https:\/\/madelinefashion.pl\/sk\/wp-json\/wp\/v2\/media\/10866"}],"wp:attachment":[{"href":"https:\/\/madelinefashion.pl\/sk\/wp-json\/wp\/v2\/media?parent=10867"}],"wp:term":[{"taxonomy":"product_brand","embeddable":true,"href":"https:\/\/madelinefashion.pl\/sk\/wp-json\/wp\/v2\/product_brand?post=10867"},{"taxonomy":"product_cat","embeddable":true,"href":"https:\/\/madelinefashion.pl\/sk\/wp-json\/wp\/v2\/product_cat?post=10867"},{"taxonomy":"product_tag","embeddable":true,"href":"https:\/\/madelinefashion.pl\/sk\/wp-json\/wp\/v2\/product_tag?post=10867"}],"curies":[{"name":"pracovn\u00fd list","href":"https:\/\/api.w.org\/{rel}","templated":true}]}}

Tenká klasická prešívaná bunda sivá

<h3 style="text-align: center;">Tenká klasická prešívaná bunda sivá</h3>
<p style="text-align: center;"><strong>Tenká klasická prešívaná bunda sivá</strong> je náš návrh na blížiace sa jarné a chladnejšie letné dni. Dá sa použiť v akomkoľvek <strong>styling</strong>, oboje ku klasickým džínsom, biele <a href="https://madelinefashion.pl/sk/bluzka-fashion-biala-gladka/">tričko</a> na každodenné vychádzky. Je to isté <strong>musieť mať</strong> v každom šatníku! Vypasovaná prešívaná bunda má zapínanie na zips a dve vrecká na zips. Jarná bunda, ktorá dodá každému outfitu charakter a umožní vám vyniknúť z davu. Odporúčame to s našimi <a href="https://madelinefashion.pl/sk/casual-clothes/t-shirty/">topy</a> a nohavice <a href="https://madelinefashion.pl/sk/spodnie-jeans-boyfriend-star/">boyfriend džínsy</a>.<strong> Prechodná bunda dostupná vo viacerých farbách</strong>. Tento model je ideálny pre <strong>jarné a chladnejšie letné dni.</strong> Vďaka vhodne zvoleným doplnkom ľahko vytvoríte jedinečné štylizácie na spoločenské udalosti či oslavy. Vystúpte z davu s našou bundou. <strong>Prešívaná bunda bez kapucne v zoštíhlenej verzii</strong> dokonale zahreje v chladnejších dňoch a doplní každý každodenný styling. Vypasovaná dámska bunda má jemný stojačik. <strong>vodeodolný</strong>syntetická výplň zahreje za každých podmienok.Bunda je dostupná vo veľ<strong> SML XL XXL.  </strong>V závislosti od sezóny a aktuálnych módnych trendov v ponuke <a href="https://madelinefashion.pl/sk/"><strong>Madelinefashion</strong></a> nájdete aj teplé <a href="https://madelinefashion.pl/sk/kurtki-i-plaszcze/">vrchné oblečenie</a> ženy, <strong>štýlový <a href="https://madelinefashion.pl/sk/?s=ramoneska&amp;post_type=product">Ramones</a></strong>, elegantný <a href="https://madelinefashion.pl/sk/kurtki-i-plaszcze/plaszcze/">kabáty </a>. Zoznámte sa s ponukou a nájdite si ideálny model pre vás.</p>
<p>–</p>
<h3 style="text-align: center;">Rozmery:</h3>
<p style="text-align: center;"><strong>S/36<br />
</strong>Šírka od pazuchy po pazuchu: 42 cm<br />
Šírka v spodnej časti: 46 cm<br />
Dĺžka rukáva od ramena: 62 cm<br />
Dĺžka rukáva od podpazušia: 44 cm<br />
Celková dĺžka: 62 cm</p>
<p style="text-align: center;"><strong>M/38<br />
</strong>Šírka od pazuchy po pazuchu: 44 cm<br />
Šírka v spodnej časti: 48 cm<br />
Dĺžka rukáva od ramena: 64 cm<br />
Dĺžka rukáva od podpazušia: 46 cm<br />
Celková dĺžka: 63 cm<br />
<strong><br />
L/40</strong><br />
Šírka od pazuchy po pazuchu: 47 cm<br />
Šírka v spodnej časti: 50 cm<br />
Dĺžka rukáva od ramena: 64 cm<br />
Dĺžka rukáva od podpazušia: 46 cm<br />
Celková dĺžka: 65 cm</p>
<p>&nbsp;</p>
<p style="text-align: center;"><strong>XL/42</strong><br />
Šírka od pazuchy po pazuchu: 49 cm<br />
Šírka v spodnej časti: 52 cm<br />
Dĺžka rukáva od ramena: 65 cm<br />
Dĺžka rukáva od podpazušia: 47 cm<br />
Celková dĺžka: 68 cm</p>
<p style="text-align: center;"><strong>XXL/44</strong><br />
Šírka od pazuchy po pazuchu: 52 cm<br />
Šírka v spodnej časti: 55 cm<br />
Dĺžka rukáva od ramena: 66 cm<br />
Dĺžka rukáva od podpazušia: 48 cm<br />
Celková dĺžka: 71 cm</p>
<p>&nbsp;</p>
<p style="text-align: center;">Rozmery sa môžu mierne líšiť od uvedených +/- 2cm. <strong>Všetky uvedené rozmery sú merané plošne - rozmer x2 </strong></p>
<p style="text-align: center;"><strong><span style="font-size: 10pt;"> </span></strong></p>
<div class="tabs tabs-bb clear mb-80">
<div class="tab-content">
<div id="tab-description" class="tab-pane fade in woocommerce-Tabs-panel--description active">
<p style="text-align: center;"> Model má <strong>165</strong> cm vysoký, bežne nosí veľkosť S</p>
</div>
</div>
</div>

<p>Kurtka Pikowana Slim Classic Szara Kurtka Pikowana Slim Classic Szara to nasza propozycja na nadchodzącą wiosnę oraz chłodniejsze letnie dni. Można ją wykorzystać w każdej stylizacji, zarówno do klasycznych jeansów, białego t-shirtu na codzienne wyjścia. Jest to zdecydowany must have w każdej garderobie! Kurtka dopasowan pikowana posiada zamek błyskawiczny oraz dwie kieszonki zamykane na zamek. Kurtka</p>
<div class="klb-readmore post-buttons"><a class="button black outline size-sm" href="https://madelinefashion.pl/sk/kurtka-pikowana-slim-classic-szara/">Čítať ďalej <i class="klbth-icon-right-arrow"></i></a></div>

pracovný list
