{"id":108735,"date":"2023-11-06T15:57:16","date_gmt":"2023-11-06T14:57:16","guid":{"rendered":"https:\/\/madelinefashion.pl\/?post_type=product&#038;p=108735"},"modified":"2026-01-20T10:33:19","modified_gmt":"2026-01-20T09:33:19","slug":"bluza-plus-size-supelkowa-z-bukli-oversize-czarna","status":"publish","type":"product","link":"https:\/\/madelinefashion.pl\/sk\/bluza-plus-size-supelkowa-z-bukli-oversize-czarna\/","title":{"rendered":"\u010cierna mikina s uzl\u00edkom Bukla pre v\u00e4\u010d\u0161ie ve\u013ekosti"},"content":{"rendered":"<h3 style=\"text-align: center;\">\u010cierna mikina s uzl\u00edkom Bukla pre v\u00e4\u010d\u0161ie ve\u013ekosti<\/h3>\n<p style=\"text-align: center;\"><strong>Mikina Plus Size Knot s Bouquet Oversize Burgundy <\/strong>, skvele posl\u00fa\u017ei aj ako mikina na jarn\u00e9 a jesenn\u00e9 dni. Ve\u013emi pr\u00edjemn\u00e9 na dotyk, vyroben\u00e9 z jemn\u00e9ho materi\u00e1lu. Univerz\u00e1lny vo\u013en\u00fd strih, skvel\u00fd pre ka\u017ed\u00fa postavu a styling. Mikina sa zap\u00edna na zips, m\u00e1 dve vreck\u00e1 a kapuc\u0148u. <strong>Po\u013esk\u00fd v\u00fdrobok<\/strong>ve\u013emi dobr\u00e1 kvalita materi\u00e1lu. Mikina so zap\u00ednan\u00edm na zips sa odpor\u00fa\u010da aj pre d\u00e1my v <strong>Plusov\u00e1 velkos\u0165. Model je dostupn\u00fd vo viacer\u00fdch farb\u00e1ch! Odpor\u00fa\u010dan\u00e9 pre \u017eeny vo ve\u013ekosti ML XL XXL XXXL XXXXL\u00a0<\/strong><\/p>\n<h3 style=\"text-align: center;\">\u00a0 \u00a0 \u00a0 \u00a0Rozmery<\/h3>\n<ul>\n<li style=\"list-style-type: none;\">\n<ul>\n<li style=\"text-align: center;\">celkov\u00e1 d\u013a\u017eka: 99 cm<\/li>\n<li style=\"text-align: center;\">\u0161\u00edrka od pazuchy po pazuchu: 80 cm x2<\/li>\n<li style=\"text-align: center;\">\u0161\u00edrka p\u00e1sa: 71 cm x 2<\/li>\n<li style=\"text-align: center;\">\u0161\u00edrka dole 71 cm x2<\/li>\n<li style=\"text-align: center;\">d\u013a\u017eka ruk\u00e1va od ramena: 60 cm<\/li>\n<li style=\"text-align: center;\">d\u013a\u017eka ruk\u00e1va od pazuchy: 40 cm<\/li>\n<li style=\"text-align: center;\">odpor\u00fa\u010dan\u00e1 max <strong>obvod<\/strong> v prsiach: 150 cm<\/li>\n<\/ul>\n<\/li>\n<\/ul>\n<p style=\"text-align: center;\">Rozmery sa m\u00f4\u017eu mierne l\u00ed\u0161i\u0165 od uveden\u00fdch +\/- 2cm. V\u0161etky uveden\u00e9 rozmery s\u00fa meran\u00e9 plo\u0161ne. <strong>rozmer x2<\/strong><\/p>\n<h3 style=\"text-align: center;\">Charakteristika:<\/h3>\n<ul>\n<li style=\"text-align: center;\">vo\u013en\u00fd<\/li>\n<li style=\"text-align: center;\">zap\u00edna sa na plastov\u00fd zips<\/li>\n<li style=\"text-align: center;\">oversized fit<\/li>\n<li style=\"text-align: center;\">jednopl\u00e1\u0161\u0165ov\u00e9<\/li>\n<li style=\"text-align: center;\">bez pod\u0161\u00edvky<\/li>\n<li style=\"text-align: center;\">asymetrick\u00e9<\/li>\n<li style=\"text-align: center;\">vreck\u00e1<\/li>\n<li style=\"text-align: center;\">kapuc\u0148a<\/li>\n<li style=\"text-align: center;\">vyroben\u00e9 v Po\u013esku<br \/>\nPlusov\u00e1 velkos\u0165<\/li>\n<\/ul>\n<table>\n<tbody>\n<tr>\n<td width=\"302\">Meno modela<\/td>\n<td width=\"302\">Mikina Plus Size Knot s kyticou<\/td>\n<\/tr>\n<tr>\n<td width=\"302\">Farba<\/td>\n<td width=\"302\">\u010dierna<\/td>\n<\/tr>\n<tr>\n<td width=\"302\">ve\u013ekosti<\/td>\n<td width=\"302\">Univerz\u00e1lny<\/td>\n<\/tr>\n<tr>\n<td width=\"302\">M\u00f3da<\/td>\n<td width=\"302\">nadrozmern\u00e9<\/td>\n<\/tr>\n<tr>\n<td width=\"302\">Materi\u00e1l<\/td>\n<td width=\"302\">95% Bavlna 5% Polyester<\/td>\n<\/tr>\n<\/tbody>\n<\/table>\n<p>&nbsp;<\/p>\n<div class=\"tabs tabs-bb clear mb-80\">\n<div class=\"tab-content\">\n<div id=\"tab-description\" class=\"tab-pane fade in woocommerce-Tabs-panel--description active\">\n<p style=\"text-align: center;\">Model m\u00e1\u00a0<strong>169<\/strong>\u00a0cm vysok\u00fd, nos\u00ed ve\u013ekos\u0165 ka\u017ed\u00fd de\u0148\u00a0<strong>S<\/strong><\/p>\n<p style=\"text-align: center;\">\u0160\u00edrka hrudn\u00edka 91 cm<\/p>\n<p style=\"text-align: center;\">\u0160\u00edrka p\u00e1su 71 cm<\/p>\n<p style=\"text-align: center;\">\u0160\u00edrka bokov 96 cm<\/p>\n<p style=\"text-align: center;\">\n<\/div>\n<\/div>\n<\/div>\n<section class=\"up-sells upsells products mb-80\"><\/section>\n<p style=\"text-align: center;\">","protected":false},"excerpt":{"rendered":"<p>Bluza Plus Size Supe\u0142kowa z Bukli Oversize Czarna Bluza Plus Size Supe\u0142kowa z Bukli Oversize Bordowa , \u015bwietnie sprawdzi si\u0119 r\u00f3wnie\u017c jako bluza na wiosenne i jesienne dni. Bardzo mi\u0142a w dotyku, wykonana z delikatnego materia\u0142u. Uniwersalny\u00a0 lu\u017any fason, \u015bwietny dla ka\u017cdej sylwetki i stylizacji. Bluza zapinana na zamek, posiada dwie kieszonki i kaptur. Produkt<\/p>\n<div class=\"klb-readmore post-buttons\"><a class=\"button black outline size-sm\" href=\"https:\/\/madelinefashion.pl\/sk\/bluza-plus-size-supelkowa-z-bukli-oversize-czarna\/\">\u010c\u00edta\u0165 \u010falej <i class=\"klbth-icon-right-arrow\"><\/i><\/a><\/div>","protected":false},"featured_media":585524,"template":"","meta":[],"product_brand":[],"product_cat":[255,118,102],"product_tag":[385],"class_list":{"0":"post-108735","1":"product","2":"type-product","3":"status-publish","4":"has-post-thumbnail","6":"product_cat-bluzy","7":"product_cat-plaszcze","8":"product_cat-plaszcze-plus-size","9":"product_tag-plus-size","11":"first","12":"instock","13":"sale","14":"purchasable","15":"product-type-simple"},"_links":{"self":[{"href":"https:\/\/madelinefashion.pl\/sk\/wp-json\/wp\/v2\/product\/108735","targetHints":{"allow":["GET"]}}],"collection":[{"href":"https:\/\/madelinefashion.pl\/sk\/wp-json\/wp\/v2\/product"}],"about":[{"href":"https:\/\/madelinefashion.pl\/sk\/wp-json\/wp\/v2\/types\/product"}],"wp:featuredmedia":[{"embeddable":true,"href":"https:\/\/madelinefashion.pl\/sk\/wp-json\/wp\/v2\/media\/585524"}],"wp:attachment":[{"href":"https:\/\/madelinefashion.pl\/sk\/wp-json\/wp\/v2\/media?parent=108735"}],"wp:term":[{"taxonomy":"product_brand","embeddable":true,"href":"https:\/\/madelinefashion.pl\/sk\/wp-json\/wp\/v2\/product_brand?post=108735"},{"taxonomy":"product_cat","embeddable":true,"href":"https:\/\/madelinefashion.pl\/sk\/wp-json\/wp\/v2\/product_cat?post=108735"},{"taxonomy":"product_tag","embeddable":true,"href":"https:\/\/madelinefashion.pl\/sk\/wp-json\/wp\/v2\/product_tag?post=108735"}],"curies":[{"name":"pracovn\u00fd list","href":"https:\/\/api.w.org\/{rel}","templated":true}]}}

Čierna mikina s uzlíkom Bukla pre väčšie veľkosti

<h3 style="text-align: center;">Čierna mikina s uzlíkom Bukla pre väčšie veľkosti</h3>
<p style="text-align: center;"><strong>Mikina Plus Size Knot s Bouquet Oversize Burgundy </strong>, skvele poslúži aj ako mikina na jarné a jesenné dni. Veľmi príjemné na dotyk, vyrobené z jemného materiálu. Univerzálny voľný strih, skvelý pre každú postavu a styling. Mikina sa zapína na zips, má dve vrecká a kapucňu. <strong>Poľský výrobok</strong>veľmi dobrá kvalita materiálu. Mikina so zapínaním na zips sa odporúča aj pre dámy v <strong>Plusová velkosť. Model je dostupný vo viacerých farbách! Odporúčané pre ženy vo veľkosti ML XL XXL XXXL XXXXL </strong></p>
<h3 style="text-align: center;">       Rozmery</h3>
<ul>
<li style="list-style-type: none;">
<ul>
<li style="text-align: center;">celková dĺžka: 99 cm</li>
<li style="text-align: center;">šírka od pazuchy po pazuchu: 80 cm x2</li>
<li style="text-align: center;">šírka pása: 71 cm x 2</li>
<li style="text-align: center;">šírka dole 71 cm x2</li>
<li style="text-align: center;">dĺžka rukáva od ramena: 60 cm</li>
<li style="text-align: center;">dĺžka rukáva od pazuchy: 40 cm</li>
<li style="text-align: center;">odporúčaná max <strong>obvod</strong> v prsiach: 150 cm</li>
</ul>
</li>
</ul>
<p style="text-align: center;">Rozmery sa môžu mierne líšiť od uvedených +/- 2cm. Všetky uvedené rozmery sú merané plošne. <strong>rozmer x2</strong></p>
<h3 style="text-align: center;">Charakteristika:</h3>
<ul>
<li style="text-align: center;">voľný</li>
<li style="text-align: center;">zapína sa na plastový zips</li>
<li style="text-align: center;">oversized fit</li>
<li style="text-align: center;">jednoplášťové</li>
<li style="text-align: center;">bez podšívky</li>
<li style="text-align: center;">asymetrické</li>
<li style="text-align: center;">vrecká</li>
<li style="text-align: center;">kapucňa</li>
<li style="text-align: center;">vyrobené v Poľsku<br />
Plusová velkosť</li>
</ul>
<table>
<tbody>
<tr>
<td width="302">Meno modela</td>
<td width="302">Mikina Plus Size Knot s kyticou</td>
</tr>
<tr>
<td width="302">Farba</td>
<td width="302">čierna</td>
</tr>
<tr>
<td width="302">veľkosti</td>
<td width="302">Univerzálny</td>
</tr>
<tr>
<td width="302">Móda</td>
<td width="302">nadrozmerné</td>
</tr>
<tr>
<td width="302">Materiál</td>
<td width="302">95% Bavlna 5% Polyester</td>
</tr>
</tbody>
</table>
<p>&nbsp;</p>
<div class="tabs tabs-bb clear mb-80">
<div class="tab-content">
<div id="tab-description" class="tab-pane fade in woocommerce-Tabs-panel--description active">
<p style="text-align: center;">Model má <strong>169</strong> cm vysoký, nosí veľkosť každý deň <strong>S</strong></p>
<p style="text-align: center;">Šírka hrudníka 91 cm</p>
<p style="text-align: center;">Šírka pásu 71 cm</p>
<p style="text-align: center;">Šírka bokov 96 cm</p>
<p style="text-align: center;">
</div>
</div>
</div>
<section class="up-sells upsells products mb-80"></section>
<p style="text-align: center;">

<p>Bluza Plus Size Supełkowa z Bukli Oversize Czarna Bluza Plus Size Supełkowa z Bukli Oversize Bordowa , świetnie sprawdzi się również jako bluza na wiosenne i jesienne dni. Bardzo miła w dotyku, wykonana z delikatnego materiału. Uniwersalny  luźny fason, świetny dla każdej sylwetki i stylizacji. Bluza zapinana na zamek, posiada dwie kieszonki i kaptur. Produkt</p>
<div class="klb-readmore post-buttons"><a class="button black outline size-sm" href="https://madelinefashion.pl/sk/bluza-plus-size-supelkowa-z-bukli-oversize-czarna/">Čítať ďalej <i class="klbth-icon-right-arrow"></i></a></div>

pracovný list
